000
CXUS51 KALY 010815
CLMALB
CLIMATE REPORT
NATIONAL WEATHER SERVICE ALBANY NY
415 AM EDT SUN OCT 01 2023
...................................
...THE ALBANY NY CLIMATE SUMMARY FOR THE MONTH OF SEPTEMBER 2023...
CLIMATE NORMAL PERIOD: 1991 TO 2020
CLIMATE RECORD PERIOD: 1874 TO 2023
WEATHER OBSERVED NORMAL DEPART LAST YEAR`S
VALUE DATE(S) VALUE FROM VALUE DATE(S)
NORMAL
................................................................
TEMPERATURE (F)
RECORD
HIGH 100 09/03/1953
09/02/1953
LOW 24 09/28/1947
09/27/1947
HIGHEST 93 09/06 87 09/04
09/07
LOWEST 45 09/27 39 09/30
09/28
AVG. MAXIMUM 75.8 74.4 1.4 73.5
AVG. MINIMUM 56.8 52.6 4.2 54.3
MEAN 66.3 63.5 2.8 63.9
DAYS MAX >= 90 3 0.6 2.4 0
DAYS MAX <= 32 0 0.0 0.0 0
DAYS MIN <= 32 0 0.2 -0.2 0
DAYS MIN <= 0 0 0.0 0.0 0
PRECIPITATION (INCHES)
RECORD
MAXIMUM 11.06 1999
MINIMUM 0.40 1964
TOTALS 3.97 3.73 0.24 5.45
DAILY AVG. 0.13 0.18
DAYS >= .01 14 9.7 4.3 11
DAYS >= .10 8 6.3 1.7 7
DAYS >= .50 4 2.4 1.6 4
DAYS >= 1.00 1 0.9 0.1 2
GREATEST
24 HR. TOTAL 1.36 09/10 TO 09/11
DEGREE DAYS
HEATING TOTAL 78 115 -37 90
SINCE 7/1 80 128 -48 MM
COOLING TOTAL 124 70 54 64
SINCE 1/1 818 714 104 MM
................................................................
WIND (MPH)
AVERAGE WIND SPEED 4.3
HIGHEST WIND SPEED/DIRECTION 28/280 DATE 09/19
HIGHEST GUST SPEED/DIRECTION 37/280 DATE 09/19
SKY COVER
AVERAGE SKY COVER 0.62
AVERAGE RH (PERCENT) 72
WEATHER CONDITIONS. NUMBER OF DAYS WITH
THUNDERSTORM 2 MIXED PRECIP 0
HEAVY RAIN 3 RAIN 4
LIGHT RAIN 16 FREEZING RAIN 0
LT FREEZING RAIN 0 HAIL 0
HEAVY SNOW 0 SNOW 0
LIGHT SNOW 0 SLEET 0
FOG 21 FOG W/VIS <= 1/4 MILE 4
HAZE 2
- INDICATES NEGATIVE NUMBERS.
R INDICATES RECORD WAS SET OR TIED.
MM INDICATES DATA IS MISSING.
T INDICATES TRACE AMOUNT.
$$