000
CXUS51 KALY 011134
CLMALB


CLIMATE REPORT
NATIONAL WEATHER SERVICE ALBANY NY
730 AM EDT SAT NOV 1 2014

...................................

...THE ALBANY NY CLIMATE SUMMARY FOR THE MONTH OF OCTOBER 2014...

CLIMATE NORMAL PERIOD 1981 TO 2010
CLIMATE RECORD PERIOD 1874 TO 2014

WEATHER         OBSERVED          NORMAL  DEPART  LAST YEAR`S
                 VALUE   DATE(S)  VALUE   FROM    VALUE  DATE(S)
                                          NORMAL
................................................................
TEMPERATURE (F)
RECORD
 HIGH              91   10/05/1941
 LOW               16   10/24/1969
HIGHEST            79   10/15        62      17       78  10/01
LOWEST             31   10/31        39      -8       28  10/29
                        10/20
AVG. MAXIMUM     62.9              59.8     3.1     62.8
AVG. MINIMUM     45.1              39.6     5.5     42.4
MEAN             54.0              49.7     4.3     52.6
DAYS MAX >= 90      0               0.0     0.0        0
DAYS MAX <= 32      0               0.0     0.0        0
DAYS MIN <= 32      3               6.2    -3.2        6
DAYS MIN <= 0       0               0.0     0.0        0

PRECIPITATION (INCHES)
RECORD
 MAXIMUM        13.48   1869
 MINIMUM         0.09   1924
TOTALS           4.22              3.68    0.54     2.29
DAILY AVG.       0.14              0.12    0.02     0.07
DAYS >= .01        14              10.4     3.6        9
DAYS >= .10         9               6.2     2.8        5
DAYS >= .50         3               2.5     0.5        2
DAYS >= 1.00        1               0.8     0.2        0
GREATEST
 24 HR. TOTAL    1.41   10/23 TO 10/23

SNOWFALL (INCHES)
RECORDS
 TOTAL            6.5   1987
 24 HR TOTAL      6.5   10/04/1987 TO 10/04/1987
 SNOW DEPTH         4   10/30/2011
                        10/29/2011
TOTALS            0.0                 T     0.0      0.0
SINCE 7/1         0.0                 T     0.0      0.0
SNOWDEPTH AVG.      0
DAYS >= TRACE       0               0.1    -0.1        0
DAYS >= 1.0         0               0.0     0.0        0
GREATEST
 SNOW DEPTH         0   MM                             0  MM
 24 HR TOTAL      0.0   10/31 TO 10/31

DEGREE_DAYS
HEATING TOTAL     350               478    -128      375
 SINCE 7/1        480               645    -165      547
COOLING TOTAL      18                 4      14        0
 SINCE 1/1        659               598      61      763

FREEZE DATES
RECORD
 EARLIEST     09/24/1963
 LATEST       05/27/1969
EARLIEST      10/12             10/10
LATEST                          04/28
.................................................................

WIND (MPH)
AVERAGE WIND SPEED              7.3
HIGHEST WIND SPEED/DIRECTION    29/290    DATE  10/19
HIGHEST GUST SPEED/DIRECTION    35/280    DATE  10/19

SKY COVER
AVERAGE SKY COVER           0.70

AVERAGE RH (PERCENT)     70

WEATHER CONDITIONS. NUMBER OF DAYS WITH
THUNDERSTORM              2     MIXED PRECIP               0
HEAVY RAIN                3     RAIN                       5
LIGHT RAIN               18     FREEZING RAIN              0
LT FREEZING RAIN          0     HAIL                       1
HEAVY SNOW                0     SNOW                       0
LIGHT SNOW                0     SLEET                      0
FOG                      16     FOG W/VIS <= 1/4 MILE      1
HAZE                      1

-  INDICATES NEGATIVE NUMBERS.
R  INDICATES RECORD WAS SET OR TIED.
MM INDICATES DATA IS MISSING.
T  INDICATES TRACE AMOUNT.

$$
