000
CXUS51 KALY 010825
CLMALB


CLIMATE REPORT
NATIONAL WEATHER SERVICE ALBANY NY
423 AM EDT TUE APR 1 2014

...................................

...THE ALBANY NY CLIMATE SUMMARY FOR THE MONTH OF MARCH 2014...

CLIMATE NORMAL PERIOD 1981 TO 2010
CLIMATE RECORD PERIOD 1874 TO 2014

WEATHER         OBSERVED          NORMAL  DEPART  LAST YEAR`S
                 VALUE   DATE(S)  VALUE   FROM    VALUE  DATE(S)
                                          NORMAL
................................................................
TEMPERATURE (F)
RECORD
 HIGH              89   03/31/1998
 LOW              -21   03/06/1948
HIGHEST            53   03/29        44       9       56  03/31
LOWEST              1   03/04        25     -24       11  03/21
                        03/01
AVG. MAXIMUM     37.0              44.4    -7.4     42.0
AVG. MINIMUM     18.5              25.7    -7.2     25.6
MEAN             27.7              35.0    -7.3     33.8
DAYS MAX >= 90      0               0.0     0.0        0
DAYS MAX <= 32     10               3.5     6.5        2
DAYS MIN <= 32     27              22.9     4.1       27
DAYS MIN <= 0       0               0.3    -0.3        0

PRECIPITATION (INCHES)
RECORD
 MAXIMUM         7.37   1843
 MINIMUM         0.09   1915
TOTALS           2.72              3.21   -0.49     2.49
DAILY AVG.       0.09              0.10   -0.01     0.08
DAYS >= .01         7              12.1    -5.1       10
DAYS >= .10         5               6.5    -1.5        6
DAYS >= .50         3               2.2     0.8        3
DAYS >= 1.00        0               0.6    -0.6        0
GREATEST
 24 HR. TOTAL    0.66   03/30 TO 03/30

SNOWFALL (INCHES)
RECORDS
 TOTAL           50.9   1888
 24 HR TOTAL     30.4   03/12/1888 TO 03/12/1888
 SNOW DEPTH        28   03/14/1993
TOTALS            5.9              10.2    -4.3     19.5
SINCE 7/1        71.1              56.7    14.4     50.2
SNOWDEPTH AVG.      1
DAYS >= TRACE      18               5.6    12.4       19
DAYS >= 1.0         1               2.5    -1.5        4
GREATEST
 SNOW DEPTH         5   03/13                          6  03/20
                                                          03/09
                                                          03/08
 24 HR TOTAL      4.8   03/13 TO 03/13

DEGREE_DAYS
HEATING TOTAL    1147               929     218      959
 SINCE 7/1       6264              5873     391     5497
COOLING TOTAL       0                 0       0        0
 SINCE 1/1          0                 0       0        0

FREEZE DATES
RECORD
 EARLIEST     09/24/1963
 LATEST       05/27/1969
EARLIEST      03/01             10/10
LATEST                          04/28
.................................................................

WIND (MPH)
AVERAGE WIND SPEED              9.8
HIGHEST WIND SPEED/DIRECTION    33/290    DATE  03/26
HIGHEST GUST SPEED/DIRECTION    46/310    DATE  03/26

SKY COVER
AVERAGE SKY COVER           0.60

AVERAGE RH (PERCENT)     59

WEATHER CONDITIONS. NUMBER OF DAYS WITH
THUNDERSTORM              0     MIXED PRECIP               0
HEAVY RAIN                0     RAIN                       5
LIGHT RAIN                6     FREEZING RAIN              0
LT FREEZING RAIN          1     HAIL                       0
HEAVY SNOW                0     SNOW                       1
LIGHT SNOW               16     SLEET                      4
FOG                      10     FOG W/VIS <= 1/4 MILE      0
HAZE                      4

-  INDICATES NEGATIVE NUMBERS.
R  INDICATES RECORD WAS SET OR TIED.
MM INDICATES DATA IS MISSING.
T  INDICATES TRACE AMOUNT.

$$
