000
CXUS51 KALY 120847 CCA
CLMALB

CLIMATE REPORT...CORRECTED
NATIONAL WEATHER SERVICE ALBANY NY
418 AM EDT THU AUG 1 2013

...................................

...THE ALBANY NY CLIMATE SUMMARY FOR THE MONTH OF JULY 2013...

CLIMATE NORMAL PERIOD 1981 TO 2010
CLIMATE RECORD PERIOD 1874 TO 2013

WEATHER         OBSERVED          NORMAL  DEPART  LAST YEAR`S
                 VALUE   DATE(S)  VALUE   FROM    VALUE  DATE(S)
                                          NORMAL
................................................................
TEMPERATURE (F)
RECORD
 HIGH             104   07/04/1911
 LOW               40   07/02/1978
HIGHEST            96   07/19        84      12       98  07/17
LOWEST             53   07/25        60      -7       53  07/10
AVG. MAXIMUM     85.0              82.3     2.7     85.5
AVG. MINIMUM     66.8              61.4     5.4     64.1
MEAN             75.9              71.8     4.1     74.8
DAYS MAX >= 90      9               3.6     5.4        5
DAYS MAX <= 32      0               0.0     0.0        0
DAYS MIN <= 32      0               0.0     0.0        0
DAYS MIN <= 0       0               0.0     0.0        0

PRECIPITATION (INCHES)
RECORD
 MAXIMUM         9.91   2009
 MINIMUM         0.49   1968
TOTALS           5.39              4.12    1.27     4.41
DAILY AVG.       0.17              0.13    0.04     0.14
DAYS >= .01         9              10.8    -1.8       11
DAYS >= .10         7               6.9     0.1        9
DAYS >= .50         5               2.7     2.3        5
DAYS >= 1.00        1               1.0     0.0        1
GREATEST
 24 HR. TOTAL    1.40   07/08 TO 07/08

DEGREE_DAYS
HEATING TOTAL       2                 5      -3        0
 SINCE 7/1          2                 5      -3        0
COOLING TOTAL     351               218     133      310
 SINCE 1/1        543               366     177      521
.................................................................

WIND (MPH)
AVERAGE WIND SPEED              5.3
HIGHEST WIND SPEED/DIRECTION    24/300    DATE  07/19
HIGHEST GUST SPEED/DIRECTION    38/310    DATE  07/19

SKY COVER
AVERAGE SKY COVER           0.60

AVERAGE RH (PERCENT)     70

WEATHER CONDITIONS. NUMBER OF DAYS WITH
THUNDERSTORM              5     MIXED PRECIP               0
HEAVY RAIN                6     RAIN                       5
LIGHT RAIN               16     FREEZING RAIN              0
LT FREEZING RAIN          0     HAIL                       0
HEAVY SNOW                0     SNOW                       0
LIGHT SNOW                0     SLEET                      0
FOG                      18     FOG W/VIS <= 1/4 MILE      2
HAZE                      6

-  INDICATES NEGATIVE NUMBERS.
R  INDICATES RECORD WAS SET OR TIED.
MM INDICATES DATA IS MISSING.
T  INDICATES TRACE AMOUNT.

$$
