000
CXUS51 KALY 010943
CLMALB


CLIMATE REPORT
NATIONAL WEATHER SERVICE ALBANY NY
539 AM EDT MON JUL 1 2013

...................................

...THE ALBANY NY CLIMATE SUMMARY FOR THE MONTH OF JUNE 2013...

CLIMATE NORMAL PERIOD 1981 TO 2010
CLIMATE RECORD PERIOD 1874 TO 2013

WEATHER         OBSERVED          NORMAL  DEPART  LAST YEAR`S
                 VALUE   DATE(S)  VALUE   FROM    VALUE  DATE(S)
                                          NORMAL
................................................................
TEMPERATURE (F)
RECORD
 HIGH             100   06/09/1933
 LOW               36   06/11/1980
                        06/10/1975
                        06/03/1964
HIGHEST            92   06/24        79      13       94  06/21
                                                          06/20
LOWEST             46   06/05        55      -9       46  06/07
AVG. MAXIMUM     77.2              77.9    -0.7     78.0
AVG. MINIMUM     58.0              56.5     1.5     57.1
MEAN             67.6              67.2     0.4     67.5
DAYS MAX >= 90      4               1.5     2.5        4
DAYS MAX <= 32      0               0.0     0.0        0
DAYS MIN <= 32      0               0.0     0.0        0
DAYS MIN <= 0       0               0.0     0.0        0

PRECIPITATION (INCHES)
RECORD
 MAXIMUM         8.74   2006
 MINIMUM         0.65   1964
TOTALS           8.68              3.79    4.89     2.15
DAILY AVG.       0.29              0.13    0.16     0.07
DAYS >= .01        14              12.2     1.8       12
DAYS >= .10        13               7.6     5.4        5
DAYS >= .50         8               2.6     5.4        2
DAYS >= 1.00        2               0.8     1.2        0
GREATEST
 24 HR. TOTAL    1.94   06/27 TO 06/28

DEGREE_DAYS
HEATING TOTAL      55                52       3       47
 SINCE 7/1       6316              6680    -364     5339
COOLING TOTAL     143               118      25      133
 SINCE 1/1        192               148      44      211
.................................................................

WIND (MPH)
AVERAGE WIND SPEED              5.7
HIGHEST WIND SPEED/DIRECTION    39/280    DATE  06/17
HIGHEST GUST SPEED/DIRECTION    52/280    DATE  06/17

SKY COVER
AVERAGE SKY COVER           0.60

AVERAGE RH (PERCENT)     71

WEATHER CONDITIONS. NUMBER OF DAYS WITH
THUNDERSTORM              9     MIXED PRECIP               0
HEAVY RAIN                3     RAIN                       9
LIGHT RAIN               17     FREEZING RAIN              0
LT FREEZING RAIN          0     HAIL                       0
HEAVY SNOW                0     SNOW                       0
LIGHT SNOW                0     SLEET                      0
FOG                      13     FOG W/VIS <= 1/4 MILE      0
HAZE                      3

-  INDICATES NEGATIVE NUMBERS.
R  INDICATES RECORD WAS SET OR TIED.
MM INDICATES DATA IS MISSING.
T  INDICATES TRACE AMOUNT.

$$
