000
CXUS51 KALY 010757
CLMALB


CLIMATE REPORT
NATIONAL WEATHER SERVICE ALBANY NY
354 AM EDT THU OCT 1 2015

...................................

...THE ALBANY NY CLIMATE SUMMARY FOR THE MONTH OF SEPTEMBER 2015...

CLIMATE NORMAL PERIOD 1981 TO 2010
CLIMATE RECORD PERIOD 1874 TO 2015

WEATHER         OBSERVED          NORMAL  DEPART  LAST YEAR`S
                 VALUE   DATE(S)  VALUE   FROM    VALUE  DATE(S)
                                          NORMAL
................................................................
TEMPERATURE (F)
RECORD
 HIGH             100   09/03/1953
                        09/02/1953
 LOW               24   09/28/1947
                        09/27/1947
HIGHEST            94   09/08        73      21       89  09/05
LOWEST             43   09/27        49      -6       40  09/23
AVG. MAXIMUM     79.9              72.2     7.7     74.7
AVG. MINIMUM     57.2              51.6     5.6     51.7
MEAN             68.6              61.9     6.7     63.2
DAYS MAX >= 90      3               0.2     2.8        0
DAYS MAX <= 32      0               0.0     0.0        0
DAYS MIN <= 32      0               0.2    -0.2        0
DAYS MIN <= 0       0               0.0     0.0        0

PRECIPITATION (INCHES)
RECORD
 MAXIMUM        11.06   1999
 MINIMUM         0.40   1964
TOTALS           6.89              3.30    3.59     0.89
DAILY AVG.       0.23              0.11    0.12     0.03
DAYS >= .01        10               9.8     0.2        6
DAYS >= .10         7               6.2     0.8        3
DAYS >= .50         4               2.0     2.0        0
DAYS >= 1.00        3               0.8     2.2        0
GREATEST
 24 HR. TOTAL    3.79   09/29 TO 09/30

DEGREE_DAYS
HEATING TOTAL      43               144    -101      122
 SINCE 7/1         44               167    -123      130
COOLING TOTAL     158                51     107       74
 SINCE 1/1        906               594     312      641

FREEZE DATES
RECORD
 EARLIEST     09/24/1963
 LATEST       05/27/1969
EARLIEST                        10/10
LATEST                          04/28
.................................................................

WIND (MPH)
AVERAGE WIND SPEED              5.0
HIGHEST WIND SPEED/DIRECTION    31/340    DATE  09/03
HIGHEST GUST SPEED/DIRECTION    43/290    DATE  09/03

SKY COVER
AVERAGE SKY COVER           0.50

AVERAGE RH (PERCENT)     67

WEATHER CONDITIONS. NUMBER OF DAYS WITH
THUNDERSTORM              1     MIXED PRECIP               0
HEAVY RAIN                2     RAIN                       5
LIGHT RAIN               11     FREEZING RAIN              0
LT FREEZING RAIN          0     HAIL                       1
HEAVY SNOW                0     SNOW                       0
LIGHT SNOW                0     SLEET                      0
FOG                      19     FOG W/VIS <= 1/4 MILE      1
HAZE                      3

-  INDICATES NEGATIVE NUMBERS.
R  INDICATES RECORD WAS SET OR TIED.
MM INDICATES DATA IS MISSING.
T  INDICATES TRACE AMOUNT.

$$
