000
CXUS51 KALY 010917
CLMALB


CLIMATE REPORT
NATIONAL WEATHER SERVICE ALBANY NY
514 AM EDT WED JUL 1 2015

...................................

...THE ALBANY NY CLIMATE SUMMARY FOR THE MONTH OF JUNE 2015...

CLIMATE NORMAL PERIOD 1981 TO 2010
CLIMATE RECORD PERIOD 1874 TO 2015

WEATHER         OBSERVED          NORMAL  DEPART  LAST YEAR`S
                 VALUE   DATE(S)  VALUE   FROM    VALUE  DATE(S)
                                          NORMAL
................................................................
TEMPERATURE (F)
RECORD
 HIGH             100   06/09/1933
 LOW               36   06/11/1980
                        06/10/1975
                        06/03/1964
HIGHEST            89   06/23        79      10       90  06/17
LOWEST             40   06/07        55     -15       46  06/01
AVG. MAXIMUM     76.4              77.9    -1.5     79.7
AVG. MINIMUM     57.2              56.5     0.7     58.9
MEAN             66.8              67.2    -0.4     69.3
DAYS MAX >= 90      0               1.5    -1.5        1
DAYS MAX <= 32      0               0.0     0.0        0
DAYS MIN <= 32      0               0.0     0.0        0
DAYS MIN <= 0       0               0.0     0.0        0

PRECIPITATION (INCHES)
RECORD
 MAXIMUM         8.74   2006
 MINIMUM         0.65   1964
TOTALS           6.70              3.79    2.91     4.77
DAILY AVG.       0.22              0.13    0.09     0.16
DAYS >= .01        19              12.2     6.8       10
DAYS >= .10        11               7.6     3.4        6
DAYS >= .50         6               2.6     3.4        3
DAYS >= 1.00        1               0.8     0.2        2
GREATEST
 24 HR. TOTAL    1.63   06/12 TO 06/13

DEGREE_DAYS
HEATING TOTAL      51                52      -1       12
 SINCE 7/1       6873              6680     193     6978
COOLING TOTAL     111               118      -7      148
 SINCE 1/1        234               148      86      183

FREEZE DATES
RECORD
 EARLIEST     09/24/1963
 LATEST       05/27/1969
EARLIEST      02/01             10/10
LATEST        04/25             04/28
.................................................................

WIND (MPH)
AVERAGE WIND SPEED              7.3
HIGHEST WIND SPEED/DIRECTION    32/330    DATE  06/12
HIGHEST GUST SPEED/DIRECTION    41/330    DATE  06/12

SKY COVER
AVERAGE SKY COVER           0.80

AVERAGE RH (PERCENT)     68

WEATHER CONDITIONS. NUMBER OF DAYS WITH
THUNDERSTORM              5     MIXED PRECIP               0
HEAVY RAIN                7     RAIN                       8
LIGHT RAIN               23     FREEZING RAIN              0
LT FREEZING RAIN          0     HAIL                       0
HEAVY SNOW                0     SNOW                       0
LIGHT SNOW                0     SLEET                      0
FOG                      17     FOG W/VIS <= 1/4 MILE      0
HAZE                      3

-  INDICATES NEGATIVE NUMBERS.
R  INDICATES RECORD WAS SET OR TIED.
MM INDICATES DATA IS MISSING.
T  INDICATES TRACE AMOUNT.

$$
