000
CXUS51 KALY 010725
CLMALB


CLIMATE REPORT
NATIONAL WEATHER SERVICE ALBANY NY
325 AM EDT TUE SEP 1 2015

...................................

...THE ALBANY NY CLIMATE SUMMARY FOR THE MONTH OF AUGUST 2015...

CLIMATE NORMAL PERIOD 1981 TO 2010
CLIMATE RECORD PERIOD 1874 TO 2015

WEATHER         OBSERVED          NORMAL  DEPART  LAST YEAR`S
                 VALUE   DATE(S)  VALUE   FROM    VALUE  DATE(S)
                                          NORMAL
................................................................
TEMPERATURE (F)
RECORD
 HIGH             102   08/07/1918
 LOW               34   08/29/1982
HIGHEST            92   08/17        81      11       86  08/26
                                                          08/11
                                                          08/05
LOWEST             53   08/29        58      -5       49  08/29
AVG. MAXIMUM     83.9              80.4     3.5     79.3
AVG. MINIMUM     62.3              59.9     2.4     59.3
MEAN             73.1              70.1     3.0     69.3
DAYS MAX >= 90      3               1.4     1.6        0
DAYS MAX <= 32      0               0.0     0.0        0
DAYS MIN <= 32      0               0.0     0.0        0
DAYS MIN <= 0       0               0.0     0.0        0

PRECIPITATION (INCHES)
RECORD
 MAXIMUM        10.59   1871
 MINIMUM         0.53   1876
TOTALS           4.30              3.46    0.84     1.58
DAILY AVG.       0.14              0.11    0.03     0.05
DAYS >= .01         7              10.7    -3.7       10
DAYS >= .10         6               6.8    -0.8        4
DAYS >= .50         3               2.3     0.7        0
DAYS >= 1.00        1               0.7     0.3        0
GREATEST
 24 HR. TOTAL    1.84   08/11 TO 08/11

DEGREE_DAYS
HEATING TOTAL       0                18     -18        8
 SINCE 7/1          1                23     -22        8
COOLING TOTAL     259               177      82      147
 SINCE 1/1        748               543     205      567

FREEZE DATES
RECORD
 EARLIEST     09/24/1963
 LATEST       05/27/1969
EARLIEST                        10/10
LATEST                          04/28
.................................................................

WIND (MPH)
AVERAGE WIND SPEED              5.8
HIGHEST WIND SPEED/DIRECTION    30/260    DATE  08/15
HIGHEST GUST SPEED/DIRECTION    43/270    DATE  08/15

SKY COVER
AVERAGE SKY COVER           0.60

AVERAGE RH (PERCENT)     66

WEATHER CONDITIONS. NUMBER OF DAYS WITH
THUNDERSTORM              0     MIXED PRECIP               0
HEAVY RAIN                5     RAIN                       4
LIGHT RAIN               11     FREEZING RAIN              0
LT FREEZING RAIN          0     HAIL                       0
HEAVY SNOW                0     SNOW                       0
LIGHT SNOW                0     SLEET                      0
FOG                      14     FOG W/VIS <= 1/4 MILE      1
HAZE                      1

-  INDICATES NEGATIVE NUMBERS.
R  INDICATES RECORD WAS SET OR TIED.
MM INDICATES DATA IS MISSING.
T  INDICATES TRACE AMOUNT.

$$
