000
CXUS51 KALY 011013
CLMALB


CLIMATE REPORT
NATIONAL WEATHER SERVICE ALBANY NY
509 AM EST SAT FEB 1 2014

...................................

...THE ALBANY NY CLIMATE SUMMARY FOR THE MONTH OF JANUARY 2014...

CLIMATE NORMAL PERIOD 1981 TO 2010
CLIMATE RECORD PERIOD 1874 TO 2014

WEATHER         OBSERVED          NORMAL  DEPART  LAST YEAR`S
                 VALUE   DATE(S)  VALUE   FROM    VALUE  DATE(S)
                                          NORMAL
................................................................
TEMPERATURE (F)
RECORD
 HIGH              71   01/06/2007
                        01/13/1932
 LOW              -28   01/19/1971
HIGHEST            56   01/11        30      26       56  01/30
LOWEST            -12   01/04        11     -23       -5  01/03
AVG. MAXIMUM     28.9              30.6    -1.7     34.1
AVG. MINIMUM     10.6              14.5    -3.9     16.8
MEAN             19.7              22.6    -2.9     25.5
DAYS MAX >= 90      0               0.0     0.0        0
DAYS MAX <= 32     17              16.5     0.5       12
DAYS MIN <= 32     28              28.6    -0.6       27
DAYS MIN <= 0       6               4.5     1.5        3

PRECIPITATION (INCHES)
RECORD
 MAXIMUM         7.30   1836
 MINIMUM         0.08   1860
TOTALS           2.31              2.59   -0.28     1.46
DAILY AVG.       0.07              0.08   -0.01     0.05
DAYS >= .01        14              12.8     1.2        9
DAYS >= .10         5               5.7    -0.7        6
DAYS >= .50         1               1.9    -0.9        0
DAYS >= 1.00        0               0.3    -0.3        0
GREATEST
 24 HR. TOTAL    0.62   01/02 TO 01/03

SNOWFALL (INCHES)
RECORDS
 TOTAL           47.8   1987
 24 HR TOTAL     21.2   01/15/1983 TO 01/16/1983
 SNOW DEPTH        36   01/01/1970
TOTALS           15.0              17.6    -2.6      6.2
SINCE 7/1        37.1              34.1     3.0     19.6
SNOWDEPTH AVG.      2
DAYS >= TRACE      18              10.3     7.7       19
DAYS >= 1.0         5               4.2     0.8        2
GREATEST
 SNOW DEPTH         9   01/04                          6  01/03
                        01/03                             01/02
                                                          01/01
 24 HR TOTAL      7.1   MM

DEGREE_DAYS
HEATING TOTAL    1393              1316      77     1214
 SINCE 7/1       3917              3851      66     3476
COOLING TOTAL       0                 0       0        0
 SINCE 1/1          0                 0       0        0

FREEZE DATES
RECORD
 EARLIEST     09/24/1963
 LATEST       05/27/1969
EARLIEST                        10/10
LATEST                          04/28
.................................................................

WIND (MPH)
AVERAGE WIND SPEED              8.6
HIGHEST WIND SPEED/DIRECTION    35/290    DATE  01/26
HIGHEST GUST SPEED/DIRECTION    45/290    DATE  01/26

SKY COVER
AVERAGE SKY COVER           0.70

AVERAGE RH (PERCENT)     64

WEATHER CONDITIONS. NUMBER OF DAYS WITH
THUNDERSTORM              0     MIXED PRECIP               0
HEAVY RAIN                1     RAIN                       3
LIGHT RAIN                6     FREEZING RAIN              0
LT FREEZING RAIN          1     HAIL                       0
HEAVY SNOW                0     SNOW                       2
LIGHT SNOW               18     SLEET                      1
FOG                      14     FOG W/VIS <= 1/4 MILE      1
HAZE                      3

-  INDICATES NEGATIVE NUMBERS.
R  INDICATES RECORD WAS SET OR TIED.
MM INDICATES DATA IS MISSING.
T  INDICATES TRACE AMOUNT.

$$
