000
CXUS51 KALY 010813
CLMALB


CLIMATE REPORT
NATIONAL WEATHER SERVICE ALBANY NY
408 AM EDT TUE NOV 1 2016

...................................

...THE ALBANY NY CLIMATE SUMMARY FOR THE MONTH OF OCTOBER 2016...

CLIMATE NORMAL PERIOD 1981 TO 2010
CLIMATE RECORD PERIOD 1874 TO 2016

WEATHER         OBSERVED          NORMAL  DEPART  LAST YEAR`S
                 VALUE   DATE(S)  VALUE   FROM    VALUE  DATE(S)
                                          NORMAL
................................................................
TEMPERATURE (F)
RECORD
 HIGH              91   10/05/1941
 LOW               16   10/24/1969
HIGHEST            84   10/18        62      22       75  10/12
LOWEST             28   10/15        39     -11       23  10/19
AVG. MAXIMUM     61.8              59.8     2.0     59.8
AVG. MINIMUM     43.0              39.6     3.4     39.7
MEAN             52.4              49.7     2.7     49.8
DAYS MAX >= 90      0               0.0     0.0        0
DAYS MAX <= 32      0               0.0     0.0        0
DAYS MIN <= 32      3               6.2    -3.2        7
DAYS MIN <= 0       0               0.0     0.0        0

PRECIPITATION (INCHES)
RECORD
 MAXIMUM        13.48   1869
 MINIMUM         0.09   1924
TOTALS           2.90              3.68   -0.78     3.20
DAILY AVG.       0.09              0.12   -0.03     0.10
DAYS >= .01        11              10.4     0.6       10
DAYS >= .10         4               6.2    -2.2        4
DAYS >= .50         3               2.5     0.5        3
DAYS >= 1.00        1               0.8     0.2        1
GREATEST
 24 HR. TOTAL    1.22   10/21 TO 10/22

SNOWFALL (INCHES)
RECORDS
 TOTAL            6.5   1987
 24 HR TOTAL      6.5   10/04/1987 TO 10/04/1987
 SNOW DEPTH         4   10/30/2011
                        10/29/2011
TOTALS            1.7               0.3     1.4        T
SINCE 7/1         1.7               0.3     1.4        T
SNOWDEPTH AVG.      0
DAYS >= TRACE       1               0.1     0.9        1
DAYS >= 1.0         1               0.0     1.0        0
GREATEST
 SNOW DEPTH         1   10/28                          0  MM
 24 HR TOTAL      1.7   MM

DEGREE_DAYS
HEATING TOTAL     388               478     -90      464
 SINCE 7/1        455               645    -190      508
COOLING TOTAL       6                 4       2        0
 SINCE 1/1        902               598     304      906

FREEZE DATES
RECORD
 EARLIEST     09/24/1963
 LATEST       05/27/1969
EARLIEST      10/15             10/10
LATEST                          04/28
.................................................................

WIND (MPH)
AVERAGE WIND SPEED              7.0
HIGHEST WIND SPEED/DIRECTION    30/300    DATE  10/23
HIGHEST GUST SPEED/DIRECTION    41/290    DATE  10/23

SKY COVER
AVERAGE SKY COVER           0.60

AVERAGE RH (PERCENT)     71

WEATHER CONDITIONS. NUMBER OF DAYS WITH
THUNDERSTORM              1     MIXED PRECIP               0
HEAVY RAIN                0     RAIN                       3
LIGHT RAIN               18     FREEZING RAIN              0
LT FREEZING RAIN          0     HAIL                       0
HEAVY SNOW                0     SNOW                       1
LIGHT SNOW                1     SLEET                      1
FOG                      15     FOG W/VIS <= 1/4 MILE      4
HAZE                      1

-  INDICATES NEGATIVE NUMBERS.
R  INDICATES RECORD WAS SET OR TIED.
MM INDICATES DATA IS MISSING.
T  INDICATES TRACE AMOUNT.

$$
