000
CXUS51 KALY 010915
CLMALB


CLIMATE REPORT
NATIONAL WEATHER SERVICE ALBANY NY
513 AM EDT WED OCT 1 2014

...................................

...THE ALBANY NY CLIMATE SUMMARY FOR THE MONTH OF SEPTEMBER 2014...

CLIMATE NORMAL PERIOD 1981 TO 2010
CLIMATE RECORD PERIOD 1874 TO 2014

WEATHER         OBSERVED          NORMAL  DEPART  LAST YEAR`S
                 VALUE   DATE(S)  VALUE   FROM    VALUE  DATE(S)
                                          NORMAL
................................................................
TEMPERATURE (F)
RECORD
 HIGH             100   09/03/1953
                        09/02/1953
 LOW               24   09/28/1947
                        09/27/1947
HIGHEST            89   09/05        73      16       93  09/11
LOWEST             40   09/23        49      -9       39  09/18
                                                          09/17
AVG. MAXIMUM     74.7              72.2     2.5     72.7
AVG. MINIMUM     51.7              51.6     0.1     49.9
MEAN             63.2              61.9     1.3     61.3
DAYS MAX >= 90      0               0.2    -0.2        1
DAYS MAX <= 32      0               0.0     0.0        0
DAYS MIN <= 32      0               0.2    -0.2        0
DAYS MIN <= 0       0               0.0     0.0        0

PRECIPITATION (INCHES)
RECORD
 MAXIMUM        11.06   1999
 MINIMUM         0.40   1964
TOTALS           0.89              3.30   -2.41     4.81
DAILY AVG.       0.03              0.11   -0.08     0.16
DAYS >= .01         6               9.8    -3.8        9
DAYS >= .10         3               6.2    -3.2        8
DAYS >= .50         0               2.0    -2.0        4
DAYS >= 1.00        0               0.8    -0.8        2
GREATEST
 24 HR. TOTAL    0.46   09/13 TO 09/13
                        09/12 TO 09/13
                        09/13 TO 09/13

DEGREE_DAYS
HEATING TOTAL     122               144     -22      166
 SINCE 7/1        130               167     -37      172
COOLING TOTAL      74                51      23       65
 SINCE 1/1        641               594      47      763

FREEZE DATES
RECORD
 EARLIEST     09/24/1963
 LATEST       05/27/1969
EARLIEST                        10/10
LATEST                          04/28
.................................................................

WIND (MPH)
AVERAGE WIND SPEED              6.0
HIGHEST WIND SPEED/DIRECTION    30/290    DATE  09/22
HIGHEST GUST SPEED/DIRECTION    37/290    DATE  09/22

SKY COVER
AVERAGE SKY COVER           0.50

AVERAGE RH (PERCENT)     69

WEATHER CONDITIONS. NUMBER OF DAYS WITH
THUNDERSTORM              0     MIXED PRECIP               0
HEAVY RAIN                0     RAIN                       2
LIGHT RAIN                9     FREEZING RAIN              0
LT FREEZING RAIN          0     HAIL                       0
HEAVY SNOW                0     SNOW                       0
LIGHT SNOW                0     SLEET                      0
FOG                      17     FOG W/VIS <= 1/4 MILE      4
HAZE                      2

-  INDICATES NEGATIVE NUMBERS.
R  INDICATES RECORD WAS SET OR TIED.
MM INDICATES DATA IS MISSING.
T  INDICATES TRACE AMOUNT.

$$
