000
CXUS51 KALY 010633
CLMALB


CLIMATE REPORT
NATIONAL WEATHER SERVICE ALBANY NY
230 AM EDT FRI JUL 1 2016

...................................

...THE ALBANY NY CLIMATE SUMMARY FOR THE MONTH OF JUNE 2016...

CLIMATE NORMAL PERIOD 1981 TO 2010
CLIMATE RECORD PERIOD 1874 TO 2016

WEATHER         OBSERVED          NORMAL  DEPART  LAST YEAR`S
                 VALUE   DATE(S)  VALUE   FROM    VALUE  DATE(S)
                                          NORMAL
................................................................
TEMPERATURE (F)
RECORD
 HIGH             100   06/09/1933
 LOW               36   06/11/1980
                        06/10/1975
                        06/03/1964
HIGHEST            91   06/20        79      12       89  06/23
                        06/19
LOWEST             45   06/11        55     -10       40  06/07
AVG. MAXIMUM     79.9              77.9     2.0     76.4
AVG. MINIMUM     56.5              56.5     0.0     57.2
MEAN             68.2              67.2     1.0     66.8
DAYS MAX >= 90      3               1.5     1.5        0
DAYS MAX <= 32      0               0.0     0.0        0
DAYS MIN <= 32      0               0.0     0.0        0
DAYS MIN <= 0       0               0.0     0.0        0

PRECIPITATION (INCHES)
RECORD
 MAXIMUM         8.74   2006
 MINIMUM         0.65   1964
TOTALS           2.31              3.79   -1.48     6.70
DAILY AVG.       0.08              0.13   -0.05     0.22
DAYS >= .01         6              12.2    -6.2       19
DAYS >= .10         4               7.6    -3.6       11
DAYS >= .50         1               2.6    -1.6        6
DAYS >= 1.00        1               0.8     0.2        1
GREATEST
 24 HR. TOTAL    1.29   06/05 TO 06/05

DEGREE_DAYS
HEATING TOTAL      38                52     -14       51
 SINCE 7/1       5454              6680   -1226     6873
COOLING TOTAL     143               118      25      111
 SINCE 1/1        218               148      70      234

FREEZE DATES
RECORD
 EARLIEST     09/24/1963
 LATEST       05/27/1969
EARLIEST      02/01             10/10
LATEST        04/21             04/28
.................................................................

WIND (MPH)
AVERAGE WIND SPEED              8.1
HIGHEST WIND SPEED/DIRECTION    31/300    DATE  06/07
HIGHEST GUST SPEED/DIRECTION    42/300    DATE  06/07

SKY COVER
AVERAGE SKY COVER           0.50

AVERAGE RH (PERCENT)     60

WEATHER CONDITIONS. NUMBER OF DAYS WITH
THUNDERSTORM              3     MIXED PRECIP               0
HEAVY RAIN                2     RAIN                       2
LIGHT RAIN               11     FREEZING RAIN              0
LT FREEZING RAIN          0     HAIL                       0
HEAVY SNOW                0     SNOW                       0
LIGHT SNOW                0     SLEET                      0
FOG                      10     FOG W/VIS <= 1/4 MILE      1
HAZE                      1

-  INDICATES NEGATIVE NUMBERS.
R  INDICATES RECORD WAS SET OR TIED.
MM INDICATES DATA IS MISSING.
T  INDICATES TRACE AMOUNT.

$$
