000
CXUS51 KALY 061012 CCA
CLSALB

CLIMATE REPORT...CORRECTED
NATIONAL WEATHER SERVICE ALBANY NY
612 AM EDT THU SEP 6 2012

...................................

...THE PITTSFIELD MA CLIMATE SUMMARY FOR THE SEASON, FROM
6/1/2012 TO 8/31/2012...

CLIMATE NORMAL PERIOD 1981 TO 2010
CLIMATE RECORD PERIOD 9999 TO 9999

WEATHER         OBSERVED          NORMAL  DEPART
                 VALUE   DATE(S)  VALUE   FROM
                                          NORMAL
................................................
TEMPERATURE (F)
HIGHEST            91   07/17
                        06/20
LOWEST             43   06/05
AVG. MAXIMUM     78.8              76.7     2.1
AVG. MINIMUM     56.7              55.0     1.7
MEAN             67.8              65.8     2.0
DAYS MAX >= 90      3               1.1     1.9
DAYS MAX <= 32      0               0.0     0.0
DAYS MIN <= 32      0               0.1    -0.1
DAYS MIN <= 0       0               0.0     0.0

PRECIPITATION (INCHES)
TOTALS           8.82             12.74   -3.92
DAILY AVG.       0.10              0.14   -0.04
DAYS >= .01        32
DAYS >= .10        20
DAYS >= .50         7
DAYS >= 1.00        2

DEGREE_DAYS
HEATING TOTAL     116               179     -63
 SINCE 7/1         24                78     -54
COOLING TOTAL     396               258     138
 SINCE 1/1        440               270     170
.................................................

WIND (MPH)
AVERAGE WIND SPEED              4.5
HIGHEST WIND SPEED/DIRECTION    25/300    DATE  08/17
HIGHEST GUST SPEED/DIRECTION    38/320    DATE  08/17


WEATHER CONDITIONS. NUMBER OF DAYS WITH
THUNDERSTORM             16     MIXED PRECIP               0
HEAVY RAIN                8     RAIN                      20
LIGHT RAIN               40     FREEZING RAIN              0
LT FREEZING RAIN          0     HAIL                       0
HEAVY SNOW                0     SNOW                       0
LIGHT SNOW                0     SLEET                      0
FOG                      72     FOG W/VIS <= 1/4 MILE     23
HAZE                     30

-  INDICATES NEGATIVE NUMBERS.
R  INDICATES RECORD WAS SET OR TIED.
MM INDICATES DATA IS MISSING.
T  INDICATES TRACE AMOUNT.

$$
