000
CXUS51 KALY 061010
CLSALB

CLIMATE REPORT...CORRECTED
NATIONAL WEATHER SERVICE ALBANY NY
609 AM EDT THU SEP 6 2012

...................................

...THE BENNINGTON VT CLIMATE SUMMARY FOR THE SEASON, FROM
3/1/2012 TO 5/31/2012...

CLIMATE NORMAL PERIOD 1981 TO 2010
CLIMATE RECORD PERIOD 9999 TO 9999

WEATHER         OBSERVED          NORMAL  DEPART
                 VALUE   DATE(S)  VALUE   FROM
                                          NORMAL
................................................
TEMPERATURE (F)
HIGHEST            90   05/29
LOWEST              8   03/06
AVG. MAXIMUM     61.7              55.8     5.9
AVG. MINIMUM     38.1              33.4     4.7
MEAN             49.9              44.6     5.3
DAYS MAX >= 90      1               0.3     0.7
DAYS MAX <= 32      1               4.2    -3.2
DAYS MIN <= 32     33              42.5    -9.5
DAYS MIN <= 0       0               0.6    -0.6

PRECIPITATION (INCHES)
TOTALS           9.52             10.08   -0.56
DAILY AVG.       0.10              0.11   -0.01
DAYS >= .01        43
DAYS >= .10        24
DAYS >= .50         6
DAYS >= 1.00        1

DEGREE_DAYS
HEATING TOTAL    1408              1888    -480
 SINCE 7/1       5073              7139   -2066
COOLING TOTAL      48                13      35
 SINCE 1/1         48                14      34
.................................................

WIND (MPH)
AVERAGE WIND SPEED              5.0
HIGHEST WIND SPEED/DIRECTION    32/190    DATE  03/08
HIGHEST GUST SPEED/DIRECTION    48/200    DATE  03/08


WEATHER CONDITIONS. NUMBER OF DAYS WITH
THUNDERSTORM              2     MIXED PRECIP               0
HEAVY RAIN                3     RAIN                      11
LIGHT RAIN               39     FREEZING RAIN              2
LT FREEZING RAIN          2     HAIL                       0
HEAVY SNOW                0     SNOW                       2
LIGHT SNOW                6     SLEET                      0
FOG                      45     FOG W/VIS <= 1/4 MILE      5
HAZE                     11

-  INDICATES NEGATIVE NUMBERS.
R  INDICATES RECORD WAS SET OR TIED.
MM INDICATES DATA IS MISSING.
T  INDICATES TRACE AMOUNT.

$$
