000
CXUS51 KALY 061000 CCA
CLSALB

CLIMATE REPORT...CORRECTED
NATIONAL WEATHER SERVICE ALBANY NY
600 AM EDT THU SEP 6 2012

...................................

...THE ALBANY NY CLIMATE SUMMARY FOR THE SEASON, FROM
3/1/2012 TO 5/31/2012...

CLIMATE NORMAL PERIOD 1981 TO 2010
CLIMATE RECORD PERIOD 1874 TO 2012

WEATHER         OBSERVED          NORMAL  DEPART
                 VALUE   DATE(S)  VALUE   FROM
                                          NORMAL
................................................
TEMPERATURE (F)
RECORD
 HIGH              97   05/22/1911
 LOW              -21   03/06/1948
HIGHEST            91   05/29
                        04/16
LOWEST             13   03/06
AVG. MAXIMUM     62.9              57.4     5.5
AVG. MINIMUM     41.8              36.7     5.1
MEAN             52.3              47.0     5.3
DAYS MAX >= 90      2               0.4     1.6
DAYS MAX <= 32      1               3.7    -2.7
DAYS MIN <= 32     23              31.4    -8.4
DAYS MIN <= 0       0               0.3    -0.3

PRECIPITATION (INCHES)
RECORD
 MAXIMUM        19.54   1983
 MINIMUM         3.46   1860
TOTALS          10.54              9.99    0.55
DAILY AVG.       0.11              0.11    0.00
DAYS >= .01        34              37.1    -3.1
DAYS >= .10        20              21.2    -1.2
DAYS >= .50         8               6.8     1.2
DAYS >= 1.00        3               1.6     1.4

SNOWFALL (INCHES)
TOTALS            5.1              12.6    -7.5
DAYS >= TRACE       8               6.9     1.1
DAYS >= 1.0         1               3.0    -2.0
GREATEST
 24 HR TOTAL      4.8

DEGREE_DAYS
HEATING TOTAL    1213              1684    -471
 SINCE 7/1                         6628
COOLING TOTAL      78                30      48
 SINCE 1/1         78                30      48
.................................................

WIND (MPH)
AVERAGE WIND SPEED              7.9
HIGHEST WIND SPEED/DIRECTION    37/290    DATE  03/08
HIGHEST GUST SPEED/DIRECTION    46/290    DATE  03/08


WEATHER CONDITIONS. NUMBER OF DAYS WITH
THUNDERSTORM              5     MIXED PRECIP               0
HEAVY RAIN                6     RAIN                      16
LIGHT RAIN               50     FREEZING RAIN              0
LT FREEZING RAIN          1     HAIL                       1
HEAVY SNOW                1     SNOW                       4
LIGHT SNOW                6     SLEET                      3
FOG                      37     FOG W/VIS <= 1/4 MILE      1
HAZE                      4

-  INDICATES NEGATIVE NUMBERS.
R  INDICATES RECORD WAS SET OR TIED.
MM INDICATES DATA IS MISSING.
T  INDICATES TRACE AMOUNT.

$$
