000
CXUS51 KALY 021545
CLSALB

CLIMATE REPORT
NATIONAL WEATHER SERVICE ALBANY NY
1044 AM EST WED MAR 2 2011

...................................

...THE ALBANY CLIMATE SUMMARY FOR THE SEASON, FROM
12/1/2010 TO 2/28/2011...

CLIMATE NORMAL PERIOD 1971 TO 2000
CLIMATE RECORD PERIOD 1874 TO 2011

WEATHER         OBSERVED          NORMAL  DEPART
                 VALUE   DATE(S)  VALUE   FROM
                                          NORMAL
................................................
TEMPERATURE (F)
RECORD
 HIGH              71   01/06/2007
                        12/29/1984
                        01/13/1932
 LOW              -28   01/19/1971
HIGHEST            60   02/18
                        12/01
LOWEST            -13   01/24
AVG. MAXIMUM     31.3              33.8    -2.5
AVG. MINIMUM     15.5              16.4    -0.9
MEAN             23.4              25.1    -1.7
DAYS MAX >= 90      0               0.0     0.0
DAYS MAX <= 32     59              39.4    19.6
DAYS MIN <= 32     87              81.7     5.3
DAYS MIN <= 0       6              11.1    -5.1

PRECIPITATION (INCHES)
RECORD
 MAXIMUM        13.45   1870
 MINIMUM         2.25   1980
TOTALS           9.19              7.74    1.45
DAILY AVG.       0.11              0.09    0.02
DAYS >= .01        30              35.1    -5.1
DAYS >= .10        18              17.7     0.3
DAYS >= .50         8               5.4     2.6
DAYS >= 1.00        2               0.9     1.1

SNOWFALL (INCHES)
TOTALS           76.2              43.5    32.7
DAYS >= TRACE      60              25.2    34.8
DAYS >= 1.0        16              11.2     4.8
GREATEST
 24 HR TOTAL     12.8   01/12

DEGREE_DAYS
HEATING TOTAL    3723              3607     116
 SINCE 7/1       5027              5067     -40
COOLING TOTAL       0                 0       0
 SINCE 1/1          0                 0       0
.................................................

WIND (MPH)
AVERAGE WIND SPEED              8.1
HIGHEST WIND SPEED/DIRECTION    40/290    DATE  02/19
HIGHEST GUST SPEED/DIRECTION    53/280    DATE  02/19


WEATHER CONDITIONS. NUMBER OF DAYS WITH
THUNDERSTORM              0     MIXED PRECIP               2
HEAVY RAIN                1     RAIN                       5
LIGHT RAIN                8     FREEZING RAIN              1
LT FREEZING RAIN          7     HAIL                       0
HEAVY SNOW                6     SNOW                      11
LIGHT SNOW               57     SLEET                      4
FOG                      43     FOG W/VIS <= 1/4 MILE      6
HAZE                     18

-  INDICATES NEGATIVE NUMBERS.
R  INDICATES RECORD WAS SET OR TIED.
MM INDICATES DATA IS MISSING.
T  INDICATES TRACE AMOUNT.

$$
