000
CXUS51 KALY 031415
CLSALB

CLIMATE REPORT
NATIONAL WEATHER SERVICE ALBANY NY
914 AM EST WED MAR 3 2010

...THE ALBANY CLIMATE SUMMARY FOR THE SEASON
FROM 12/1/2009 TO 2/28/2010...

CLIMATE NORMAL PERIOD 1971 TO 2000
CLIMATE RECORD PERIOD 1874 TO 2010

WEATHER         OBSERVED          NORMAL  DEPART
                 VALUE   DATE(S)  VALUE   FROM
                                          NORMAL

TEMPERATURE (F)
RECORD
 HIGH              71   01/06/2007
                        12/29/1984
                        01/13/1932
 LOW              -28   01/19/1971
HIGHEST            63   12/03
LOWEST             -2   01/30
AVG. MAXIMUM     32.7              33.8    -1.1
AVG. MINIMUM     20.5              16.4     4.1
MEAN             26.6              25.1     1.5
DAYS MAX >= 90      0               0.0     0.0
DAYS MAX <= 32     42              39.4     2.6
DAYS MIN <= 32     84              81.7     2.3
DAYS MIN <= 0       2              11.1    -9.1

PRECIPITATION (INCHES)
RECORD
 MAXIMUM        13.45   1870
 MINIMUM         2.25   1980
TOTALS           9.33              7.74    1.59
DAILY AVG.       0.11              0.09    0.02
DAYS >= .01        28              35.1    -7.1
DAYS >= .10        16              17.7    -1.7
DAYS >= .50         7               5.4     1.6
DAYS >= 1.00        2               0.9     1.1

SNOWFALL (INCHES)
TOTALS           45.2              43.5     1.7
DAYS >= TRACE      52              25.2    26.8
DAYS >= 1.0        11              11.2    -0.2
GREATEST
 24 HR TOTAL      7.3

DEGREE_DAYS
HEATING TOTAL    3431              3607    -176
 SINCE 7/1       4760              5067    -307
COOLING TOTAL       0                 0       0
 SINCE 1/1          0                 0       0


WIND (MPH)
AVERAGE WIND SPEED              8.7
HIGHEST WIND SPEED/DIRECTION    38/290    DATE  02/18
HIGHEST GUST SPEED/DIRECTION    51/300    DATE  01/02


WEATHER CONDITIONS. NUMBER OF DAYS WITH
THUNDERSTORM              0     MIXED PRECIP               4
HEAVY RAIN                3     RAIN                       8
LIGHT RAIN               18     FREEZING RAIN              1
LT FREEZING RAIN          1     HAIL                       0
HEAVY SNOW                6     SNOW                      14
LIGHT SNOW               51     SLEET                      5
FOG                      41     FOG W/VIS <= 1/4 MILE      6
HAZE                     19

-  INDICATES NEGATIVE NUMBERS.
R  INDICATES RECORD WAS SET OR TIED.
MM INDICATES DATA IS MISSING.
T  INDICATES TRACE AMOUNT.

$$
