000
CXUS51 KALY 011220
CLSALB

CLIMATE REPORT
NATIONAL WEATHER SERVICE ALBANY NY
820 AM EDT TUE SEP 1 2009

...................................

...THE ALBANY CLIMATE SUMMARY FOR THE SEASON, FROM
6/1/2009 TO 8/31/2009...

CLIMATE NORMAL PERIOD 1971 TO 2000
CLIMATE RECORD PERIOD 1874 TO 2009

WEATHER         OBSERVED          NORMAL  DEPART
                 VALUE   DATE(S)  VALUE   FROM
                                          NORMAL
................................................
TEMPERATURE (F)
RECORD
 HIGH             104   07/04/1911
 LOW               34   08/29/1982
HIGHEST            91   08/17
LOWEST             36   06/01
AVG. MAXIMUM     77.5              79.0    -1.5
AVG. MINIMUM     59.4              57.8     1.6
MEAN             68.4              68.8    -0.4
DAYS MAX >= 90      3               9.8    -6.8
DAYS MAX <= 32      0               0.0     0.0
DAYS MIN <= 32      0               0.0     0.0
DAYS MIN <= 0       0               0.0     0.0

PRECIPITATION (INCHES)
RECORD
 MAXIMUM        27.21   1871
 MINIMUM         4.29   1929
TOTALS          18.51             10.92    7.59
DAILY AVG.       0.20              0.12    0.08
DAYS >= .01        42              32.8     9.2
DAYS >= .10        30              20.8     9.2
DAYS >= .50         9               7.2     1.8
DAYS >= 1.00        5               2.3     2.7

DEGREE_DAYS
HEATING TOTAL      65                98     -33
 SINCE 7/1         19                36     -17
COOLING TOTAL     405               465     -60
 SINCE 1/1        434               496     -62
.................................................

WIND (MPH)
AVERAGE WIND SPEED              5.2
HIGHEST WIND SPEED/DIRECTION    32/260    DATE  08/18
HIGHEST GUST SPEED/DIRECTION    39/250    DATE  08/18


WEATHER CONDITIONS. NUMBER OF DAYS WITH
THUNDERSTORM             15     MIXED PRECIP               0
HEAVY RAIN               16     RAIN                      26
LIGHT RAIN               46     FREEZING RAIN              0
LT FREEZING RAIN          0     HAIL                       0
HEAVY SNOW                0     SNOW                       0
LIGHT SNOW                0     SLEET                      0
FOG                      60     FOG W/VIS <= 1/4 MILE     15
HAZE                     20

-  INDICATES NEGATIVE NUMBERS.
R  INDICATES RECORD WAS SET OR TIED.
MM INDICATES DATA IS MISSING.
T  INDICATES TRACE AMOUNT.

....................................................................

CLIMATE INFORMATION FROM THE NATIONAL WEATHER SERVICE FORECAST
OFFICE IN ALBANY NY...LOCATED ON THE CAMPUS OF THE UNIVERSITY AT
ALBANY.


SEASONAL (MAM) PRECIPITATION...18.28

SEASONAL (MAM) SNOWFALL...0.0


ALL SNOWFALL AND SNOW DEPTH MEASUREMENTS FOR THE MAIN CLIMATE
PRODUCT AND THE ADDITIVE SECTION ARE TAKEN AT THE NATIONAL
WEATHER SERVICE FORECAST OFFICE IN ALBANY NY...LOCATED
ON THE UNIVERSITY AT ALBANY CAMPUS IN ALBANY NY.

$$
