000
CXUS51 KALY 031322
CLSALB

CLIMATE REPORT
NATIONAL WEATHER SERVICE ALBANY NY
816 AM EST TUE DEC 3 2013

...................................

...THE ALBANY NY CLIMATE SUMMARY FOR THE SEASON, FROM
9/1/2013 TO 11/30/2013...

CLIMATE NORMAL PERIOD 1981 TO 2010
CLIMATE RECORD PERIOD 1874 TO 2013

WEATHER         OBSERVED          NORMAL  DEPART  LAST YEAR`S
                 VALUE   DATE(S)  VALUE   FROM    VALUE  DATE(S)
                                          NORMAL
................................................................
TEMPERATURE (F)
RECORD
 HIGH             100   09/03/1953
                        09/02/1953
 LOW              -11   11/26/1938
HIGHEST            93   09/11                         86  09/07
LOWEST             11   11/30                         21  11/19
                        11/25                             11/07
                                                          11/18
AVG. MAXIMUM     60.6              60.0     0.6     60.3
AVG. MINIMUM     40.2              40.9    -0.7     42.3
MEAN             50.4              50.5    -0.1     51.3
DAYS MAX >= 90      1               0.2     0.8        0
DAYS MAX <= 32      4               1.2     2.8        0
DAYS MIN <= 32     26              23.4     2.6       23
DAYS MIN <= 0       0               0.0     0.0        0

PRECIPITATION (INCHES)
RECORD
 MAXIMUM        18.39   1869
 MINIMUM         2.39   1964
TOTALS           8.94             10.27   -1.33     9.98
DAILY AVG.       0.10              0.11   -0.01     0.11
DAYS >= .01        30              31.9    -1.9       32
DAYS >= .10        18              19.2    -1.2       12
DAYS >= .50         7               6.9     0.1        6
DAYS >= 1.00        2               2.3    -0.3        2
GREATEST
 24 HR. TOTAL    1.45   09/12 TO 09/13

SNOWFALL (INCHES)
RECORDS
 24 HR TOTAL     21.9   11/24/1971 TO 11/25/1971
 SNOW DEPTH        18   11/18/1971
TOTALS            2.1               2.8    -0.7      0.1
SNOWDEPTH AVG.      0
DAYS >= TRACE       9               2.6     6.4
DAYS >= 1.0         1               0.9     0.1
GREATEST
 SNOW DEPTH         1   11/26                          0
 24 HR TOTAL      1.7   11/26

DEGREE_DAYS
HEATING TOTAL    1364              1381     -17
 SINCE 7/1       1370              1404     -34
COOLING TOTAL      65                55      10
 SINCE 1/1        763               598     165

FREEZE DATES
RECORD
 EARLIEST     09/24/1963
 LATEST       05/27/1969
EARLIEST                        10/10
LATEST                          04/28
.................................................................

WIND (MPH)
AVERAGE WIND SPEED              6.3
HIGHEST WIND SPEED/DIRECTION    33/280    DATE  11/28
HIGHEST GUST SPEED/DIRECTION    45/280    DATE  11/28


WEATHER CONDITIONS. NUMBER OF DAYS WITH
THUNDERSTORM              5     MIXED PRECIP               0
HEAVY RAIN                8     RAIN                      15
LIGHT RAIN               43     FREEZING RAIN              0
LT FREEZING RAIN          0     HAIL                       0
HEAVY SNOW                0     SNOW                       2
LIGHT SNOW                8     SLEET                      1
FOG                      46     FOG W/VIS <= 1/4 MILE      6
HAZE                      4

-  INDICATES NEGATIVE NUMBERS.
R  INDICATES RECORD WAS SET OR TIED.
MM INDICATES DATA IS MISSING.
T  INDICATES TRACE AMOUNT.

$$
