000
CXUS51 KALY 030642
CLSALB

CLIMATE REPORT
NATIONAL WEATHER SERVICE ALBANY NY
135 AM EST SAT DEC 3 2016

...................................

...THE ALBANY NY CLIMATE SUMMARY FOR THE SEASON, FROM
9/1/2016 TO 11/30/2016...

CLIMATE NORMAL PERIOD 1981 TO 2010
CLIMATE RECORD PERIOD 1874 TO 2016

WEATHER         OBSERVED          NORMAL  DEPART  LAST YEAR`S
                 VALUE   DATE(S)  VALUE   FROM    VALUE  DATE(S)
                                          NORMAL
................................................................
TEMPERATURE (F)
RECORD
 HIGH             100   09/03/1953
                        09/02/1953
 LOW              -11   11/26/1938
HIGHEST            89   09/08                         94  09/08
LOWEST             20   11/28                         20  11/24
AVG. MAXIMUM     63.3              60.0     3.3     65.1
AVG. MINIMUM     43.3              40.9     2.4     44.1
MEAN             53.3              50.5     2.8     54.6
DAYS MAX >= 90      0               0.2    -0.2        3
DAYS MAX <= 32      0               1.2    -1.2        0
DAYS MIN <= 32     22              23.4    -1.4       18
DAYS MIN <= 0       0               0.0     0.0        0

PRECIPITATION (INCHES)
RECORD
 MAXIMUM        18.39   1869
 MINIMUM         2.39   1964
TOTALS           8.18             10.27   -2.09    11.84
DAILY AVG.       0.09              0.11   -0.02     0.13
DAYS >= .01        30              31.9    -1.9       27
DAYS >= .10        16              19.2    -3.2       15
DAYS >= .50         7               6.9     0.1        8
DAYS >= 1.00        2               2.3    -0.3        4
GREATEST
 24 HR. TOTAL    1.64   11/15 TO 11/16

SNOWFALL (INCHES)
RECORDS
 24 HR TOTAL     21.9   11/24/1971 TO 11/25/1971
 SNOW DEPTH        18   11/18/1971
TOTALS            2.3               3.1    -0.8        T
SNOWDEPTH AVG.      0
DAYS >= TRACE       5               2.6     2.4
DAYS >= 1.0         1               0.9     0.1
GREATEST
 SNOW DEPTH         1   10/28                          0
 24 HR TOTAL      1.7   10/27 TO 10/27

DEGREE_DAYS
HEATING TOTAL    1155              1381    -226
 SINCE 7/1       1156              1404    -248
COOLING TOTAL     114                55      59
 SINCE 1/1        902               598     304

FREEZE DATES
RECORD
 EARLIEST     09/24/1963
 LATEST       05/27/1969
EARLIEST                        10/10
LATEST                          04/28
.................................................................

WIND (MPH)
AVERAGE WIND SPEED              6.3
HIGHEST WIND SPEED/DIRECTION    32/280    DATE  11/20
HIGHEST GUST SPEED/DIRECTION    42/290    DATE  11/20


WEATHER CONDITIONS. NUMBER OF DAYS WITH
THUNDERSTORM              6     MIXED PRECIP               0
HEAVY RAIN                4     RAIN                      11
LIGHT RAIN               40     FREEZING RAIN              0
LT FREEZING RAIN          0     HAIL                       0
HEAVY SNOW                0     SNOW                       2
LIGHT SNOW                5     SLEET                      3
FOG                      49     FOG W/VIS <= 1/4 MILE     12
HAZE                      3

-  INDICATES NEGATIVE NUMBERS.
R  INDICATES RECORD WAS SET OR TIED.
MM INDICATES DATA IS MISSING.
T  INDICATES TRACE AMOUNT.

$$
