000
CXUS51 KALY 010718
CLSALB

CLIMATE REPORT - SEASONAL
NATIONAL WEATHER SERVICE ALBANY NY
218 AM EST TUE DEC 1 2015

...................................

...THE ALBANY NY CLIMATE SUMMARY FOR THE SEASON, FROM
9/1/2015 TO 11/30/2015...

CLIMATE NORMAL PERIOD 1981 TO 2010
CLIMATE RECORD PERIOD 1874 TO 2015

WEATHER         OBSERVED          NORMAL  DEPART  LAST YEAR`S
                 VALUE   DATE(S)  VALUE   FROM    VALUE  DATE(S)
                                          NORMAL
................................................................
TEMPERATURE (F)
RECORD
 HIGH             100   09/03/1953
                        09/02/1953
 LOW              -11   11/26/1938
HIGHEST            94   09/08                         89  09/05
LOWEST             20   11/24                         15  11/29
                                                          11/22
AVG. MAXIMUM     65.1              60.0     5.1     61.4
AVG. MINIMUM     44.1              40.9     3.2     42.3
MEAN             54.6              50.5     4.1     51.8
DAYS MAX >= 90      3               0.2     2.8        0
DAYS MAX <= 32      0               1.2    -1.2        4
DAYS MIN <= 32     18              23.4    -5.4       20
DAYS MIN <= 0       0               0.0     0.0        0

PRECIPITATION (INCHES)
RECORD
 MAXIMUM        18.39   1869
 MINIMUM         2.39   1964
TOTALS          11.84             10.27    1.57     7.55
DAILY AVG.       0.13              0.11    0.02     0.08
DAYS >= .01        27              31.9    -4.9       31
DAYS >= .10        15              19.2    -4.2       18
DAYS >= .50         8               6.9     1.1        5
DAYS >= 1.00        4               2.3     1.7        1
GREATEST
 24 HR. TOTAL    3.79   09/29 TO 09/30

SNOWFALL (INCHES)
RECORDS
 24 HR TOTAL     21.9   11/24/1971 TO 11/25/1971
 SNOW DEPTH        18   11/18/1971
TOTALS              T               3.1    -3.1     12.3
SNOWDEPTH AVG.      0
DAYS >= TRACE       2               2.6    -0.6
DAYS >= 1.0         0               0.9    -0.9
GREATEST
 SNOW DEPTH         0                                  8  11/27
 24 HR TOTAL      0.0

DEGREE_DAYS
HEATING TOTAL    1082              1381    -299
 SINCE 7/1       1083              1404    -321
COOLING TOTAL     158                55     103
 SINCE 1/1        906               598     308

FREEZE DATES
RECORD
 EARLIEST     09/24/1963
 LATEST       05/27/1969
EARLIEST                        10/10
LATEST                          04/28
.................................................................

WIND (MPH)
AVERAGE WIND SPEED              6.4
HIGHEST WIND SPEED/DIRECTION    35/270    DATE  11/13
HIGHEST GUST SPEED/DIRECTION    45/270    DATE  11/13


WEATHER CONDITIONS. NUMBER OF DAYS WITH
THUNDERSTORM              1     MIXED PRECIP               0
HEAVY RAIN                7     RAIN                      12
LIGHT RAIN               35     FREEZING RAIN              0
LT FREEZING RAIN          0     HAIL                       1
HEAVY SNOW                0     SNOW                       1
LIGHT SNOW                2     SLEET                      0
FOG                      41     FOG W/VIS <= 1/4 MILE      5
HAZE                      4

-  INDICATES NEGATIVE NUMBERS.
R  INDICATES RECORD WAS SET OR TIED.
MM INDICATES DATA IS MISSING.
T  INDICATES TRACE AMOUNT.

$$
