000
CXUS51 KALY 031356
CLSALB

CLIMATE REPORT
NATIONAL WEATHER SERVICE ALBANY NY
852 AM EST MON DEC 3 2012

...................................

...THE ALBANY NY CLIMATE SUMMARY FOR THE SEASON, FROM
9/1/2012 TO 11/30/2012...

CLIMATE NORMAL PERIOD 1981 TO 2010
CLIMATE RECORD PERIOD 1874 TO 2012

WEATHER         OBSERVED          NORMAL  DEPART
                 VALUE   DATE(S)  VALUE   FROM
                                          NORMAL
................................................
TEMPERATURE (F)
RECORD
 HIGH             100   09/03/1953
                        09/02/1953
 LOW              -11   11/26/1938
HIGHEST            86   09/07
LOWEST             21   11/19
                        11/07
                        11/18
AVG. MAXIMUM     60.3              60.0     0.3
AVG. MINIMUM     42.3              40.9     1.4
MEAN             51.3              50.5     0.8
DAYS MAX >= 90      0               0.2    -0.2
DAYS MAX <= 32      0               1.2    -1.2
DAYS MIN <= 32     23              23.4    -0.4
DAYS MIN <= 0       0               0.0     0.0

PRECIPITATION (INCHES)
RECORD
 MAXIMUM        18.39   1869
 MINIMUM         2.39   1964
TOTALS           9.98             10.27   -0.29
DAILY AVG.       0.11              0.11    0.00
DAYS >= .01        32              31.9     0.1
DAYS >= .10        12              19.2    -7.2
DAYS >= .50         6               6.9    -0.9
DAYS >= 1.00        2               2.3    -0.3

SNOWFALL (INCHES)
TOTALS            0.1               2.8    -2.7
DAYS >= TRACE       9               2.6     6.4
DAYS >= 1.0         0               0.9    -0.9
GREATEST
 24 HR TOTAL      0.1

DEGREE_DAYS
HEATING TOTAL    1286              1381     -95
 SINCE 7/1       1288              1404    -116
COOLING TOTAL      60                55       5
 SINCE 1/1        814               598     216
.................................................

WIND (MPH)
AVERAGE WIND SPEED              6.2
HIGHEST WIND SPEED/DIRECTION    33/270    DATE  09/08
HIGHEST GUST SPEED/DIRECTION    43/040    DATE  10/29


WEATHER CONDITIONS. NUMBER OF DAYS WITH
THUNDERSTORM              0     MIXED PRECIP               2
HEAVY RAIN                4     RAIN                       9
LIGHT RAIN               35     FREEZING RAIN              0
LT FREEZING RAIN          1     HAIL                       0
HEAVY SNOW                0     SNOW                       3
LIGHT SNOW               10     SLEET                      2
FOG                      51     FOG W/VIS <= 1/4 MILE     11
HAZE                      8

-  INDICATES NEGATIVE NUMBERS.
R  INDICATES RECORD WAS SET OR TIED.
MM INDICATES DATA IS MISSING.
T  INDICATES TRACE AMOUNT.

$$
