000
CXUS51 KALY 011655
CLSALB

CLIMATE REPORT
NATIONAL WEATHER SERVICE ALBANY NY
1137 AM EST FRI MAR 1 2013

...................................

...THE ALBANY NY CLIMATE SUMMARY FOR THE SEASON, FROM
12/1/2012 TO 2/28/2013...

CLIMATE NORMAL PERIOD 1981 TO 2010
CLIMATE RECORD PERIOD 1874 TO 2013

WEATHER         OBSERVED          NORMAL  DEPART
                 VALUE   DATE(S)  VALUE   FROM
                                          NORMAL
................................................
TEMPERATURE (F)
RECORD
 HIGH              71   01/06/2007
                        12/29/1984
                        01/13/1932
 LOW              -28   01/19/1971
HIGHEST            56   01/30
                        12/04
LOWEST             -5   02/10
                        01/03
AVG. MAXIMUM     36.1              33.6     2.5
AVG. MINIMUM     21.0              17.7     3.3
MEAN             28.5              25.6     2.9
DAYS MAX >= 90      0               0.0     0.0
DAYS MAX <= 32     31              37.9    -6.9
DAYS MIN <= 32     77              80.2    -3.2
DAYS MIN <= 0       4               7.3    -3.3

PRECIPITATION (INCHES)
RECORD
 MAXIMUM        13.45   1870
 MINIMUM         2.25   1980
TOTALS           7.18              7.72   -0.54
DAILY AVG.       0.08              0.09   -0.01
DAYS >= .01        35              35.1    -0.1
DAYS >= .10        20              17.6     2.4
DAYS >= .50         4               5.3    -1.3
DAYS >= 1.00        0               1.0    -1.0

SNOWFALL (INCHES)
TOTALS           30.6              43.7   -13.1
DAYS >= TRACE      54              25.3    28.7
DAYS >= 1.0         8              10.8    -2.8
GREATEST
 24 HR TOTAL      7.8

DEGREE_DAYS
HEATING TOTAL    3250              3541    -291
 SINCE 7/1       4538              4944    -406
COOLING TOTAL       0                 0       0
 SINCE 1/1          0                 0       0
.................................................

WIND (MPH)
AVERAGE WIND SPEED              7.7
HIGHEST WIND SPEED/DIRECTION    38/290    DATE  01/31
HIGHEST GUST SPEED/DIRECTION    52/290    DATE  01/31


WEATHER CONDITIONS. NUMBER OF DAYS WITH
THUNDERSTORM              0     MIXED PRECIP               0
HEAVY RAIN                2     RAIN                       7
LIGHT RAIN               30     FREEZING RAIN              1
LT FREEZING RAIN          5     HAIL                       0
HEAVY SNOW                2     SNOW                      15
LIGHT SNOW               46     SLEET                     10
FOG                      49     FOG W/VIS <= 1/4 MILE      7
HAZE                      9

-  INDICATES NEGATIVE NUMBERS.
R  INDICATES RECORD WAS SET OR TIED.
MM INDICATES DATA IS MISSING.
T  INDICATES TRACE AMOUNT.

$$
