000
CXUS51 KALY 130431
CLSALB
CLIMATE REPORT
NATIONAL WEATHER SERVICE ALBANY NY
1131 PM EST SAT DEC 12 2020
...................................
...THE ALBANY NY CLIMATE SUMMARY FOR THE SEASON, FROM
9/1/2020 TO 11/30/2020...
CLIMATE NORMAL PERIOD: 1981 TO 2010
CLIMATE RECORD PERIOD: 1874 TO 2020
WEATHER OBSERVED NORMAL DEPART LAST YEAR`S
VALUE DATE(S) VALUE FROM VALUE DATE(S)
NORMAL
................................................................
TEMPERATURE (F)
RECORD
HIGH 100 09/03/1953
09/02/1953
LOW -11 11/26/1938
HIGHEST 81 09/08 87 09/22
09/11
LOWEST 16 11/18 14 11/13
11/19
AVG. MAXIMUM 60.2 60.0 0.2 60.9
AVG. MINIMUM 39.8 40.9 -1.1 41.8
MEAN 50.0 50.5 -0.5 51.3
DAYS MAX >= 90 0 0.2 -0.2 0
DAYS MAX <= 32 1 1.2 -0.2 1
DAYS MIN <= 32 23 23.4 -0.4 19
DAYS MIN <= 0 0 0.0 0.0 0
PRECIPITATION (INCHES)
RECORD
MAXIMUM 18.39 1869
MINIMUM 2.39 1964
TOTALS 9.24 10.27 -1.03 12.53
DAILY AVG. 0.10 0.13
DAYS >= .01 26 31.9 -5.9 31
DAYS >= .10 15 19.2 -4.2 20
DAYS >= .50 3 6.9 -3.9 10
DAYS >= 1.00 1 2.3 -1.3 3
GREATEST
24 HR. TOTAL 2.00 09/29 TO 09/30
DEGREE DAYS
HEATING TOTAL 1373 1381 -8 1272
SINCE 7/1 1398 1405 -7 1274
COOLING TOTAL 25 55 -30 51
SINCE 1/1 818 598 220 774
................................................................
WIND (MPH)
AVERAGE WIND SPEED 7.0
HIGHEST WIND SPEED/DIRECTION 67/280 DATE 10/07
HIGHEST GUST SPEED/DIRECTION 67/270 DATE 10/07
WEATHER CONDITIONS. NUMBER OF DAYS WITH
THUNDERSTORM 1 MIXED PRECIP 0
HEAVY RAIN 5 RAIN 12
LIGHT RAIN 40 FREEZING RAIN 0
LT FREEZING RAIN 1 HAIL 0
HEAVY SNOW 0 SNOW 0
LIGHT SNOW 7 SLEET 1
FOG 47 FOG W/VIS <= 1/4 MILE 6
HAZE 2
- INDICATES NEGATIVE NUMBERS.
R INDICATES RECORD WAS SET OR TIED.
MM INDICATES DATA IS MISSING.
T INDICATES TRACE AMOUNT.
$$