000
CXUS51 KALY 010736
CLSALB

ALBCLMALB 000
TTAA00 KALY 010735


CLIMATE REPORT
NATIONAL WEATHER SERVICE ALBANY NY
325 AM EDT MON JUN 1 2015

...................................

...THE ALBANY NY CLIMATE SUMMARY FOR THE SEASON, FROM
3/1/2015 TO 5/31/2015...

CLIMATE NORMAL PERIOD 1981 TO 2010
CLIMATE RECORD PERIOD 1874 TO 2015

WEATHER         OBSERVED          NORMAL  DEPART  LAST YEAR`S
                 VALUE   DATE(S)  VALUE   FROM    VALUE  DATE(S)
                                          NORMAL
................................................................
TEMPERATURE (F)
RECORD
 HIGH              97   05/22/1911
 LOW              -21   03/06/1948
HIGHEST            89   05/08                         87  05/27
LOWEST              0   03/06                          1  03/04
                                                          03/01
AVG. MAXIMUM     58.7              57.4     1.3     55.9
AVG. MINIMUM     36.8              36.7     0.1     34.2
MEAN             47.8              47.0     0.8     45.1
DAYS MAX >= 90      0               0.4    -0.4        0
DAYS MAX <= 32      6               3.7     2.3       10
DAYS MIN <= 32     37              31.4     5.6       41
DAYS MIN <= 0       1               0.3     0.7        0

PRECIPITATION (INCHES)
RECORD
 MAXIMUM        19.54   1983
 MINIMUM         3.46   1860
TOTALS           4.40              9.99   -5.59     7.77
DAILY AVG.       0.05              0.11   -0.06     0.08
DAYS >= .01        27              37.1   -10.1       35
DAYS >= .10        14              21.2    -7.2       20
DAYS >= .50         2               6.8    -4.8        5
DAYS >= 1.00        0               1.6    -1.6        0
GREATEST
 24 HR. TOTAL    0.78   03/26 TO 03/26

SNOWFALL (INCHES)
RECORDS
 24 HR TOTAL     30.4   03/12/1888 TO 03/12/1888
 SNOW DEPTH        28   03/28/1993
TOTALS            5.3              12.6    -7.3      8.3
SNOWDEPTH AVG.      1
DAYS >= TRACE      17               6.9    10.1
DAYS >= 1.0         2               3.0    -1.0
GREATEST
 SNOW DEPTH        13   03/02                          5  03/13
 24 HR TOTAL      1.9   03/28 TO 03/28

DEGREE_DAYS
HEATING TOTAL    1692              1684       8
 SINCE 7/1         MM              6628      MM
COOLING TOTAL     123                30      93
 SINCE 1/1        123                30      93

FREEZE DATES
RECORD
 EARLIEST     09/24/1963
 LATEST       05/27/1969
EARLIEST                        10/10
LATEST                          04/28
.................................................................

WIND (MPH)
AVERAGE WIND SPEED              9.0
HIGHEST WIND SPEED/DIRECTION    39/290    DATE  03/02
HIGHEST GUST SPEED/DIRECTION    51/280    DATE  03/02


WEATHER CONDITIONS. NUMBER OF DAYS WITH
THUNDERSTORM              7     MIXED PRECIP               0
HEAVY RAIN                2     RAIN                      11
LIGHT RAIN               34     FREEZING RAIN              0
LT FREEZING RAIN          1     HAIL                       0
HEAVY SNOW                0     SNOW                       1
LIGHT SNOW               12     SLEET                      4
FOG                      30     FOG W/VIS <= 1/4 MILE      3
HAZE                     12

-  INDICATES NEGATIVE NUMBERS.
R  INDICATES RECORD WAS SET OR TIED.
MM INDICATES DATA IS MISSING.
T  INDICATES TRACE AMOUNT.

$$
