000
CXUS51 KALY 061001 CCA
CLSALB

CLIMATE REPORT
NATIONAL WEATHER SERVICE ALBANY NY
601 AM EDT THU SEP 6 2012

...................................

...THE ALBANY NY CLIMATE SUMMARY FOR THE SEASON, FROM
6/1/2012 TO 8/31/2012...

CLIMATE NORMAL PERIOD 1981 TO 2010
CLIMATE RECORD PERIOD 1874 TO 2012

WEATHER         OBSERVED          NORMAL  DEPART
                 VALUE   DATE(S)  VALUE   FROM
                                          NORMAL
................................................
TEMPERATURE (F)
RECORD
 HIGH             104   07/04/1911
 LOW               34   08/29/1982
HIGHEST            98   07/17
LOWEST             46   06/07
AVG. MAXIMUM     82.2              80.2     2.0
AVG. MINIMUM     60.9              59.3     1.6
MEAN             71.5              69.7     1.8
DAYS MAX >= 90     11               6.4     4.6
DAYS MAX <= 32      0               0.0     0.0
DAYS MIN <= 32      0               0.0     0.0
DAYS MIN <= 0       0               0.0     0.0

PRECIPITATION (INCHES)
RECORD
 MAXIMUM        27.21   1871
 MINIMUM         4.29   1929
TOTALS           9.16             11.37   -2.21
DAILY AVG.       0.10              0.12   -0.02
DAYS >= .01        33              33.7    -0.7
DAYS >= .10        19              21.3    -2.3
DAYS >= .50        10               7.6     2.4
DAYS >= 1.00        1               2.5    -1.5

DEGREE_DAYS
HEATING TOTAL      49                75     -26
 SINCE 7/1          2                23     -21
COOLING TOTAL     676               512     164
 SINCE 1/1        754               543     211
.................................................

WIND (MPH)
AVERAGE WIND SPEED              5.5
HIGHEST WIND SPEED/DIRECTION    28/270    DATE  06/25
HIGHEST GUST SPEED/DIRECTION    40/230    DATE  07/24


WEATHER CONDITIONS. NUMBER OF DAYS WITH
THUNDERSTORM             17     MIXED PRECIP               0
HEAVY RAIN                8     RAIN                      13
LIGHT RAIN               40     FREEZING RAIN              0
LT FREEZING RAIN          0     HAIL                       0
HEAVY SNOW                0     SNOW                       0
LIGHT SNOW                0     SLEET                      0
FOG                      49     FOG W/VIS <= 1/4 MILE      7
HAZE                      8

-  INDICATES NEGATIVE NUMBERS.
R  INDICATES RECORD WAS SET OR TIED.
MM INDICATES DATA IS MISSING.
T  INDICATES TRACE AMOUNT.

$$
