000
CXUS51 KALY 010646
CLSALB

CLIMATE REPORT
NATIONAL WEATHER SERVICE ALBANY NY
145 AM EST THU DEC 1 2011

...................................

...THE ALBANY CLIMATE SUMMARY FOR THE SEASON, FROM
9/1/2011 TO 11/30/2011...

CLIMATE NORMAL PERIOD 1981 TO 2010
CLIMATE RECORD PERIOD 1874 TO 2011

WEATHER         OBSERVED          NORMAL  DEPART
                 VALUE   DATE(S)  VALUE   FROM
                                          NORMAL
................................................
TEMPERATURE (F)
RECORD
 HIGH             100   09/03/1953
                        09/02/1953
 LOW              -11   11/26/1938
HIGHEST            83   10/10
                        09/26
                        09/13
LOWEST             22   11/06
AVG. MAXIMUM     63.4              60.0     3.4
AVG. MINIMUM     44.8              40.9     3.9
MEAN             54.1              50.5     3.6
DAYS MAX >= 90      0               0.2    -0.2
DAYS MAX <= 32      0               1.2    -1.2
DAYS MIN <= 32     22              23.4    -1.4
DAYS MIN <= 0       0               0.0     0.0

PRECIPITATION (INCHES)
RECORD
 MAXIMUM        18.39   1869
 MINIMUM         2.39   1964
TOTALS          12.01             10.27    1.74
DAILY AVG.       0.13              0.11    0.02
DAYS >= .01        37              31.9     5.1
DAYS >= .10        24              19.2     4.8
DAYS >= .50         7               6.9     0.1
DAYS >= 1.00        3               2.3     0.7

SNOWFALL (INCHES)
TOTALS            5.4               2.8     2.6
DAYS >= TRACE       7               2.6     4.4
DAYS >= 1.0         2               0.9     1.1
GREATEST
 24 HR TOTAL      3.8   10/29

DEGREE_DAYS
HEATING TOTAL    1055              1381    -326
COOLING TOTAL      87                55      32
.................................................

WIND (MPH)
AVERAGE WIND SPEED              5.6
HIGHEST WIND SPEED/DIRECTION    29/280    DATE  10/15
HIGHEST GUST SPEED/DIRECTION    40/180    DATE  10/20


WEATHER CONDITIONS. NUMBER OF DAYS WITH
THUNDERSTORM              6     MIXED PRECIP               1
HEAVY RAIN               11     RAIN                      14
LIGHT RAIN               42     FREEZING RAIN              1
LT FREEZING RAIN          2     HAIL                       0
HEAVY SNOW                0     SNOW                       2
LIGHT SNOW                4     SLEET                      2
FOG                      58     FOG W/VIS <= 1/4 MILE      6
HAZE                      9

-  INDICATES NEGATIVE NUMBERS.
R  INDICATES RECORD WAS SET OR TIED.
MM INDICATES DATA IS MISSING.
T  INDICATES TRACE AMOUNT.

$$
