000
CXUS51 KALY 011918
CLSALB

CLIMATE REPORT
NATIONAL WEATHER SERVICE ALBANY NY
217 PM EST TUE DEC 1 2009

...................................

...THE ALBANY CLIMATE SUMMARY FOR THE SEASON, FROM
9/1/2009 TO 11/30/2009...

CLIMATE NORMAL PERIOD 1971 TO 2000
CLIMATE RECORD PERIOD 1874 TO 2009

WEATHER         OBSERVED          NORMAL  DEPART
                 VALUE   DATE(S)  VALUE   FROM
                                          NORMAL
................................................
TEMPERATURE (F)
RECORD
 HIGH             100   09/03/1953
                        09/02/1953
 LOW              -11   11/26/1938
HIGHEST            80   09/23
                        09/04
LOWEST             23   11/18
                        11/07
AVG. MAXIMUM     59.8              59.5     0.3
AVG. MINIMUM     41.3              39.8     1.5
MEAN             50.6              49.7     0.9
DAYS MAX >= 90      0               0.3    -0.3
DAYS MAX <= 32      0               1.2    -1.2
DAYS MIN <= 32     23              27.4    -4.4
DAYS MIN <= 0       0               0.0     0.0

PRECIPITATION (INCHES)
RECORD
 MAXIMUM        18.39   1869
 MINIMUM         2.39   1964
TOTALS           8.06              9.85   -1.79
DAILY AVG.       0.09              0.11   -0.02
DAYS >= .01        28              32.0    -4.0
DAYS >= .10        11              19.2    -8.2
DAYS >= .50         5               6.6    -1.6
DAYS >= 1.00        4               2.0     2.0

SNOWFALL (INCHES)
TOTALS              T               5.3    -5.3
DAYS >= TRACE       1               3.0    -2.0
DAYS >= 1.0         0               5.1    -5.1
GREATEST
 24 HR TOTAL      0.0

DEGREE_DAYS
HEATING TOTAL    1310              1424    -114
 SINCE 7/1       1329              1460    -131
COOLING TOTAL      16                48     -32
 SINCE 1/1        450               544     -94
.................................................

WIND (MPH)
AVERAGE WIND SPEED              5.7
HIGHEST WIND SPEED/DIRECTION    38/280    DATE  10/07
HIGHEST GUST SPEED/DIRECTION    54/270    DATE  10/07


WEATHER CONDITIONS. NUMBER OF DAYS WITH
THUNDERSTORM              0     MIXED PRECIP               0
HEAVY RAIN                8     RAIN                      12
LIGHT RAIN               29     FREEZING RAIN              0
LT FREEZING RAIN          0     HAIL                       0
HEAVY SNOW                0     SNOW                       0
LIGHT SNOW                0     SLEET                      0
FOG                      48     FOG W/VIS <= 1/4 MILE     18
HAZE                     18

-  INDICATES NEGATIVE NUMBERS.
R  INDICATES RECORD WAS SET OR TIED.
MM INDICATES DATA IS MISSING.
T  INDICATES TRACE AMOUNT.

....................................................................

CLIMATE INFORMATION FROM THE NATIONAL WEATHER SERVICE FORECAST
OFFICE IN ALBANY NY...LOCATED ON THE CAMPUS OF THE UNIVERSITY AT
ALBANY.


SEASONAL (SON) PRECIPITATION...7.99

SEASONAL (SON) SNOWFALL...TRACE


ALL SNOWFALL AND SNOW DEPTH MEASUREMENTS FOR THE MAIN CLIMATE
PRODUCT AND THE ADDITIVE SECTION ARE TAKEN AT THE NATIONAL
WEATHER SERVICE FORECAST OFFICE IN ALBANY NY...LOCATED
ON THE UNIVERSITY AT ALBANY CAMPUS IN ALBANY NY.

$$
