000
CXUS51 KALY 031555
CLSALB

CLIMATE REPORT
NATIONAL WEATHER SERVICE ALBANY NY
1154 AM EDT FRI SEP 3 2010

...................................

...THE ALBANY CLIMATE SUMMARY FOR THE SEASON, FROM
6/1/2010 TO 8/31/2010...

CLIMATE NORMAL PERIOD 1971 TO 2000
CLIMATE RECORD PERIOD 1874 TO 2010

WEATHER         OBSERVED          NORMAL  DEPART
                 VALUE   DATE(S)  VALUE   FROM
                                          NORMAL
................................................
TEMPERATURE (F)
RECORD
 HIGH             104   07/04/1911
 LOW               34   08/29/1982
HIGHEST            96   07/06
LOWEST             45   06/09
AVG. MAXIMUM     81.6              79.0     2.6
AVG. MINIMUM     61.4              57.8     3.6
MEAN             71.5              68.8     2.7
DAYS MAX >= 90     11               9.8     1.2
DAYS MAX <= 32      0               0.0     0.0
DAYS MIN <= 32      0               0.0     0.0
DAYS MIN <= 0       0               0.0     0.0

PRECIPITATION (INCHES)
RECORD
 MAXIMUM        27.21   1871
 MINIMUM         4.29   1929
TOTALS           9.26             10.92   -1.66
DAILY AVG.       0.10              0.12   -0.02
DAYS >= .01        34              32.8     1.2
DAYS >= .10        19              20.8    -1.8
DAYS >= .50         7               7.2    -0.2
DAYS >= 1.00        2               2.3    -0.3

DEGREE_DAYS
HEATING TOTAL      53                98     -45
 SINCE 7/1         12                36     -24
COOLING TOTAL     676               465     211
 SINCE 1/1        753               496     257
.................................................

WIND (MPH)
AVERAGE WIND SPEED              6.2
HIGHEST WIND SPEED/DIRECTION    35/280    DATE  06/24
HIGHEST GUST SPEED/DIRECTION    44/290    DATE  06/24


WEATHER CONDITIONS. NUMBER OF DAYS WITH
THUNDERSTORM             15     MIXED PRECIP               0
HEAVY RAIN               11     RAIN                      19
LIGHT RAIN               45     FREEZING RAIN              0
LT FREEZING RAIN          0     HAIL                       0
HEAVY SNOW                0     SNOW                       0
LIGHT SNOW                0     SLEET                      0
FOG                      50     FOG W/VIS <= 1/4 MILE      2
HAZE                     21

-  INDICATES NEGATIVE NUMBERS.
R  INDICATES RECORD WAS SET OR TIED.
MM INDICATES DATA IS MISSING.
T  INDICATES TRACE AMOUNT.

$$
