000
CXUS51 KALY 010648
CLSALB
CLIMATE REPORT
NATIONAL WEATHER SERVICE ALBANY NY
248 AM EDT THU JUN 01 2023
...................................
...THE ALBANY NY CLIMATE SUMMARY FOR THE SEASON, FROM
3/1/2023 TO 5/31/2023...
CLIMATE NORMAL PERIOD: 1991 TO 2020
CLIMATE RECORD PERIOD: 1874 TO 2023
WEATHER OBSERVED NORMAL DEPART LAST YEAR`S
VALUE DATE(S) VALUE FROM VALUE DATE(S)
NORMAL
................................................................
TEMPERATURE (F)
RECORD
HIGH 97 05/22/1911
LOW -21 03/06/1948
HIGHEST 90 05/28 92 05/31
LOWEST 20 03/01 6 03/04
03/10
03/31
AVG. MAXIMUM 60.6 58.6 2.0 60.2
AVG. MINIMUM 38.2 37.0 1.2 38.7
MEAN 49.4 47.8 1.6 49.5
DAYS MAX >= 90 1 0.5 0.5 3
DAYS MAX <= 32 0 4.3 -4.3 3
DAYS MIN <= 32 30 33.4 -3.4 26
DAYS MIN <= 0 0 0.3 -0.3 0
PRECIPITATION (INCHES)
RECORD
MAXIMUM 19.54 1983
MINIMUM 3.46 1860
TOTALS 9.64 9.61 0.03 10.20
DAILY AVG. 0.11 0.11
DAYS >= .01 33 36.7 -3.7 38
DAYS >= .10 22 21.3 0.7 22
DAYS >= .50 6 6.6 -0.6 4
DAYS >= 1.00 2 1.5 0.5 2
GREATEST
24 HR. TOTAL 1.94 04/22 TO 04/23
SNOWFALL (INCHES)
RECORDS
24 HR TOTAL 30.4 03/12/1888 TO 03/12/1888
SNOW DEPTH 28 03/28/1993
TOTALS 21.0 13.7 7.3 11.9
SNOWDEPTH AVG. 1
DAYS >= TRACE 13 7.0 6.0
DAYS >= 1.0 4 3.1 0.9
GREATEST
SNOW DEPTH 9 03/04 4 03/01
03/10
03/13
24 HR TOTAL 9.9 03/14 TO 03/14
DEGREE DAYS
HEATING TOTAL 1455 1627 -172 1496
SINCE 7/1 5494 6321 -827 5988
COOLING TOTAL 46 44 2 87
SINCE 1/1 46 43 3 87
................................................................
WIND (MPH)
AVERAGE WIND SPEED 7.7
HIGHEST WIND SPEED/DIRECTION 37/220 DATE 03/29
HIGHEST GUST SPEED/DIRECTION 48/210 DATE 03/29
WEATHER CONDITIONS. NUMBER OF DAYS WITH
THUNDERSTORM 2 MIXED PRECIP 0
HEAVY RAIN 2 RAIN 8
LIGHT RAIN 37 FREEZING RAIN 0
LT FREEZING RAIN 0 HAIL 1
HEAVY SNOW 1 SNOW 4
LIGHT SNOW 13 SLEET 2
FOG 29 FOG W/VIS <= 1/4 MILE 2
HAZE 3
- INDICATES NEGATIVE NUMBERS.
R INDICATES RECORD WAS SET OR TIED.
MM INDICATES DATA IS MISSING.
T INDICATES TRACE AMOUNT.
$$