000
CXUS51 KALY 011945 CCA
CLSALB
CLIMATE REPORT
NATIONAL WEATHER SERVICE ALBANY NY
411 AM EDT THU SEP 01 2022
...................................
...THE ALBANY NY CLIMATE SUMMARY FOR THE SEASON, FROM
6/1/2022 TO 8/31/2022...
CLIMATE NORMAL PERIOD: 1991 TO 2020
CLIMATE RECORD PERIOD: 1874 TO 2022
WEATHER OBSERVED NORMAL DEPART LAST YEAR`S
VALUE DATE(S) VALUE FROM VALUE DATE(S)
NORMAL
................................................................
TEMPERATURE (F)
RECORD
HIGH 104 07/04/1911
LOW 34 08/29/1982
HIGHEST 99 08/04 92 06/29
LOWEST 47 06/05 43 06/01
06/20
AVG. MAXIMUM 84.2 81.8 2.4 78.6
AVG. MINIMUM 61.8 60.1 1.7 59.2
MEAN 73.0 71.0 2.0 68.9
DAYS MAX >= 90 22 8.5 13.5 4
DAYS MAX <= 32 0 0.0 0.0 0
DAYS MIN <= 32 0 0.0 0.0 0
DAYS MIN <= 0 0 0.0 0.0 0
PRECIPITATION (INCHES)
RECORD
MAXIMUM 27.21 1871
MINIMUM 4.29 1929
TOTALS 7.27 12.36 -5.09 15.09
DAILY AVG. 0.08 0.16
DAYS >= .01 27 34.6 -7.6 40
DAYS >= .10 12 22.0 -10.0 32
DAYS >= .50 5 8.3 -3.3 9
DAYS >= 1.00 0 2.8 -2.8 1
GREATEST
24 HR. TOTAL 0.76 08/17 TO 08/17
08/30 TO 08/30
DEGREE DAYS
HEATING TOTAL 18 50 -32 77
SINCE 7/1 0 9 -9 27
COOLING TOTAL 781 601 180 463
SINCE 1/1 868 644 224 497
................................................................
WIND (MPH)
AVERAGE WIND SPEED 6.8
HIGHEST WIND SPEED/DIRECTION 32/250 DATE 07/24
HIGHEST GUST SPEED/DIRECTION 44/260 DATE 07/24
WEATHER CONDITIONS. NUMBER OF DAYS WITH
THUNDERSTORM 15 MIXED PRECIP 0
HEAVY RAIN 6 RAIN 11
LIGHT RAIN 40 FREEZING RAIN 0
LT FREEZING RAIN 0 HAIL 0
HEAVY SNOW 0 SNOW 0
LIGHT SNOW 0 SLEET 0
FOG 20 FOG W/VIS <= 1/4 MILE 1
HAZE 4
- INDICATES NEGATIVE NUMBERS.
R INDICATES RECORD WAS SET OR TIED.
MM INDICATES DATA IS MISSING.
T INDICATES TRACE AMOUNT.
$$