487
CXUS51 KALY 012241
CLSALB

CLIMATE REPORT
NATIONAL WEATHER SERVICE ALBANY NY
633 PM EDT THU SEP 1 2016

...................................

...THE ALBANY NY CLIMATE SUMMARY FOR THE SEASON, FROM
6/1/2016 TO 8/31/2016...

CLIMATE NORMAL PERIOD 1981 TO 2010
CLIMATE RECORD PERIOD 1874 TO 2016

WEATHER         OBSERVED          NORMAL  DEPART  LAST YEAR`S
                 VALUE   DATE(S)  VALUE   FROM    VALUE  DATE(S)
                                          NORMAL
................................................................
TEMPERATURE (F)
RECORD
 HIGH             104   07/04/1911
 LOW               34   08/29/1982
HIGHEST            94   07/22                         95  07/29
LOWEST             45   06/11                         40  06/07
AVG. MAXIMUM     82.9              80.2     2.7     81.3
AVG. MINIMUM     61.1              59.3     1.8     60.6
MEAN             72.0              69.7     2.3     71.0
DAYS MAX >= 90     14               6.4     7.6        6
DAYS MAX <= 32      0               0.0     0.0        0
DAYS MIN <= 32      0               0.0     0.0        0
DAYS MIN <= 0       0               0.0     0.0        0

PRECIPITATION (INCHES)
RECORD
 MAXIMUM        27.21   1871
 MINIMUM         4.29   1929
TOTALS          12.69             11.37    1.32    14.42
DAILY AVG.       0.14              0.12    0.02     0.16
DAYS >= .01        31              33.7    -2.7       34
DAYS >= .10        18              21.3    -3.3       24
DAYS >= .50         8               7.6     0.4       11
DAYS >= 1.00        5               2.5     2.5        3
GREATEST
 24 HR. TOTAL    2.55   07/31 TO 07/31

DEGREE_DAYS
HEATING TOTAL      39                75     -36
 SINCE 7/1          1                23     -22
COOLING TOTAL     713               512     201
 SINCE 1/1        788               543     245

FREEZE DATES
RECORD
 EARLIEST     09/24/1963
 LATEST       05/27/1969
EARLIEST                        10/10
LATEST                          04/28
.................................................................

WIND (MPH)
AVERAGE WIND SPEED              7.0
HIGHEST WIND SPEED/DIRECTION    40/280    DATE  08/12
HIGHEST GUST SPEED/DIRECTION    52/280    DATE  08/12


WEATHER CONDITIONS. NUMBER OF DAYS WITH
THUNDERSTORM             14     MIXED PRECIP               0
HEAVY RAIN               14     RAIN                       9
LIGHT RAIN               38     FREEZING RAIN              0
LT FREEZING RAIN          0     HAIL                       1
HEAVY SNOW                0     SNOW                       0
LIGHT SNOW                0     SLEET                      0
FOG                      38     FOG W/VIS <= 1/4 MILE      2
HAZE                      6

-  INDICATES NEGATIVE NUMBERS.
R  INDICATES RECORD WAS SET OR TIED.
MM INDICATES DATA IS MISSING.
T  INDICATES TRACE AMOUNT.

$$
