000
CXUS51 KALY 021406
CLSALB
CLIMATE REPORT
NATIONAL WEATHER SERVICE ALBANY NY
1006 AM EDT WED JUN 02 2021
...................................
...THE ALBANY NY CLIMATE SUMMARY FOR THE SEASON, FROM
3/1/2021 TO 5/31/2021...
CLIMATE NORMAL PERIOD: 1991 TO 2020
CLIMATE RECORD PERIOD: 1874 TO 2021
WEATHER OBSERVED NORMAL DEPART LAST YEAR`S
VALUE DATE(S) VALUE FROM VALUE DATE(S)
NORMAL
................................................................
TEMPERATURE (F)
RECORD
HIGH 97 05/22/1911
LOW -21 03/06/1948
HIGHEST 87 05/26 90 05/26
LOWEST 9 03/02 17 03/01
AVG. MAXIMUM 57.4 58.6 -1.2 59.7
AVG. MINIMUM 35.1 37.0 -1.9 39.5
MEAN 46.2 47.8 -1.6 49.6
DAYS MAX >= 90 0 0.5 -0.5 1
DAYS MAX <= 32 4 4.3 -0.3 0
DAYS MIN <= 32 34 33.4 0.6 24
DAYS MIN <= 0 0 0.3 -0.3 0
PRECIPITATION (INCHES)
RECORD
MAXIMUM 19.54 1983
MINIMUM 3.46 1860
TOTALS 8.78 9.61 -0.83 7.57
DAILY AVG. 0.10 0.08
DAYS >= .01 29 36.7 -7.7 19
DAYS >= .10 18 21.3 -3.3 13
DAYS >= .50 6 6.6 -0.6 2
DAYS >= 1.00 2 1.5 0.5 0
GREATEST
24 HR. TOTAL 1.61
SNOWFALL (INCHES)
RECORDS
24 HR TOTAL 30.4 03/12/1888 TO 03/12/1888
SNOW DEPTH 28 03/28/1993
TOTALS 1.3 13.7 -12.4 7.4
SNOWDEPTH AVG. T
DAYS >= TRACE 10 7.0 3.0
DAYS >= 1.0 0 3.1 -3.1
GREATEST
SNOW DEPTH 1 03/02 5 03/24
24 HR TOTAL 0.8
DEGREE DAYS
HEATING TOTAL 1731 1627 104 1461
SINCE 7/1 6641 6321 320 MM
COOLING TOTAL 28 44 -16 80
SINCE 1/1 28 43 -15 MM
................................................................
WIND (MPH)
AVERAGE WIND SPEED 8.8
HIGHEST WIND SPEED/DIRECTION 41/270 DATE 03/01
HIGHEST GUST SPEED/DIRECTION 54/250 DATE 03/01
54/280 03/12
WEATHER CONDITIONS. NUMBER OF DAYS WITH
THUNDERSTORM 2 MIXED PRECIP 1
HEAVY RAIN 3 RAIN 7
LIGHT RAIN 35 FREEZING RAIN 0
LT FREEZING RAIN 1 HAIL 1
HEAVY SNOW 1 SNOW 0
LIGHT SNOW 11 SLEET 1
FOG 27 FOG W/VIS <= 1/4 MILE 1
HAZE 4
- INDICATES NEGATIVE NUMBERS.
R INDICATES RECORD WAS SET OR TIED.
MM INDICATES DATA IS MISSING.
T INDICATES TRACE AMOUNT.
$$