000
CXUS51 KALY 011630
CLSALB

ALBCLMALB 000
TTAA00 KALY 011627


CLIMATE REPORT
NATIONAL WEATHER SERVICE ALBANY NY
1128 AM EST FRI DEC 1 2017

...................................

...THE ALBANY NY CLIMATE SUMMARY FOR THE SEASON, FROM
9/1/2017 TO 11/30/2017...

CLIMATE NORMAL PERIOD 1981 TO 2010
CLIMATE RECORD PERIOD 1874 TO 2017

WEATHER         OBSERVED          NORMAL  DEPART  LAST YEAR`S
                 VALUE   DATE(S)  VALUE   FROM    VALUE  DATE(S)
                                          NORMAL
................................................................
TEMPERATURE (F)
RECORD
 HIGH             100   09/03/1953
                        09/02/1953
 LOW              -11   11/26/1938
HIGHEST            91   09/25                         89  09/08
LOWEST             18   11/30                         20  11/28
                        11/11
                        11/28
AVG. MAXIMUM     64.5              60.0     4.5     63.3
AVG. MINIMUM     43.9              40.9     3.0     43.3
MEAN             54.2              50.5     3.7     53.3
DAYS MAX >= 90      3               0.2     2.8        0
DAYS MAX <= 32      0               1.2    -1.2        0
DAYS MIN <= 32     17              23.4    -6.4       22
DAYS MIN <= 0       0               0.0     0.0        0

PRECIPITATION (INCHES)
RECORD
 MAXIMUM        18.39   1869
 MINIMUM         2.39   1964
TOTALS           6.43             10.27   -3.84     8.18
DAILY AVG.       0.07              0.11   -0.04     0.09
DAYS >= .01        29              31.9    -2.9       30
DAYS >= .10        14              19.2    -5.2       16
DAYS >= .50         5               6.9    -1.9        7
DAYS >= 1.00        1               2.3    -1.3        2
GREATEST
 24 HR. TOTAL    1.06   10/29 TO 10/29

SNOWFALL (INCHES)
RECORDS
 24 HR TOTAL     21.9   11/24/1971 TO 11/25/1971
 SNOW DEPTH        18   11/18/1971
TOTALS              T               3.1    -3.1      2.3
SNOWDEPTH AVG.      0
DAYS >= TRACE       5               2.6     2.4
DAYS >= 1.0         0               0.9    -0.9
GREATEST
 SNOW DEPTH         0   MM                             1  10/28
 24 HR TOTAL        T   11/19 TO 11/19
                        11/20 TO 11/20
                        11/27 TO 11/27

DEGREE_DAYS
HEATING TOTAL    1095              1381    -286
 SINCE 7/1       1114              1404    -290
COOLING TOTAL     139                55      84
 SINCE 1/1        714               598     116

FREEZE DATES
RECORD
 EARLIEST     09/24/1963
 LATEST       05/27/1969
EARLIEST                        10/10
LATEST                          04/28
.................................................................

WIND (MPH)
AVERAGE WIND SPEED              6.9
HIGHEST WIND SPEED/DIRECTION    43/290    DATE  11/19
HIGHEST GUST SPEED/DIRECTION    56/280    DATE  11/19


WEATHER CONDITIONS. NUMBER OF DAYS WITH
THUNDERSTORM              4     MIXED PRECIP               0
HEAVY RAIN                3     RAIN                       8
LIGHT RAIN               34     FREEZING RAIN              0
LT FREEZING RAIN          0     HAIL                       0
HEAVY SNOW                0     SNOW                       0
LIGHT SNOW                4     SLEET                      0
FOG                      42     FOG W/VIS <= 1/4 MILE      7
HAZE                      3

-  INDICATES NEGATIVE NUMBERS.
R  INDICATES RECORD WAS SET OR TIED.
MM INDICATES DATA IS MISSING.
T  INDICATES TRACE AMOUNT.

$$
