000
CXUS51 KALY 011439
CLSALB

CLIMATE REPORT
NATIONAL WEATHER SERVICE ALBANY NY
845 AM EST WED MAR 1 2017

...................................

...THE ALBANY NY CLIMATE SUMMARY FOR THE SEASON, FROM
12/1/2016 TO 2/28/2017...

CLIMATE NORMAL PERIOD 1981 TO 2010
CLIMATE RECORD PERIOD 1874 TO 2017

WEATHER         OBSERVED          NORMAL  DEPART  LAST YEAR`S
                 VALUE   DATE(S)  VALUE   FROM    VALUE  DATE(S)
                                          NORMAL
................................................................
TEMPERATURE (F)
RECORD
 HIGH              74   02/24/2017
 LOW              -28   01/19/1971
HIGHEST            74R  02/24                         72  12/24
LOWEST              1   12/16                        -13  02/14
AVG. MAXIMUM     39.2              33.6     5.6     42.0
AVG. MINIMUM     23.6              17.7     5.9     24.8
MEAN             31.4              25.6     5.8     33.4
DAYS MAX >= 90      0               0.0     0.0        0
DAYS MAX <= 32     19              37.9   -18.9       19
DAYS MIN <= 32     72              80.2    -8.2       63
DAYS MIN <= 0       0               7.3    -7.3        3

PRECIPITATION (INCHES)
RECORD
 MAXIMUM        13.45   1870
 MINIMUM         2.25   1980
TOTALS           7.73              7.72    0.01     8.98
DAILY AVG.       0.09              0.09    0.00     0.10
DAYS >= .01        36              35.1     0.9       30
DAYS >= .10        17              17.6    -0.6       17
DAYS >= .50         6               5.3     0.7        4
DAYS >= 1.00        1               1.0     0.0        1
GREATEST
 24 HR. TOTAL    1.40   01/23 TO 01/24

SNOWFALL (INCHES)
RECORDS
 24 HR TOTAL     23.5   02/14/1914 TO 02/14/1914
 SNOW DEPTH        36   01/01/1970
                        12/29/1969
                        12/28/1969
TOTALS           38.9              43.8    -4.9     10.3
SNOWDEPTH AVG.      1
DAYS >= TRACE      54              25.3    28.7
DAYS >= 1.0        11              10.8     0.2
GREATEST
 SNOW DEPTH        11   02/13                          2  02/16
                                                          02/09
                                                          02/10
 24 HR TOTAL     11.2   02/09 TO 02/09

DEGREE_DAYS
HEATING TOTAL    3007              3541    -534
 SINCE 7/1       4163              4944    -781
COOLING TOTAL       0                 0       0
 SINCE 1/1          0                 0       0

FREEZE DATES
RECORD
 EARLIEST     09/24/1963
 LATEST       05/27/1969
EARLIEST                        10/10
LATEST                          04/28
.................................................................

WIND (MPH)
AVERAGE WIND SPEED              8.8
HIGHEST WIND SPEED/DIRECTION    38/280    DATE  02/25
HIGHEST GUST SPEED/DIRECTION    50/180    DATE  01/11


WEATHER CONDITIONS. NUMBER OF DAYS WITH
THUNDERSTORM              1     MIXED PRECIP               1
HEAVY RAIN                2     RAIN                      10
LIGHT RAIN               33     FREEZING RAIN              2
LT FREEZING RAIN          9     HAIL                       0
HEAVY SNOW                2     SNOW                      14
LIGHT SNOW               49     SLEET                     10
FOG                      40     FOG W/VIS <= 1/4 MILE      6
HAZE                      2

-  INDICATES NEGATIVE NUMBERS.
R  INDICATES RECORD WAS SET OR TIED.
MM INDICATES DATA IS MISSING.
T  INDICATES TRACE AMOUNT.

$$
