000
CXUS51 KALY 061007
CLSALB

CLIMATE REPORT...CORRECTED
NATIONAL WEATHER SERVICE ALBANY NY
606 AM EDT THU SEP 6 2012

...................................

...THE POUGHKEEPSIE NY CLIMATE SUMMARY FOR THE SEASON, FROM
3/1/2012 TO 5/31/2012...

CLIMATE NORMAL PERIOD 1981 TO 2010
CLIMATE RECORD PERIOD 1948 TO 2012

WEATHER         OBSERVED          NORMAL  DEPART
                 VALUE   DATE(S)  VALUE   FROM
                                          NORMAL
................................................
TEMPERATURE (F)
HIGHEST            92   05/29
LOWEST             15   03/06
AVG. MAXIMUM     66.0              60.1     5.9
AVG. MINIMUM     42.5              36.1     6.4
MEAN             54.2              48.1     6.1
DAYS MAX >= 90      3               0.7     2.3
DAYS MAX <= 32      0               1.3    -1.3
DAYS MIN <= 32     23              34.2   -11.2
DAYS MIN <= 0       0               0.1    -0.1

PRECIPITATION (INCHES)
TOTALS           7.85             11.76   -3.91
DAILY AVG.       0.09              0.13   -0.04
DAYS >= .01        30              34.0    -4.0
DAYS >= .10        20              21.4    -1.4
DAYS >= .50         3               7.5    -4.5
DAYS >= 1.00        2               2.8    -0.8

DEGREE_DAYS
HEATING TOTAL    1059              1591    -532
 SINCE 7/1       4750              6162   -1412
COOLING TOTAL      95                35      60
 SINCE 1/1         95                36      59
.................................................

WIND (MPH)
AVERAGE WIND SPEED              4.8
HIGHEST WIND SPEED/DIRECTION    28/260    DATE  04/27
HIGHEST GUST SPEED/DIRECTION    77/330    DATE  05/04


WEATHER CONDITIONS. NUMBER OF DAYS WITH
THUNDERSTORM              5     MIXED PRECIP               0
HEAVY RAIN                6     RAIN                      12
LIGHT RAIN               36     FREEZING RAIN              0
LT FREEZING RAIN          0     HAIL                       0
HEAVY SNOW                0     SNOW                       0
LIGHT SNOW                0     SLEET                      0
FOG                      40     FOG W/VIS <= 1/4 MILE      2
HAZE                     10

-  INDICATES NEGATIVE NUMBERS.
R  INDICATES RECORD WAS SET OR TIED.
MM INDICATES DATA IS MISSING.
T  INDICATES TRACE AMOUNT.

$$
