000
CXUS51 KALY 120942
CLSALB

CLIMATE REPORT
NATIONAL WEATHER SERVICE ALBANY NY
541 AM EDT MON SEP 12 2011

...................................

...THE ALBANY CLIMATE SUMMARY FOR THE SEASON, FROM
6/1/2011 TO 8/31/2011...

CLIMATE NORMAL PERIOD 1981 TO 2010
CLIMATE RECORD PERIOD 1874 TO 2011

WEATHER         OBSERVED          NORMAL  DEPART
                 VALUE   DATE(S)  VALUE   FROM
                                          NORMAL
................................................
TEMPERATURE (F)
RECORD
 HIGH             104   07/04/1911
 LOW               34   08/29/1982
HIGHEST            99   07/21
LOWEST             43   06/04
AVG. MAXIMUM     81.4              80.2     1.2
AVG. MINIMUM     61.0              59.3     1.7
MEAN             71.2              69.7     1.5
DAYS MAX >= 90      8               6.4     1.6
DAYS MAX <= 32      0               0.0     0.0
DAYS MIN <= 32      0               0.0     0.0
DAYS MIN <= 0       0               0.0     0.0

PRECIPITATION (INCHES)
RECORD
 MAXIMUM        27.21   1871
 MINIMUM         4.29   1929
TOTALS          18.12             11.37    6.75
DAILY AVG.       0.20              0.12    0.08
DAYS >= .01        35              33.7     1.3
DAYS >= .10        24              21.3     2.7
DAYS >= .50        10               7.6     2.4
DAYS >= 1.00        4               2.5     1.5

DEGREE_DAYS
HEATING TOTAL      31                75     -44
 SINCE 7/1          2                23     -21
COOLING TOTAL     626               512     114
 SINCE 1/1        707               543     164
.................................................

WIND (MPH)
AVERAGE WIND SPEED              5.5
HIGHEST WIND SPEED/DIRECTION    37/270    DATE  08/28
HIGHEST GUST SPEED/DIRECTION    54/010    DATE  08/28


WEATHER CONDITIONS. NUMBER OF DAYS WITH
THUNDERSTORM              0     MIXED PRECIP               0
HEAVY RAIN               14     RAIN                      18
LIGHT RAIN               36     FREEZING RAIN              0
LT FREEZING RAIN          0     HAIL                       1
HEAVY SNOW                0     SNOW                       0
LIGHT SNOW                0     SLEET                      0
FOG                      49     FOG W/VIS <= 1/4 MILE      3
HAZE                     17

-  INDICATES NEGATIVE NUMBERS.
R  INDICATES RECORD WAS SET OR TIED.
MM INDICATES DATA IS MISSING.
T  INDICATES TRACE AMOUNT.

$$
