000
CXUS51 KALY 011307
CLSALB

ALBCLMALB 000
TTAA00 KALY 011306


CLIMATE REPORT
NATIONAL WEATHER SERVICE ALBANY NY
805 AM EST SUN MAR 1 2015

...................................

...THE ALBANY NY CLIMATE SUMMARY FOR THE SEASON, FROM
12/1/2014 TO 2/28/2015...

CLIMATE NORMAL PERIOD 1981 TO 2010
CLIMATE RECORD PERIOD 1874 TO 2015

WEATHER         OBSERVED          NORMAL  DEPART  LAST YEAR`S
                 VALUE   DATE(S)  VALUE   FROM    VALUE  DATE(S)
                                          NORMAL
................................................................
TEMPERATURE (F)
RECORD
 HIGH              71   01/06/2007
                        12/29/1984
                        01/13/1932
 LOW              -28   01/19/1971
HIGHEST            58   12/25                         56  01/11
LOWEST            -12   02/03                        -12  01/04
AVG. MAXIMUM     29.9              33.6    -3.7     31.7
AVG. MINIMUM     13.4              17.7    -4.3     14.5
MEAN             21.7              25.6    -3.9     23.1
DAYS MAX >= 90      0               0.0     0.0        0
DAYS MAX <= 32     53              37.9    15.1       47
DAYS MIN <= 32     80              80.2    -0.2       85
DAYS MIN <= 0      19               7.3    11.7       10

PRECIPITATION (INCHES)
RECORD
 MAXIMUM        13.45   1870
 MINIMUM         2.25   1980
TOTALS           9.69              7.72    1.97     9.17
DAILY AVG.       0.11              0.09    0.02     0.10
DAYS >= .01        38              35.1     2.9       41
DAYS >= .10        19              17.6     1.4       18
DAYS >= .50         8               5.3     2.7        7
DAYS >= 1.00        1               1.0     0.0        1
GREATEST
 24 HR. TOTAL    1.92   MM

SNOWFALL (INCHES)
RECORDS
 24 HR TOTAL     23.5   02/14/1914 TO 02/14/1914
 SNOW DEPTH        36   01/01/1970
                        12/29/1969
                        12/28/1969
TOTALS           58.3              43.7    14.6     63.1
SNOWDEPTH AVG.      5
DAYS >= TRACE      58              25.3    32.7
DAYS >= 1.0        13              10.8     2.2
GREATEST
 SNOW DEPTH        17   02/15                         18  02/14
 24 HR TOTAL     11.9   02/02 TO 02/02

DEGREE_DAYS
HEATING TOTAL    3855              3541     314
 SINCE 7/1         MM              4944      MM
COOLING TOTAL       0                 0       0
 SINCE 1/1          0                 0       0

FREEZE DATES
RECORD
 EARLIEST     09/24/1963
 LATEST       05/27/1969
EARLIEST                        10/10
LATEST                          04/28
.................................................................

WIND (MPH)
AVERAGE WIND SPEED              8.4
HIGHEST WIND SPEED/DIRECTION    37/300    DATE  01/30
HIGHEST GUST SPEED/DIRECTION    47/300    DATE  01/07


WEATHER CONDITIONS. NUMBER OF DAYS WITH
THUNDERSTORM              0     MIXED PRECIP               2
HEAVY RAIN                0     RAIN                       7
LIGHT RAIN               16     FREEZING RAIN              1
LT FREEZING RAIN          5     HAIL                       0
HEAVY SNOW                5     SNOW                      13
LIGHT SNOW               54     SLEET                      7
FOG                      38     FOG W/VIS <= 1/4 MILE      3
HAZE                     12

-  INDICATES NEGATIVE NUMBERS.
R  INDICATES RECORD WAS SET OR TIED.
MM INDICATES DATA IS MISSING.
T  INDICATES TRACE AMOUNT.

$$
