000
CXUS51 KALY 030937
CLSALB

CLIMATE REPORT
NATIONAL WEATHER SERVICE ALBANY NY
537 AM EDT MON JUN 3 2013

...................................

...THE ALBANY NY CLIMATE SUMMARY FOR THE SEASON, FROM
3/1/2013 TO 5/31/2013...

CLIMATE NORMAL PERIOD 1981 TO 2010
CLIMATE RECORD PERIOD 1874 TO 2013

WEATHER         OBSERVED          NORMAL  DEPART
                 VALUE   DATE(S)  VALUE   FROM
                                          NORMAL
................................................
TEMPERATURE (F)
RECORD
 HIGH              97   05/22/1911
 LOW              -21   03/06/1948
HIGHEST            92   05/31
LOWEST             11   03/21
AVG. MAXIMUM     56.9              57.4    -0.5
AVG. MINIMUM     36.1              36.7    -0.6
MEAN             46.5              47.0    -0.5
DAYS MAX >= 90      1               0.4     0.6
DAYS MAX <= 32      2               3.7    -1.7
DAYS MIN <= 32     42              31.4    10.6
DAYS MIN <= 0       0               0.3    -0.3

PRECIPITATION (INCHES)
RECORD
 MAXIMUM        19.54   1983
 MINIMUM         3.46   1860
TOTALS          11.61              9.99    1.62
DAILY AVG.       0.12              0.11    0.01
DAYS >= .01        36              37.1    -1.1
DAYS >= .10        19              21.2    -2.2
DAYS >= .50        11               6.8     4.2
DAYS >= 1.00        4               1.6     2.4

SNOWFALL (INCHES)
TOTALS           20.7              12.6     8.1
DAYS >= TRACE      27               6.9    20.1
DAYS >= 1.0         5               3.0     2.0
GREATEST
 24 HR TOTAL      6.5

DEGREE_DAYS
HEATING TOTAL    1723              1684      39
 SINCE 7/1       6261              6628    -367
COOLING TOTAL      49                30      19
 SINCE 1/1         49                30      19
.................................................

WIND (MPH)
AVERAGE WIND SPEED              8.3
HIGHEST WIND SPEED/DIRECTION    38/280    DATE  04/19
HIGHEST GUST SPEED/DIRECTION    53/330    DATE  05/29


WEATHER CONDITIONS. NUMBER OF DAYS WITH
THUNDERSTORM              7     MIXED PRECIP               0
HEAVY RAIN                6     RAIN                      14
LIGHT RAIN               36     FREEZING RAIN              0
LT FREEZING RAIN          3     HAIL                       1
HEAVY SNOW                2     SNOW                       5
LIGHT SNOW               22     SLEET                      5
FOG                      40     FOG W/VIS <= 1/4 MILE      4
HAZE                      2

-  INDICATES NEGATIVE NUMBERS.
R  INDICATES RECORD WAS SET OR TIED.
MM INDICATES DATA IS MISSING.
T  INDICATES TRACE AMOUNT.

$$
