000
CXUS51 KALY 010716
CLSALB

CLIMATE REPORT
NATIONAL WEATHER SERVICE ALBANY NY
316 AM EDT SUN SEP 1 2013

...................................

...THE ALBANY NY CLIMATE SUMMARY FOR THE SEASON, FROM
6/1/2013 TO 8/31/2013...

CLIMATE NORMAL PERIOD 1981 TO 2010
CLIMATE RECORD PERIOD 1874 TO 2013

WEATHER         OBSERVED          NORMAL  DEPART
                 VALUE   DATE(S)  VALUE   FROM
                                          NORMAL
................................................
TEMPERATURE (F)
RECORD
 HIGH             104   07/04/1911
 LOW               34   08/29/1982
HIGHEST            96   07/19
LOWEST             46   06/05
AVG. MAXIMUM     80.7              80.2     0.5
AVG. MINIMUM     61.4              59.3     2.1
MEAN             71.1              69.7     1.4
DAYS MAX >= 90     13               6.4     6.6
DAYS MAX <= 32      0               0.0     0.0
DAYS MIN <= 32      0               0.0     0.0
DAYS MIN <= 0       0               0.0     0.0

PRECIPITATION (INCHES)
RECORD
 MAXIMUM        27.21   1871
 MINIMUM         4.29   1929
TOTALS          16.77             11.37    5.40
DAILY AVG.       0.18              0.12    0.06
DAYS >= .01        31              33.7    -2.7
DAYS >= .10        25              21.3     3.7
DAYS >= .50        15               7.6     7.4
DAYS >= 1.00        4               2.5     1.5

DEGREE_DAYS
HEATING TOTAL      61                75     -14
 SINCE 7/1          6                23     -17
COOLING TOTAL     649               512     137
 SINCE 1/1        698               543     155
.................................................

WIND (MPH)
AVERAGE WIND SPEED              5.4
HIGHEST WIND SPEED/DIRECTION    39/280    DATE  06/17
HIGHEST GUST SPEED/DIRECTION    52/280    DATE  06/17


WEATHER CONDITIONS. NUMBER OF DAYS WITH
THUNDERSTORM             19     MIXED PRECIP               0
HEAVY RAIN               10     RAIN                      19
LIGHT RAIN               42     FREEZING RAIN              0
LT FREEZING RAIN          0     HAIL                       0
HEAVY SNOW                0     SNOW                       0
LIGHT SNOW                0     SLEET                      0
FOG                      50     FOG W/VIS <= 1/4 MILE      3
HAZE                     11

-  INDICATES NEGATIVE NUMBERS.
R  INDICATES RECORD WAS SET OR TIED.
MM INDICATES DATA IS MISSING.
T  INDICATES TRACE AMOUNT.

$$
