000
CXUS55 KPUB 022108
CF6ALS
PRELIMINARY LOCAL CLIMATOLOGICAL DATA (WS FORM: F-6)
STATION: ALAMOSA CO
MONTH: MAY
YEAR: 2021
LATITUDE: 37 27 N
LONGITUDE: 105 52 W
TEMPERATURE IN F: :PCPN: SNOW: WIND :SUNSHINE: SKY :PK WND
================================================================================
1 2 3 4 5 6A 6B 7 8 9 10 11 12 13 14 15 16 17 18
12Z AVG MX 2MIN
DY MAX MIN AVG DEP HDD CDD WTR SNW DPTH SPD SPD DIR MIN PSBL S-S WX SPD DR
================================================================================
1 78 30 54 7 11 0 0.00 0.0 0 5.7 17 320 M M 0 24 300
2 75 42 59 12 6 0 0.00 0.0 0 13.2 26 240 M M 1 8 36 220
3 54 38 46 -1 19 0 0.02 0.0 0 15.0 30 110 M M 6 8 42 70
4 64 31 48 0 17 0 0.00 0.0 0 8.3 30 260 M M 6 39 250
5 73 29 51 3 14 0 0.00 0.0 0 7.1 24 360 M M 1 33 10
6 76 21 49 1 16 0 0.00 0.0 0 4.8 20 220 M M 0 12 27 210
7 78 32 55 6 10 0 0.00 0.0 0 10.9 40 220 M M 0 8 50 220
8 72 34 53 4 12 0 0.00 0.0 0 12.7 31 290 M M 1 8 41 290
9 67 26 47 -2 18 0 0.00 0.0 0 14.5 35 250 M M 2 48 240
10 67 25 46 -4 19 0 0.02 0.0 0 16.8 37 230 M M 3 51 240
11 66 29 48 -2 17 0 0.08 T 0 7.2 28 240 M M 5 1 41 240
12 69 26 48 -2 17 0 0.00 0.0 0 5.8 21 270 M M 2 27 270
13 74 24 49 -2 16 0 0.00 0.0 0 4.5 23 270 M M 1 1 35 260
14 78 30 54 3 11 0 0.00 0.0 0 8.6 25 240 M M 0 37 240
15 77 33 55 4 10 0 0.00 0.0 0 10.3 30 230 M M 2 35 230
16 76 45 61 9 4 0 T 0.0 0 12.5 30 120 M M 3 37 120
17 70 41 56 4 9 0 0.17 0.0 0 9.3 22 120 M M 6 13 30 100
18 52 32 42 -10 23 0 0.86 1.0 T 3.8 12 120 M M 8 1 16 130
19 68 34 51 -2 14 0 T 0.0 0 6.0 29 30 M M 3 13 39 60
20 73 40 57 4 8 0 0.01 0.0 0 10.5 26 220 M M 1 37 220
21 72 42 57 4 8 0 T 0.0 0 13.3 37 220 M M 3 8 49 220
22 74 41 58 4 7 0 T 0.0 0 15.6 36 190 M M 3 3 51 170
23 66 32 49 -5 16 0 T 0.0 0 14.3 36 230 M M 3 38 49 240
24 72 23 48 -6 17 0 0.00 0.0 0 7.8 23 230 M M 0 30 240
25 73 28 51 -4 14 0 0.00 0.0 0 6.3 20 200 M M 0 26 210
26 71 37 54 -1 11 0 0.00 0.0 0 11.0 30 270 M M 0 40 260
27 74 32 53 -2 12 0 0.00 0.0 0 7.3 23 220 M M 1 33 230
28 76 32 54 -2 11 0 0.00 0.0 0 5.6 18 340 M M 0 24 340
29 79 37 58 2 7 0 0.00 0.0 0 6.3 21 240 M M 0 27 250
30 79 40 60 4 5 0 0.00 0.0 0 12.2 40 100 M M 1 38 56 90
31 64 39 52 -4 13 0 0.63 0.0 0 5.8 32 330 M M 5 13 48 320
================================================================================
SM 2207 1025 392 0 1.79 1.0 293.0 M 67
================================================================================
AV 71.2 33.1 9.5 FASTST M M 2 MAX(MPH)
MISC ----> #40 220 56 90
================================================================================
NOTES:
# LAST OF SEVERAL OCCURRENCES
COLUMN 17 PEAK WIND IN M.P.H.
PRELIMINARY LOCAL CLIMATOLOGICAL DATA (WS FORM: F-6) , PAGE 2
STATION: ALAMOSA CO
MONTH: MAY
YEAR: 2021
LATITUDE: 37 27 N
LONGITUDE: 105 52 W
[TEMPERATURE DATA] [PRECIPITATION DATA] SYMBOLS USED IN COLUMN 16
AVERAGE MONTHLY: 52.1 TOTAL FOR MONTH: 1.79 1 = FOG OR MIST
DPTR FM NORMAL: 0.4 DPTR FM NORMAL: 1.19 2 = FOG REDUCING VISIBILITY
HIGHEST: 79 ON 30,29 GRTST 24HR 1.03 ON 17-18 TO 1/4 MILE OR LESS
LOWEST: 21 ON 6 3 = THUNDER
SNOW, ICE PELLETS, HAIL 4 = ICE PELLETS
TOTAL MONTH: 1.0 INCH 5 = HAIL
GRTST 24HR 1.0 ON 18 6 = FREEZING RAIN OR DRIZZLE
GRTST DEPTH: 1 ON 18 7 = DUSTSTORM OR SANDSTORM:
VSBY 1/2 MILE OR LESS
8 = SMOKE OR HAZE
[NO. OF DAYS WITH] [WEATHER - DAYS WITH] 9 = BLOWING SNOW
X = TORNADO
MAX 32 OR BELOW: 0 0.01 INCH OR MORE: 7
MAX 90 OR ABOVE: 0 0.10 INCH OR MORE: 3
MIN 32 OR BELOW: 17 0.50 INCH OR MORE: 2
MIN 0 OR BELOW: 0 1.00 INCH OR MORE: 0
[HDD (BASE 65) ]
TOTAL THIS MO. 392 CLEAR (SCALE 0-3) 25
DPTR FM NORMAL -20 PTCLDY (SCALE 4-7) 5
TOTAL FM JUL 1 7877 CLOUDY (SCALE 8-10) 1
DPTR FM NORMAL -303
[CDD (BASE 65) ]
TOTAL THIS MO. 0
DPTR FM NORMAL 0 [PRESSURE DATA]
TOTAL FM JAN 1 0 HIGHEST SLP 30.30 ON 6
DPTR FM NORMAL 0 LOWEST SLP 29.36 ON 2
[REMARKS]
#FINAL-05-21#