402
CXUS54 KAMA 010710
CF6AMA
PRELIMINARY LOCAL CLIMATOLOGICAL DATA (WS FORM: F-6)
STATION: AMARILLO
MONTH: MAY
YEAR: 2020
LATITUDE: 35 13 N
LONGITUDE: 101 42 W
TEMPERATURE IN F: :PCPN: SNOW: WIND :SUNSHINE: SKY :PK WND
================================================================================
1 2 3 4 5 6A 6B 7 8 9 10 11 12 13 14 15 16 17 18
12Z AVG MX 2MIN
DY MAX MIN AVG DEP HDD CDD WTR SNW DPTH SPD SPD DIR MIN PSBL S-S WX SPD DR
================================================================================
1 95 63 79 18 0 14 0.00 0.0 0 11.3 22 80 M M 0 28 80
2 88 51 70 9 0 5 0.00 0.0 0 12.5 24 330 M M 0 32 340
3 88 52 70 8 0 5 0.00 0.0 0 11.3 25 130 M M 1 32 130
4 88 56 72 10 0 7 0.00 0.0 0 15.3 32 30 M M 0 1 40 30
5 73 51 62 0 3 0 0.00 0.0 0 11.8 25 30 M M 4 33 50
6 79 43 61 -2 4 0 0.00 0.0 0 12.4 22 140 M M 2 28 150
7 93 53 73 10 0 8 0.00 0.0 0 17.4 54 20 M M 1 8 66 20
8 61 42 52 -11 13 0 0.00 0.0 0 18.7 37 10 M M 3 47 10
9 75 40 58 -6 7 0 0.00 0.0 0 11.9 25 190 M M 0 29 190
10 71 46 59 -5 6 0 0.00 0.0 0 15.2 28 110 M M 2 32 110
11 71 45 58 -6 7 0 0.05 0.0 0 17.5 29 130 M M 5 3 36 140
12 65 39 52 -12 13 0 0.00 0.0 0 12.1 24 150 M M 8 12 28 140
13 91 52 72 7 0 7 0.00 0.0 0 20.7 33 200 M M 4 12 41 190
14 90 56 73 8 0 8 0.00 0.0 0 11.5 30 170 M M 0 34 170
15 84 50 67 2 0 2 0.00 0.0 0 10.1 31 110 M M 2 18 39 100
16 79 54 67 1 0 2 0.21 0.0 0 10.0 32 190 M M 3 13 37 190
17 85 56 71 5 0 6 0.00 0.0 0 8.1 17 200 M M 3 26 180
18 94 56 75 9 0 10 0.00 0.0 0 15.2 24 120 M M 0 31 120
19 89 57 73 6 0 8 T 0.0 0 13.8 38 210 M M 2 1 45 220
20 79 62 71 4 0 6 0.00 0.0 0 17.1 33 140 M M 3 1 39 140
21 91 61 76 9 0 11 0.00 0.0 0 17.1 36 220 M M 0 43 220
22 87 50 69 2 0 4 0.00 0.0 0 9.8 20 120 M M 1 1 26 120
23 92 60 76 8 0 11 0.05 T 0 20.1 39 160 M M 1 135 49 160
24 91 60 76 8 0 11 0.00 0.0 0 16.3 30 100 M M 0 3 35 90
25 65 46 56 -12 9 0 0.12 0.0 0 12.3 26 360 M M 7 1 31 360
26 81 47 64 -5 1 0 0.00 0.0 0 9.1 18 130 M M 1 23 330
27 84 50 67 -2 0 2 0.00 0.0 0 10.5 22 350 M M 0 33 20
28 84 56 70 1 0 5 0.00 0.0 0 11.6 23 30 M M 2 29 350
29 88 53 71 1 0 6 0.00 0.0 0 11.9 24 150 M M 0 32 180
30 89 59 74 4 0 9 0.00 0.0 0 18.1 30 190 M M 0 35 160
31 89 58 74 4 0 9 0.00 0.0 0 14.1 23 150 M M 0 31 150
================================================================================
SM 2579 1624 63 156 0.43 T 424.8 M 55
================================================================================
AV 83.2 52.4 13.7 FASTST M M 2 MAX(MPH)
MISC ----> 54 20 66 20
================================================================================
NOTES:
# LAST OF SEVERAL OCCURRENCES
COLUMN 17 PEAK WIND IN M.P.H.
PRELIMINARY LOCAL CLIMATOLOGICAL DATA (WS FORM: F-6) , PAGE 2
STATION: AMARILLO
MONTH: MAY
YEAR: 2020
LATITUDE: 35 13 N
LONGITUDE: 101 42 W
[TEMPERATURE DATA] [PRECIPITATION DATA] SYMBOLS USED IN COLUMN 16
AVERAGE MONTHLY: 67.8 TOTAL FOR MONTH: 0.43 1 = FOG OR MIST
DPTR FM NORMAL: 2.2 DPTR FM NORMAL: -1.86 2 = FOG REDUCING VISIBILITY
HIGHEST: 95 ON 1 GRTST 24HR 0.21 ON 16-16 TO 1/4 MILE OR LESS
LOWEST: 39 ON 12 3 = THUNDER
SNOW, ICE PELLETS, HAIL 4 = ICE PELLETS
TOTAL MONTH: T 5 = HAIL
GRTST 24HR T ON 23-23 6 = FREEZING RAIN OR DRIZZLE
GRTST DEPTH: 0 7 = DUSTSTORM OR SANDSTORM:
VSBY 1/2 MILE OR LESS
8 = SMOKE OR HAZE
[NO. OF DAYS WITH] [WEATHER - DAYS WITH] 9 = BLOWING SNOW
X = TORNADO
MAX 32 OR BELOW: 0 0.01 INCH OR MORE: 4
MAX 90 OR ABOVE: 8 0.10 INCH OR MORE: 2
MIN 32 OR BELOW: 0 0.50 INCH OR MORE: 0
MIN 0 OR BELOW: 0 1.00 INCH OR MORE: 0
[HDD (BASE 65) ]
TOTAL THIS MO. 63 CLEAR (SCALE 0-3) 25
DPTR FM NORMAL -20 PTCLDY (SCALE 4-7) 6
TOTAL FM JUL 1 3925 CLOUDY (SCALE 8-10) 0
DPTR FM NORMAL -246
[CDD (BASE 65) ]
TOTAL THIS MO. 156
DPTR FM NORMAL 52 [PRESSURE DATA]
TOTAL FM JAN 1 180 HIGHEST SLP M ON M
DPTR FM NORMAL 55 LOWEST SLP 29.47 ON 7
[REMARKS]
#FINAL-05-20#