000
CXUS52 KJAX 020037
CF6AMG
PRELIMINARY LOCAL CLIMATOLOGICAL DATA (WS FORM: F-6)
STATION: ALMA
MONTH: SEPTEMBER
YEAR: 2020
LATITUDE: 31 32 N
LONGITUDE: 82 30 W
TEMPERATURE IN F: :PCPN: SNOW: WIND :SUNSHINE: SKY :PK WND
================================================================================
1 2 3 4 5 6A 6B 7 8 9 10 11 12 13 14 15 16 17 18
12Z AVG MX 2MIN
DY MAX MIN AVG DEP HDD CDD WTR SNW DPTH SPD SPD DIR MIN PSBL S-S WX SPD DR
================================================================================
1 95 74 85 5 0 20 0.00 0.0 0 2.7 12 200 M M 3 1 16 210
2 94 76 85 5 0 20 0.00 0.0 0 3.0 10 250 M M 2 1 14 230
3 94 75 85 5 0 20 0.00 0.0 0 2.7 10 260 M M 1 1 13 240
4 97 71 84 4 0 19 0.00 0.0 0 1.5 10 350 M M 0 1 13 360
5 97 71 84 5 0 19 0.00 0.0 0 2.8 10 300 M M 1 1 18 50
6 87 73 80 1 0 15 0.00 0.0 0 3.5 10 350 M M 5 17 30
7 90 70 80 1 0 15 0.00 0.0 0 3.0 13 130 M M 2 20 140
8 88 71 80 1 0 15 0.01 0.0 0 3.2 13 110 M M 2 1 18 120
9 87 72 80 1 0 15 T 0.0 0 3.4 10 360 M M 6 1 16 40
10 91 75 83 5 0 18 0.10 0.0 0 2.4 13 120 M M 6 1 19 120
11 90 74 82 4 0 17 0.16 0.0 0 3.4 13 130 M M 6 13 20 140
12 92 76 84 6 0 19 T 0.0 0 5.2 16 100 M M 6 13 22 120
13 86 74 80 2 0 15 0.15 0.0 0 4.2 23 170 M M 5 13 30 160
14 90 75 83 5 0 18 0.02 0.0 0 3.9 13 100 M M 4 1 19 120
15 83 72 78 1 0 13 0.08 0.0 0 5.0 14 100 M M 7 1 22 70
16 76 70 73 -4 0 8 0.49 0.0 0 6.0 12 110 M M 10 1 20 90
17 88 73 81 4 0 16 0.20 0.0 0 10.9 24 210 M M 9 1 32 210
18 80 70 75 -2 0 10 T 0.0 0 5.5 13 330 M M 10 1 19 330
19 77 64 71 -5 0 6 0.00 0.0 0 5.5 13 50 M M 6 20 30
20 72 60 66 -10 0 1 0.00 0.0 0 6.3 12 50 M M 5 20 50
21 77 59 68 -8 0 3 0.00 0.0 0 5.2 14 70 M M 2 22 50
22 79 56 68 -8 0 3 0.00 0.0 0 3.4 10 70 M M 1 14 70
23 79 60 70 -5 0 5 0.00 0.0 0 1.7 7 220 M M 0 16 150
24 87 60 74 -1 0 9 0.00 0.0 0 4.6 15 180 M M 4 19 140
25 89 72 81 6 0 16 0.33 0.0 0 4.8 15 300 M M 5 13 21 290
26 88 68 78 3 0 13 0.00 0.0 0 2.8 10 240 M M 2 1 13 300
27 81 69 75 1 0 10 0.04 0.0 0 2.2 8 130 M M 7 12 12 130
28 88 71 80 6 0 15 0.01 0.0 0 3.1 17 160 M M 7 123 21 160
29 85 59 72 -2 0 7 0.67 0.0 0 6.5 24 300 M M 7 13 35 330
30 76 54 65 -8 0 0 0.00 0.0 0 3.5 12 330 M M 0 1 15 310
================================================================================
SM 2583 2064 0 380 2.26 0.0 121.9 M 131
================================================================================
AV 86.1 68.8 4.1 FASTST M M 4 MAX(MPH)
MISC ----> # 24 210 35 330
================================================================================
NOTES:
# LAST OF SEVERAL OCCURRENCES
COLUMN 17 PEAK WIND IN M.P.H.
PRELIMINARY LOCAL CLIMATOLOGICAL DATA (WS FORM: F-6) , PAGE 2
STATION: ALMA
MONTH: SEPTEMBER
YEAR: 2020
LATITUDE: 31 32 N
LONGITUDE: 82 30 W
[TEMPERATURE DATA] [PRECIPITATION DATA] SYMBOLS USED IN COLUMN 16
AVERAGE MONTHLY: 77.5 TOTAL FOR MONTH: 2.26 1 = FOG OR MIST
DPTR FM NORMAL: 0.3 DPTR FM NORMAL: -1.38 2 = FOG REDUCING VISIBILITY
HIGHEST: 97 ON 5, 4 GRTST 24HR 0.67 ON 29-29 TO 1/4 MILE OR LESS
LOWEST: 54 ON 30 3 = THUNDER
SNOW, ICE PELLETS, HAIL 4 = ICE PELLETS
TOTAL MONTH: 0.0 INCH 5 = HAIL
GRTST 24HR 0.0 6 = FREEZING RAIN OR DRIZZLE
GRTST DEPTH: 0 7 = DUSTSTORM OR SANDSTORM:
VSBY 1/2 MILE OR LESS
8 = SMOKE OR HAZE
[NO. OF DAYS WITH] [WEATHER - DAYS WITH] 9 = BLOWING SNOW
X = TORNADO
MAX 32 OR BELOW: 0 0.01 INCH OR MORE: 12
MAX 90 OR ABOVE: 10 0.10 INCH OR MORE: 7
MIN 32 OR BELOW: 0 0.50 INCH OR MORE: 1
MIN 0 OR BELOW: 0 1.00 INCH OR MORE: 0
[HDD (BASE 65) ]
TOTAL THIS MO. 0 CLEAR (SCALE 0-3) 12
DPTR FM NORMAL -2 PTCLDY (SCALE 4-7) 15
TOTAL FM JUL 1 0 CLOUDY (SCALE 8-10) 3
DPTR FM NORMAL 0
[CDD (BASE 65) ]
TOTAL THIS MO. 380
DPTR FM NORMAL 17 [PRESSURE DATA]
TOTAL FM JAN 1 2417 HIGHEST SLP 30.29 ON 21
DPTR FM NORMAL 147 LOWEST SLP 29.69 ON 17
[REMARKS]
#FINAL-09-20#