000
CXUS54 KBMX 011110
CF6ANB
PRELIMINARY LOCAL CLIMATOLOGICAL DATA (WS FORM: F-6)
STATION: ANNISTON
MONTH: FEBRUARY
YEAR: 2022
LATITUDE: 33 35 N
LONGITUDE: 85 51 W
TEMPERATURE IN F: :PCPN: SNOW: WIND :SUNSHINE: SKY :PK WND
================================================================================
1 2 3 4 5 6A 6B 7 8 9 10 11 12 13 14 15 16 17 18
12Z AVG MX 2MIN
DY MAX MIN AVG DEP HDD CDD WTR SNW DPTH SPD SPD DIR MIN PSBL S-S WX SPD DR
================================================================================
1 66 33 50 5 15 0 0.00 0.0 0 6.9 18 150 M M 0 24 160
2 63 50 57 11 8 0 0.62 0.0 0 7.4 17 120 M M 7 1 28 110
3 69 50 60 14 5 0 1.75 0.0 0 9.0 20 160 M M 10 13 32 150
4 55 32 44 -2 21 0 0.21 0.0 0 7.5 17 270 M M 10 1 23 270
5 45 27 36 -10 29 0 0.00 0.0 0 6.2 16 10 M M 1 22 40
6 54 27 41 -5 24 0 0.00 0.0 0 4.7 12 80 M M 0 16 110
7 53 29 41 -5 24 0 0.00 0.0 0 3.5 10 320 M M 0 15 330
8 57 25 41 -6 24 0 0.00 0.0 0 2.4 14 350 M M 0 18 310
9 62 29 46 -1 19 0 0.00 0.0 0 4.1 17 260 M M 0 18 24 250
10 67 30 49 2 16 0 0.00 0.0 0 2.8 16 250 M M 0 1 20 220
11 68 31 50 3 15 0 0.00 0.0 0 3.6 21 240 M M 0 18 26 210
12 68 35 52 4 13 0 0.00 0.0 0 3.3 15 350 M M 0 22 350
13 48 26 37 -11 28 0 0.00 0.0 0 6.9 16 340 M M 3 24 340
14 58 23 41 -7 24 0 0.00 0.0 0 4.4 12 230 M M 0 16 260
15 68 30 49 1 16 0 0.00 0.0 0 5.4 14 120 M M 0 19 140
16 72 47 60 12 5 0 0.00 0.0 0 8.3 20 200 M M 4 26 160
17 72 59 66 17 0 1 0.94 0.0 0 12.0 24 180 M M 9 13 37 160
18 61 29 45 -4 20 0 0.00 0.0 0 7.3 16 350 M M 7 23 320
19 58 24 41 -8 24 0 0.00 0.0 0 3.0 15 360 M M 0 21 360
20 66 30 48 -2 17 0 0.00 0.0 0 4.8 15 100 M M 1 20 110
21 56 48 52 2 13 0 0.86 0.0 0 5.5 14 90 M M 9 138 19 100
22 75 54 65 15 0 0 T 0.0 0 6.9 15 210 M M 6 21 190
23 78 58 68 18 0 3 0.45 0.0 0 4.5 15 220 M M 6 1 21 220
24 76 54 65 15 0 0 0.00 0.0 0 3.7 13 240 M M 6 12 19 200
25 68 39 54 3 11 0 0.12 0.0 0 7.3 14 10 M M 6 1 21 230
26 53 37 45 -6 20 0 0.00 0.0 0 6.4 13 360 M M 8 15 20
27 51 45 48 -3 17 0 0.51 0.0 0 4.1 12 70 M M 10 1 16 50
28 63 36 50 -2 15 0 0.00 0.0 0 3.1 13 10 M M 1 19 20
================================================================================
SM 1750 1037 423 4 5.46 0.0 155.0 M 104
================================================================================
AV 62.5 37.0 5.5 FASTST M M 4 MAX(MPH)
MISC ----> 24 180 37 160
================================================================================
NOTES:
# LAST OF SEVERAL OCCURRENCES
COLUMN 17 PEAK WIND IN M.P.H.
PRELIMINARY LOCAL CLIMATOLOGICAL DATA (WS FORM: F-6) , PAGE 2
STATION: ANNISTON
MONTH: FEBRUARY
YEAR: 2022
LATITUDE: 33 35 N
LONGITUDE: 85 51 W
[TEMPERATURE DATA] [PRECIPITATION DATA] SYMBOLS USED IN COLUMN 16
AVERAGE MONTHLY: 49.8 TOTAL FOR MONTH: 5.46 1 = FOG OR MIST
DPTR FM NORMAL: 1.6 DPTR FM NORMAL: 0.38 2 = FOG REDUCING VISIBILITY
HIGHEST: 78 ON 23 GRTST 24HR 1.82 ON 3- 4 TO 1/4 MILE OR LESS
LOWEST: 23 ON 14 3 = THUNDER
SNOW, ICE PELLETS, HAIL 4 = ICE PELLETS
TOTAL MONTH: 0.0 INCH 5 = HAIL
GRTST 24HR 0.0 6 = FREEZING RAIN OR DRIZZLE
GRTST DEPTH: 0 7 = DUSTSTORM OR SANDSTORM:
VSBY 1/2 MILE OR LESS
8 = SMOKE OR HAZE
[NO. OF DAYS WITH] [WEATHER - DAYS WITH] 9 = BLOWING SNOW
X = TORNADO
MAX 32 OR BELOW: 0 0.01 INCH OR MORE: 8
MAX 90 OR ABOVE: 0 0.10 INCH OR MORE: 8
MIN 32 OR BELOW: 14 0.50 INCH OR MORE: 5
MIN 0 OR BELOW: 0 1.00 INCH OR MORE: 1
[HDD (BASE 65) ]
TOTAL THIS MO. 423 CLEAR (SCALE 0-3) 15
DPTR FM NORMAL -48 PTCLDY (SCALE 4-7) 8
TOTAL FM JUL 1 1901 CLOUDY (SCALE 8-10) 5
DPTR FM NORMAL -268
[CDD (BASE 65) ]
TOTAL THIS MO. 4
DPTR FM NORMAL 2 [PRESSURE DATA]
TOTAL FM JAN 1 15 HIGHEST SLP 30.53 ON 15
DPTR FM NORMAL 14 LOWEST SLP 29.77 ON 17
[REMARKS]
#FINAL-02-22#