000
CXUS53 KIWX 010810
CF6AOH
PRELIMINARY LOCAL CLIMATOLOGICAL DATA (WS FORM: F-6)
STATION: LIMA
MONTH: JUNE
YEAR: 2023
LATITUDE: 40 42 N
LONGITUDE: 84 1 W
TEMPERATURE IN F: :PCPN: SNOW: WIND :SUNSHINE: SKY :PK WND
================================================================================
1 2 3 4 5 6A 6B 7 8 9 10 11 12 13 14 15 16 17 18
12Z AVG MX 2MIN
DY MAX MIN AVG DEP HDD CDD WTR SNW DPTH SPD SPD DIR MIN PSBL S-S WX SPD DR
================================================================================
1 89 60 75 8 0 10 0.00 M M 6.2 15 130 M M 0 24 90
2 91 58 75 8 0 10 0.00 M M 7.5 18 50 M M 0 27 30
3 90 64 77 9 0 12 0.00 M M 8.3 20 40 M M 1 3 27 30
4 82 54 68 0 0 3 0.00 M M 11.7 22 30 M M 0 30 10
5 78 51 65 -3 0 0 0.00 M M 5.9 14 70 M M 0 8 20 10
6 80 55 68 0 0 3 0.00 M M 7.0 20 320 M M 2 8 25 310
7 75 47 61 -8 4 0 0.00 M M 7.3 17 10 M M 1 8 25 20
8 75 44 60 -9 5 0 0.00 M M 5.5 16 340 M M 4 8 24 340
9 77 49 63 -6 2 0 0.00 M M 5.3 14 50 M M 0 21 30
10 86 51 69 -1 0 4 0.00 M M 6.6 17 260 M M 1 8 23 220
11 77 58 68 -2 0 3 1.12 M M 9.5 22 10 M M 6 138 31 360
12 67 51 59 -11 6 0 0.00 M M 12.5 24 270 M M 8 1 30 270
13 63 51 57 -13 8 0 1.28 M M 13.3 28 250 M M 9 1 35 250
14 71 56 64 -6 1 0 0.04 M M 7.0 17 290 M M 6 1 23 300
15 80 53 67 -4 0 2 0.05 M M 7.4 22 240 M M 2 138 34 240
16 72 56 64 -7 1 0 0.00 0.0 0 8.6 16 310 M M 7 18 21 350
17 79 50 65 -6 0 0 0.00 0.0 0 4.5 15 260 M M 1 18 21 280
18 83 56 70 -1 0 5 0.00 0.0 0 4.5 12 160 M M 0 18 20 170
19 83 62 73 1 0 8 0.00 0.0 0 9.2 17 70 M M 2 8 25 50
20 81 64 73 1 0 8 0.00 0.0 0 10.4 24 80 M M 2 34 100
21 86 64 75 3 0 10 0.01 M M 10.7 23 70 M M 1 18 29 60
22 72 60 66 -6 0 1 T M M 8.2 17 80 M M 8 22 70
23 72 65 69 -3 0 4 0.09 M M 3.2 10 350 M M 10 1 14 360
24 85 64 75 3 0 10 0.00 M M 3.9 9 270 M M 6 18 14 280
25 85 67 76 3 0 11 0.22 M M 12.2 24 120 M M 2 138 34 160
26 78 64 71 -2 0 6 1.08 M M 13.9 26 240 M M 10 1238 39 300
27 70 63 67 -6 0 2 0.00 M M 11.1 21 290 M M 10 18 27 290
28 79 58 69 -4 0 4 0.00 M M 3.3 13 300 M M 10 18 16 280
29 85 64 75 2 0 10 0.00 M M 10.9 24 250 M M 4 18 36 150
30 84 68 76 3 0 11 0.03 M M 7.5 15 260 M M 6 18 19 270
================================================================================
SM 2375 1727 27 137 3.92 0.0 243.1 M 119
================================================================================
AV 79.2 57.6 8.1 FASTST M M 4 MAX(MPH)
MISC ----> 28 250 39 300
================================================================================
NOTES:
# LAST OF SEVERAL OCCURRENCES
COLUMN 17 PEAK WIND IN M.P.H.
PRELIMINARY LOCAL CLIMATOLOGICAL DATA (WS FORM: F-6) , PAGE 2
STATION: LIMA
MONTH: JUNE
YEAR: 2023
LATITUDE: 40 42 N
LONGITUDE: 84 1 W
[TEMPERATURE DATA] [PRECIPITATION DATA] SYMBOLS USED IN COLUMN 16
AVERAGE MONTHLY: 68.4 TOTAL FOR MONTH: 3.92 1 = FOG OR MIST
DPTR FM NORMAL: -2.2 DPTR FM NORMAL: -0.03 2 = FOG REDUCING VISIBILITY
HIGHEST: 91 ON 2 GRTST 24HR 1.32 ON 13-14 TO 1/4 MILE OR LESS
LOWEST: 44 ON 8 3 = THUNDER
SNOW, ICE PELLETS, HAIL 4 = ICE PELLETS
TOTAL MONTH: 0.0 INCH 5 = HAIL
GRTST 24HR 0.0 6 = FREEZING RAIN OR DRIZZLE
GRTST DEPTH: 0 7 = DUSTSTORM OR SANDSTORM:
VSBY 1/2 MILE OR LESS
8 = SMOKE OR HAZE
[NO. OF DAYS WITH] [WEATHER - DAYS WITH] 9 = BLOWING SNOW
X = TORNADO
MAX 32 OR BELOW: 0 0.01 INCH OR MORE: 9
MAX 90 OR ABOVE: 2 0.10 INCH OR MORE: 4
MIN 32 OR BELOW: 0 0.50 INCH OR MORE: 3
MIN 0 OR BELOW: 0 1.00 INCH OR MORE: 3
[HDD (BASE 65) ]
TOTAL THIS MO. 27 CLEAR (SCALE 0-3) 16
DPTR FM NORMAL 2 PTCLDY (SCALE 4-7) 8
TOTAL FM JUL 1 4967 CLOUDY (SCALE 8-10) 6
DPTR FM NORMAL -799
[CDD (BASE 65) ]
TOTAL THIS MO. 137
DPTR FM NORMAL -54 [PRESSURE DATA]
TOTAL FM JAN 1 189 HIGHEST SLP M ON M
DPTR FM NORMAL -77 LOWEST SLP 29.50 ON 13
[REMARKS]
#FINAL-06-23#