000
CXUS53 KIWX 010810
CF6AOH
PRELIMINARY LOCAL CLIMATOLOGICAL DATA (WS FORM: F-6)
STATION: LIMA
MONTH: SEPTEMBER
YEAR: 2021
LATITUDE: 40 42 N
LONGITUDE: 84 1 W
TEMPERATURE IN F: :PCPN: SNOW: WIND :SUNSHINE: SKY :PK WND
================================================================================
1 2 3 4 5 6A 6B 7 8 9 10 11 12 13 14 15 16 17 18
12Z AVG MX 2MIN
DY MAX MIN AVG DEP HDD CDD WTR SNW DPTH SPD SPD DIR MIN PSBL S-S WX SPD DR
================================================================================
1 76 59 68 -1 0 3 0.00 M M 9.0 18 10 M M 2 32 30
2 76 54 65 -4 0 0 0.00 M M 4.8 10 20 M M 0 14 40
3 77 52 65 -4 0 0 0.00 M M 3.5 10 30 M M 1 13 50
4 79 62 71 2 0 6 0.36 M M 7.9 18 230 M M 9 1 24 240
5 77 60 69 1 0 4 T M M 7.6 15 280 M M 4 1 20 280
6 78 58 68 0 0 3 0.00 M M 5.8 15 290 M M 1 21 300
7 84 57 71 3 0 6 T M M 11.0 25 230 M M 0 34 210
8 78 59 69 1 0 4 0.00 M M 8.7 18 260 M M 4 1 25 290
9 73 52 63 -4 2 0 0.00 0.0 0 6.2 18 310 M M 3 27 290
10 77 49 63 -4 2 0 0.00 0.0 0 3.0 8 170 M M 0 11 240
11 82 56 69 2 0 4 0.00 0.0 0 11.7 22 210 M M 2 32 180
12 87 68 78 12 0 13 0.00 0.0 0 13.3 24 250 M M 0 32 260
13 86 67 77 11 0 12 0.00 0.0 0 8.9 16 240 M M 0 22 230
14 89 67 78 12 0 13 0.16 0.0 0 11.9 24 220 M M 3 138 34 200
15 76 59 68 3 0 3 0.07 0.0 0 5.8 12 340 M M 5 13 15 210
16 83 53 68 3 0 3 0.00 M M 4.5 10 60 M M 1 12 17 40
17 86 56 71 6 0 6 0.00 M M 3.6 9 240 M M 0 1 13 220
18 87 62 75 11 0 10 0.00 M M 4.4 13 20 M M 1 1 19 20
19 90 61 76 12 0 11 0.00 M M 4.6 12 80 M M 1 16 70
20 79 69 74 10 0 9 0.04 M M 9.2 17 170 M M 6 1 23 160
21 73 63 68 5 0 3 0.07 M M 9.5 21 340 M M 8 1 32 320
22 63 50 57 -6 8 0 2.33 M M 16.0 26 20 M M 10 1 41 10
23 58 48 53 -10 12 0 0.84 M M 15.6 31 260 M M 10 1 42 260
24 74 49 62 0 3 0 0.00 M M 9.9 17 250 M M 2 24 260
25 68 49 59 -3 6 0 M M M 9.1 18 290 M M 4 1 42 280
26 77 49 63 1 2 0 M M M 11.0 22 230 M M 0 30 250
27 87 60 74 13 0 9 M M M 14.9 26 240 M M 1 37 220
28 77 52 65 4 0 0 0.00 M M 5.7 12 70 M M 2 1 19 40
29 77 49 63 3 2 0 0.00 M M 5.2 10 100 M M 0 16 110
30 77 50 64 4 1 0 0.00 M M 6.0 12 120 M M 0 15 120
================================================================================
SM 2351 1699 38 122 3.87 0.0 248.3 M 80
================================================================================
AV 78.4 56.6 8.3 FASTST M M 3 MAX(MPH)
MISC ----> 31 260 # 42 260
================================================================================
NOTES:
# LAST OF SEVERAL OCCURRENCES
COLUMN 17 PEAK WIND IN M.P.H.
PRELIMINARY LOCAL CLIMATOLOGICAL DATA (WS FORM: F-6) , PAGE 2
STATION: LIMA
MONTH: SEPTEMBER
YEAR: 2021
LATITUDE: 40 42 N
LONGITUDE: 84 1 W
[TEMPERATURE DATA] [PRECIPITATION DATA] SYMBOLS USED IN COLUMN 16
AVERAGE MONTHLY: 67.5 TOTAL FOR MONTH: 3.87 1 = FOG OR MIST
DPTR FM NORMAL: 2.5 DPTR FM NORMAL: 1.02 2 = FOG REDUCING VISIBILITY
HIGHEST: 90 ON 19 GRTST 24HR 2.49 ON 22-23 TO 1/4 MILE OR LESS
LOWEST: 48 ON 23 3 = THUNDER
SNOW, ICE PELLETS, HAIL 4 = ICE PELLETS
TOTAL MONTH: 0.0 INCH 5 = HAIL
GRTST 24HR 0.0 6 = FREEZING RAIN OR DRIZZLE
GRTST DEPTH: 0 7 = DUSTSTORM OR SANDSTORM:
VSBY 1/2 MILE OR LESS
8 = SMOKE OR HAZE
[NO. OF DAYS WITH] [WEATHER - DAYS WITH] 9 = BLOWING SNOW
X = TORNADO
MAX 32 OR BELOW: 0 0.01 INCH OR MORE: 7
MAX 90 OR ABOVE: 1 0.10 INCH OR MORE: 4
MIN 32 OR BELOW: 0 0.50 INCH OR MORE: 2
MIN 0 OR BELOW: 0 1.00 INCH OR MORE: 1
[HDD (BASE 65) ]
TOTAL THIS MO. 38 CLEAR (SCALE 0-3) 21
DPTR FM NORMAL -52 PTCLDY (SCALE 4-7) 5
TOTAL FM JUL 1 38 CLOUDY (SCALE 8-10) 4
DPTR FM NORMAL -63
[CDD (BASE 65) ]
TOTAL THIS MO. 122
DPTR FM NORMAL 31 [PRESSURE DATA]
TOTAL FM JAN 1 1073 HIGHEST SLP M ON M
DPTR FM NORMAL 243 LOWEST SLP 29.73 ON 8
[REMARKS]
#FINAL-09-21#