000
CXUS56 KMTR 011100
CF6APC
PRELIMINARY LOCAL CLIMATOLOGICAL DATA (WS FORM: F-6)
STATION: NAPA AIRPORT
MONTH: FEBRUARY
YEAR: 2022
LATITUDE: 38 13 N
LONGITUDE: 122 17 W
TEMPERATURE IN F: :PCPN: SNOW: WIND :SUNSHINE: SKY :PK WND
================================================================================
1 2 3 4 5 6A 6B 7 8 9 10 11 12 13 14 15 16 17 18
12Z AVG MX 2MIN
DY MAX MIN AVG DEP HDD CDD WTR SNW DPTH SPD SPD DIR MIN PSBL S-S WX SPD DR
================================================================================
1 62 31 47 -2 18 0 0.00 M M 11.0 33 20 M M 0 12 42 20
2 63 42 53 4 12 0 0.00 M M 12.3 29 360 M M 0 35 360
3 62 30 46 -3 19 0 0.00 M M 2.5 9 80 M M 0 11 80
4 62 31 47 -2 18 0 0.00 M M 5.8 16 100 M M 0 1 21 100
5 62 34 48 -1 17 0 0.00 M M 2.3 8 240 M M 0 18 9 240
6 66 28 47 -3 18 0 0.00 M M 2.5 9 120 M M 0 1 11 130
7 69 32 51 1 14 0 0.00 M M 2.3 13 120 M M 0 1 15 120
8 70 32 51 1 14 0 0.00 M M 2.2 10 220 M M 0 128 12 210
9 73 33 53 3 12 0 0.00 M M 1.9 10 120 M M 0 1 13 120
10 72 37 55 5 10 0 0.00 M M 2.7 13 90 M M 0 16 90
11 74 37 56 6 9 0 0.00 M M 2.4 9 100 M M 0 1 11 90
12 73 39 56 6 9 0 0.00 M M 5.7 21 80 M M 0 1 26 90
13 75 38 57 7 8 0 0.00 M M 4.1 14 100 M M 0 17 100
14 58 44 51 1 14 0 0.00 M M 10.3 21 250 M M 5 128 27 250
15 62 32 47 -4 18 0 0.00 M M 10.6 24 20 M M 0 29 10
16 72 40 56 5 9 0 0.00 M M 7.6 25 10 M M 0 8 31 10
17 69 38 54 3 11 0 0.00 M M 6.9 18 10 M M 0 25 360
18 67 34 51 0 14 0 0.00 M M 2.4 9 130 M M 0 13 120
19 67 34 51 0 14 0 0.00 M M 3.1 9 240 M M 0 10 200
20 58 37 48 -3 17 0 0.00 M M 7.6 24 240 M M 3 12 31 230
21 58 30 44 -7 21 0 T M M 10.0 26 270 M M 2 32 270
22 53 32 43 -8 22 0 0.56 M M 6.2 23 40 M M 3 1 29 30
23 56 28 42 -9 23 0 0.00 M M 4.6 15 260 M M 0 18 330
24 56 24 40 -12 25 0 0.00 M M 3.9 13 280 M M 0 16 280
25 59 26 43 -9 22 0 0.00 M M 4.2 14 290 M M 0 17 280
26 59 28 44 -8 21 0 0.00 M M 2.9 10 120 M M 1 13 120
27 67 35 51 -1 14 0 0.00 M M 4.7 12 30 M M 0 17 30
28 70 35 53 1 12 0 0.00 M M 3.7 15 270 M M 0 19 270
================================================================================
SM 1814 941 435 0 0.56 M 146.4 M 14
================================================================================
AV 64.8 33.6 5.2 FASTST M M 1 MAX(MPH)
MISC ----> 33 20 42 20
================================================================================
NOTES:
# LAST OF SEVERAL OCCURRENCES
COLUMN 17 PEAK WIND IN M.P.H.
PRELIMINARY LOCAL CLIMATOLOGICAL DATA (WS FORM: F-6) , PAGE 2
STATION: NAPA AIRPORT
MONTH: FEBRUARY
YEAR: 2022
LATITUDE: 38 13 N
LONGITUDE: 122 17 W
[TEMPERATURE DATA] [PRECIPITATION DATA] SYMBOLS USED IN COLUMN 16
AVERAGE MONTHLY: 49.2 TOTAL FOR MONTH: 0.56 1 = FOG OR MIST
DPTR FM NORMAL: -1.2 DPTR FM NORMAL: -3.39 2 = FOG REDUCING VISIBILITY
HIGHEST: 75 ON 13 GRTST 24HR 0.56 ON 22-22 TO 1/4 MILE OR LESS
LOWEST: 24 ON 24 3 = THUNDER
SNOW, ICE PELLETS, HAIL 4 = ICE PELLETS
TOTAL MONTH: M 5 = HAIL
GRTST 24HR M ON M 6 = FREEZING RAIN OR DRIZZLE
GRTST DEPTH: M ON M 7 = DUSTSTORM OR SANDSTORM:
VSBY 1/2 MILE OR LESS
8 = SMOKE OR HAZE
[NO. OF DAYS WITH] [WEATHER - DAYS WITH] 9 = BLOWING SNOW
X = TORNADO
MAX 32 OR BELOW: 0 0.01 INCH OR MORE: 1
MAX 90 OR ABOVE: 0 0.10 INCH OR MORE: 1
MIN 32 OR BELOW: 13 0.50 INCH OR MORE: 1
MIN 0 OR BELOW: 0 1.00 INCH OR MORE: 0
[HDD (BASE 65) ]
TOTAL THIS MO. 435 CLEAR (SCALE 0-3) 27
DPTR FM NORMAL 28 PTCLDY (SCALE 4-7) 1
TOTAL FM JUL 1 2072 CLOUDY (SCALE 8-10) 0
DPTR FM NORMAL -24
[CDD (BASE 65) ]
TOTAL THIS MO. 0
DPTR FM NORMAL 0 [PRESSURE DATA]
TOTAL FM JAN 1 0 HIGHEST SLP 30.42 ON 4
DPTR FM NORMAL 0 LOWEST SLP 29.83 ON 20
[REMARKS]
#FINAL-02-22#