000
CXUS52 KMFL 011030
CF6APF
PRELIMINARY LOCAL CLIMATOLOGICAL DATA (WS FORM: F-6)
STATION: NAPLES
MONTH: OCTOBER
YEAR: 2021
LATITUDE: 26 8 N
LONGITUDE: 81 46 W
TEMPERATURE IN F: :PCPN: SNOW: WIND :SUNSHINE: SKY :PK WND
================================================================================
1 2 3 4 5 6A 6B 7 8 9 10 11 12 13 14 15 16 17 18
12Z AVG MX 2MIN
DY MAX MIN AVG DEP HDD CDD WTR SNW DPTH SPD SPD DIR MIN PSBL S-S WX SPD DR
================================================================================
1 90 74 82 1 0 17 0.06 0.0 M 8.4 23 120 M M 3 13 27 110
2 91 73 82 1 0 17 0.00 0.0 0 10.2 18 80 M M 1 23 90
3 89 72 81 0 0 16 0.16 0.0 M 7.9 16 80 M M 3 13 22 100
4 89 71 80 -1 0 15 0.00 0.0 0 6.3 13 270 M M 1 15 270
5 89 74 82 2 0 17 0.28 0.0 0 6.0 14 240 M M 4 18 21 260
6 90 74 82 2 0 17 0.16 0.0 0 6.0 14 160 M M 2 38 18 160
7 91 73 82 2 0 17 1.88 0.0 0 6.4 20 140 M M 3 138 24 140
8 87 74 81 1 0 16 T 0.0 0 4.9 17 80 M M 1 20 80
9 87 73 80 0 0 15 0.42 0.0 0 5.7 18 60 M M 3 138 24 70
10 88 70 79 -1 0 14 0.00 0.0 0 5.6 14 60 M M 5 18 17 70
11 89 72 81 1 0 16 0.00 0.0 M 5.7 14 290 M M 1 16 300
12 91 74 83 4 0 18 T M M 5.7 20 100 M M 4 1 32 120
13 90 73 82 3 0 17 0.00 0.0 M 6.6 15 170 M M 2 20 160
14 91 75 83 4 0 18 0.00 0.0 0 6.1 13 70 M M 1 15 70
15 91 74 83 4 0 18 0.00 0.0 0 6.1 13 300 M M 2 16 300
16 87 74 81 2 0 16 0.00 0.0 0 5.7 14 280 M M 1 17 280
17 89 74 82 4 0 17 0.00 0.0 0 6.3 15 50 M M 1 18 60
18 86 68 77 -1 0 12 0.00 0.0 0 10.8 20 80 M M 1 26 70
19 87 68 78 0 0 13 0.00 0.0 0 8.6 17 100 M M 1 24 70
20 88 70 79 1 0 14 0.00 0.0 0 9.9 18 50 M M 3 23 100
21 91 69 80 2 0 15 0.00 0.0 0 7.7 16 80 M M 2 20 90
22 88 72 80 3 0 15 0.00 0.0 0 5.6 15 100 M M 1 1 17 110
23 89 73 81 4 0 16 0.00 0.0 0 7.3 14 30 M M 2 16 30
24 84 75 80 3 0 15 0.01 0.0 M 4.4 14 90 M M 2 17 80
25 86 76 81 4 0 16 0.20 0.0 0 8.2 18 240 M M 4 1 22 240
26 86 78 82 5 0 17 0.00 0.0 0 8.5 15 290 M M 3 19 280
27 85 72 79 3 0 14 0.00 0.0 0 4.6 12 260 M M 2 15 250
28 88 76 82 6 0 17 1.19 0.0 0 11.8 24 210 M M 5 13 31 210
29 85 78 82 6 0 17 T 0.0 0 14.9 23 270 M M 9 30 270
30 81 71 76 0 0 11 0.01 0.0 0 12.8 25 290 M M 7 36 290
31 81 68 75 0 0 10 T 0.0 0 5.9 15 290 M M 5 19 290
================================================================================
SM 2724 2258 0 483 4.37 0.0 230.6 M 85
================================================================================
AV 87.9 72.8 7.4 FASTST M M 3 MAX(MPH)
MISC ----> 25 290 36 290
================================================================================
NOTES:
# LAST OF SEVERAL OCCURRENCES
COLUMN 17 PEAK WIND IN M.P.H.
PRELIMINARY LOCAL CLIMATOLOGICAL DATA (WS FORM: F-6) , PAGE 2
STATION: NAPLES
MONTH: OCTOBER
YEAR: 2021
LATITUDE: 26 8 N
LONGITUDE: 81 46 W
[TEMPERATURE DATA] [PRECIPITATION DATA] SYMBOLS USED IN COLUMN 16
AVERAGE MONTHLY: 80.4 TOTAL FOR MONTH: 4.37 1 = FOG OR MIST
DPTR FM NORMAL: 1.9 DPTR FM NORMAL: 0.44 2 = FOG REDUCING VISIBILITY
HIGHEST: 91 ON 21,15 GRTST 24HR 1.88 ON 7- 7 TO 1/4 MILE OR LESS
LOWEST: 68 ON 31,19 3 = THUNDER
SNOW, ICE PELLETS, HAIL 4 = ICE PELLETS
TOTAL MONTH: 0.0 INCH 5 = HAIL
GRTST 24HR 0.0 6 = FREEZING RAIN OR DRIZZLE
GRTST DEPTH: 0 7 = DUSTSTORM OR SANDSTORM:
VSBY 1/2 MILE OR LESS
8 = SMOKE OR HAZE
[NO. OF DAYS WITH] [WEATHER - DAYS WITH] 9 = BLOWING SNOW
X = TORNADO
MAX 32 OR BELOW: 0 0.01 INCH OR MORE: 10
MAX 90 OR ABOVE: 9 0.10 INCH OR MORE: 7
MIN 32 OR BELOW: 0 0.50 INCH OR MORE: 2
MIN 0 OR BELOW: 0 1.00 INCH OR MORE: 2
[HDD (BASE 65) ]
TOTAL THIS MO. 0 CLEAR (SCALE 0-3) 21
DPTR FM NORMAL -1 PTCLDY (SCALE 4-7) 9
TOTAL FM JUL 1 0 CLOUDY (SCALE 8-10) 1
DPTR FM NORMAL 0
[CDD (BASE 65) ]
TOTAL THIS MO. 483
DPTR FM NORMAL 64 [PRESSURE DATA]
TOTAL FM JAN 1 3978 HIGHEST SLP 30.17 ON 20
DPTR FM NORMAL 272 LOWEST SLP 29.69 ON 30
[REMARKS]
#FINAL-10-21#