000
CXUS53 KAPX 010730
CF6APN
PRELIMINARY LOCAL CLIMATOLOGICAL DATA (WS FORM: F-6)
STATION: ALPENA MI
MONTH: MAY
YEAR: 2023
LATITUDE: 45 4 N
LONGITUDE: 83 34 W
TEMPERATURE IN F: :PCPN: SNOW: WIND :SUNSHINE: SKY :PK WND
================================================================================
1 2 3 4 5 6A 6B 7 8 9 10 11 12 13 14 15 16 17 18
12Z AVG MX 2MIN
DY MAX MIN AVG DEP HDD CDD WTR SNW DPTH SPD SPD DIR MIN PSBL S-S WX SPD DR
================================================================================
1 46 36 41 -7 24 0 0.21 0.0 0 8.2 15 270 M M 10 1 25 250
2 43 35 39 -9 26 0 0.16 T 0 10.5 20 340 M M 10 1 29 330
3 57 42 50 2 15 0 0.00 0.0 0 14.4 22 330 M M 8 32 330
4 62 35 49 0 16 0 0.00 0.0 0 4.9 15 140 M M 2 30 60
5 50 37 44 -5 21 0 0.01 0.0 0 5.8 14 140 M M 9 23 140
6 64 45 55 5 10 0 T 0.0 0 7.9 17 140 M M 6 26 140
7 52 43 48 -2 17 0 0.50 0.0 0 7.6 20 120 M M 9 1 30 110
8 62 40 51 1 14 0 0.00 0.0 0 4.4 13 60 M M 2 12 18 50
9 68 36 52 1 13 0 0.00 0.0 0 3.3 15 110 M M 0 20 120
10 75 38 57 6 8 0 0.00 0.0 0 4.1 15 90 M M 1 19 100
11 80 48 64 12 1 0 0.00 0.0 0 3.5 15 130 M M 3 18 130
12 77 48 63 11 2 0 0.00 0.0 0 3.8 12 120 M M 1 17 120
13 70 47 59 7 6 0 0.00 0.0 0 6.6 16 40 M M 0 21 40
14 62 35 49 -4 16 0 0.00 0.0 0 5.3 14 50 M M 0 20 40
15 76 33 55 2 10 0 0.00 0.0 0 5.9 16 320 M M 0 24 250
16 69 39 54 0 11 0 0.00 0.0 0 10.8 23 10 M M 0 31 350
17 48 28 38 -16 27 0 0.00 0.0 0 6.3 14 130 M M 2 23 130
18 56 26 41 -13 24 0 0.00 0.0 0 7.5 16 110 M M 0 22 110
19 69 40 55 0 10 0 0.02 0.0 0 6.1 21 320 M M 5 34 330
20 68 47 58 3 7 0 0.02 0.0 0 7.9 20 320 M M 7 1 29 320
21 74 42 58 3 7 0 0.00 0.0 0 5.5 16 360 M M 0 22 10
22 63 38 51 -5 14 0 0.00 0.0 0 5.8 16 100 M M 1 23 120
23 81 41 61 5 4 0 0.00 0.0 0 4.8 15 350 M M 0 8 20 210
24 58 38 48 -8 17 0 0.00 0.0 0 10.6 22 20 M M 3 30 30
25 61 30 46 -11 19 0 0.00 0.0 0 4.4 14 150 M M 0 20 100
26 73 30 52 -5 13 0 0.00 0.0 0 3.7 15 100 M M 0 20 100
27 77 36 57 0 8 0 0.00 0.0 0 4.3 17 110 M M 0 22 110
28 80 40 60 2 5 0 0.00 0.0 0 3.2 13 120 M M 0 18 90
29 85 41 63 5 2 0 0.00 0.0 0 3.5 13 110 M M 0 17 90
30 87 45 66 8 0 1 0.00 0.0 0 5.6 17 110 M M 0 22 110
31 90 51 71 12 0 6 0.00 0.0 0 5.5 20 130 M M 1 27 130
================================================================================
SM 2083 1210 367 7 0.92 T 191.7 M 80
================================================================================
AV 67.2 39.0 6.2 FASTST M M 3 MAX(MPH)
MISC ----> 23 10 34 330
================================================================================
NOTES:
# LAST OF SEVERAL OCCURRENCES
COLUMN 17 PEAK WIND IN M.P.H.
PRELIMINARY LOCAL CLIMATOLOGICAL DATA (WS FORM: F-6) , PAGE 2
STATION: ALPENA MI
MONTH: MAY
YEAR: 2023
LATITUDE: 45 4 N
LONGITUDE: 83 34 W
[TEMPERATURE DATA] [PRECIPITATION DATA] SYMBOLS USED IN COLUMN 16
AVERAGE MONTHLY: 53.1 TOTAL FOR MONTH: 0.92 1 = FOG OR MIST
DPTR FM NORMAL: -0.3 DPTR FM NORMAL: -1.86 2 = FOG REDUCING VISIBILITY
HIGHEST: 90 ON 31 GRTST 24HR 0.50 ON 6- 7 TO 1/4 MILE OR LESS
LOWEST: 26 ON 18 3 = THUNDER
SNOW, ICE PELLETS, HAIL 4 = ICE PELLETS
TOTAL MONTH: T 5 = HAIL
GRTST 24HR T ON 2- 2 6 = FREEZING RAIN OR DRIZZLE
GRTST DEPTH: 0 7 = DUSTSTORM OR SANDSTORM:
VSBY 1/2 MILE OR LESS
8 = SMOKE OR HAZE
[NO. OF DAYS WITH] [WEATHER - DAYS WITH] 9 = BLOWING SNOW
X = TORNADO
MAX 32 OR BELOW: 0 0.01 INCH OR MORE: 6
MAX 90 OR ABOVE: 1 0.10 INCH OR MORE: 3
MIN 32 OR BELOW: 4 0.50 INCH OR MORE: 1
MIN 0 OR BELOW: 0 1.00 INCH OR MORE: 0
[HDD (BASE 65) ]
TOTAL THIS MO. 367 CLEAR (SCALE 0-3) 23
DPTR FM NORMAL -10 PTCLDY (SCALE 4-7) 4
TOTAL FM JUL 1 6940 CLOUDY (SCALE 8-10) 4
DPTR FM NORMAL -784
[CDD (BASE 65) ]
TOTAL THIS MO. 7
DPTR FM NORMAL -8 [PRESSURE DATA]
TOTAL FM JAN 1 9 HIGHEST SLP 30.54 ON 14
DPTR FM NORMAL -7 LOWEST SLP 29.08 ON 1
[REMARKS]
#FINAL-05-23#