000
CXUS53 KAPX 010730
CF6APX
PRELIMINARY LOCAL CLIMATOLOGICAL DATA (WS FORM: F-6)
STATION: GAYLORD WFO
MONTH: JULY
YEAR: 2023
LATITUDE: 45 4 N
LONGITUDE: 84 43 W
TEMPERATURE IN F: :PCPN: SNOW: WIND :SUNSHINE: SKY :PK WND
================================================================================
1 2 3 4 5 6A 6B 7 8 9 10 11 12 13 14 15 16 17 18
12Z AVG MX 2MIN
DY MAX MIN AVG DEP HDD CDD WTR SNW DPTH SPD SPD DIR MIN PSBL S-S WX SPD DR
================================================================================
1 84 60 72 6 0 7 0.00 0.0 0 M M M M M M M M
2 82 60 71 5 0 6 0.00 0.0 0 M M M M M M M M
3 84 60 72 6 0 7 0.00 0.0 0 M M M M M M M M
4 89 60 75 8 0 10 T 0.0 0 M M M M M M M M
5 84 65 75 8 0 10 0.21 0.0 0 M M M M M M 3 M M
6 73 51 62 -5 3 0 0.40 0.0 0 M M M M M M 1 M M
7 72 47 60 -7 5 0 0.00 0.0 0 M M M M M M M M
8 68 55 62 -5 3 0 0.12 0.0 0 M M M M M M M M
9 75 54 65 -2 0 0 0.00 0.0 0 M M M M M M M M
10 86 58 72 5 0 7 0.00 0.0 0 M M M M M M M M
11 70 51 61 -6 4 0 0.02 0.0 0 M M M M M M M M
12 68 51 60 -7 5 0 T 0.0 0 M M M M M M M M
13 73 51 62 -5 3 0 T 0.0 0 M M M M M M M M
14 79 52 66 -1 0 1 0.23 0.0 0 M M M M M M 38 M M
15 78 61 70 3 0 5 0.02 0.0 0 M M M M M M M M
16 74 56 65 -2 0 0 0.09 0.0 0 M M M M M M M M
17 72 55 64 -3 1 0 T 0.0 0 M M M M M M M M
18 73 50 62 -5 3 0 0.00 0.0 0 M M M M M M M M
19 79 55 67 0 0 2 0.02 0.0 0 M M M M M M M M
20 74 62 68 1 0 3 0.78 0.0 0 M M M M M M M M
21 75 55 65 -2 0 0 0.00 0.0 0 M M M M M M M M
22 78 51 65 -2 0 0 0.00 0.0 0 M M M M M M M M
23 77 56 67 0 0 2 0.57 0.0 0 M M M M M M 1 M M
24 78 57 68 1 0 3 0.00 0.0 0 M M M M M M M M
25 80 55 68 1 0 3 0.00 0.0 0 M M M M M M M M
26 79 65 72 5 0 7 0.35 0.0 0 M M M M M M M M
27 84 64 74 7 0 9 0.00 0.0 0 M M M M M M M M
28 83 64 74 7 0 9 0.02 0.0 0 M M M M M M M M
29 75 57 66 -1 0 1 0.34 0.0 0 M M M M M M M M
30 71 48 60 -7 5 0 0.00 0.0 0 M M M M M M M M
31 73 54 64 -3 1 0 0.00 0.0 0 M M M M M M M M
================================================================================
SM 2390 1740 33 92 3.17 0.0 M M M
================================================================================
AV 77.1 56.1 M FASTST M M M MAX(MPH)
MISC ----> M M M M
================================================================================
NOTES:
# LAST OF SEVERAL OCCURRENCES
COLUMN 17 PEAK WIND IN M.P.H.
PRELIMINARY LOCAL CLIMATOLOGICAL DATA (WS FORM: F-6) , PAGE 2
STATION: GAYLORD WFO
MONTH: JULY
YEAR: 2023
LATITUDE: 45 4 N
LONGITUDE: 84 43 W
[TEMPERATURE DATA] [PRECIPITATION DATA] SYMBOLS USED IN COLUMN 16
AVERAGE MONTHLY: 66.6 TOTAL FOR MONTH: 3.17 1 = FOG OR MIST
DPTR FM NORMAL: -0.5 DPTR FM NORMAL: 0.31 2 = FOG REDUCING VISIBILITY
HIGHEST: 89 ON 4 GRTST 24HR 0.78 ON 20-20 TO 1/4 MILE OR LESS
LOWEST: 47 ON 7 3 = THUNDER
SNOW, ICE PELLETS, HAIL 4 = ICE PELLETS
TOTAL MONTH: 0.0 INCH 5 = HAIL
GRTST 24HR 0.0 6 = FREEZING RAIN OR DRIZZLE
GRTST DEPTH: 0 7 = DUSTSTORM OR SANDSTORM:
VSBY 1/2 MILE OR LESS
8 = SMOKE OR HAZE
[NO. OF DAYS WITH] [WEATHER - DAYS WITH] 9 = BLOWING SNOW
X = TORNADO
MAX 32 OR BELOW: 0 0.01 INCH OR MORE: 13
MAX 90 OR ABOVE: 0 0.10 INCH OR MORE: 8
MIN 32 OR BELOW: 0 0.50 INCH OR MORE: 2
MIN 0 OR BELOW: 0 1.00 INCH OR MORE: 0
[HDD (BASE 65) ]
TOTAL THIS MO. 33 CLEAR (SCALE 0-3) 0
DPTR FM NORMAL -17 PTCLDY (SCALE 4-7) 0
TOTAL FM JUL 1 33 CLOUDY (SCALE 8-10) 31
DPTR FM NORMAL -19
[CDD (BASE 65) ]
TOTAL THIS MO. 92
DPTR FM NORMAL -23 [PRESSURE DATA]
TOTAL FM JAN 1 205 HIGHEST SLP M ON M
DPTR FM NORMAL 4 LOWEST SLP M ON M
[REMARKS]
#FINAL-07-23#