000
CXUS53 KAPX 011242
CF6APX
PRELIMINARY LOCAL CLIMATOLOGICAL DATA (WS FORM: F-6)
STATION: GAYLORD WFO
MONTH: SEPTEMBER
YEAR: 2021
LATITUDE: 45 4 N
LONGITUDE: 84 43 W
TEMPERATURE IN F: :PCPN: SNOW: WIND :SUNSHINE: SKY :PK WND
================================================================================
1 2 3 4 5 6A 6B 7 8 9 10 11 12 13 14 15 16 17 18
12Z AVG MX 2MIN
DY MAX MIN AVG DEP HDD CDD WTR SNW DPTH SPD SPD DIR MIN PSBL S-S WX SPD DR
================================================================================
1 71 52 62 -2 3 0 0.00 0.0 0 M M M M M M M M
2 71 49 60 -3 5 0 0.00 0.0 0 M M M M M M M M
3 70 49 60 -3 5 0 0.00 0.0 0 M M M M M M M M
4 67 59 63 0 2 0 0.08 0.0 0 M M M M M M M M
5 69 53 61 -1 4 0 0.59 0.0 0 M M M M M M M M
6 67 48 58 -4 7 0 0.01 0.0 0 M M M M M M M M
7 66 48 57 -5 8 0 0.45 0.0 0 M M M M M M 3 M M
8 63 53 58 -4 7 0 0.30 0.0 0 M M M M M M M M
9 65 51 58 -3 7 0 0.03 0.0 0 M M M M M M M M
10 73 47 60 -1 5 0 0.00 0.0 0 M M M M M M M M
11 79 56 68 7 0 3 0.00 0.0 0 M M M M M M M M
12 70 50 60 0 5 0 T 0.0 0 M M M M M M M M
13 69 47 58 -2 7 0 0.00 0.0 0 M M M M M M M M
14 77 54 66 6 0 1 T 0.0 0 M M M M M M M M
15 68 48 58 -1 7 0 T 0.0 0 M M M M M M M M
16 74 47 61 2 4 0 0.00 0.0 0 M M M M M M M M
17 81 55 68 10 0 3 0.00 0.0 0 M M M M M M M M
18 71 46 59 1 6 0 0.00 0.0 0 M M M M M M M M
19 77 49 63 5 2 0 0.00 0.0 M M M M M M M M M
20 73 61 67 10 0 2 0.11 0.0 0 M M M M M M M M
21 68 51 60 3 5 0 0.18 0.0 0 M M M M M M M M
22 54 47 51 -5 14 0 0.00 0.0 0 M M M M M M M M
23 47 42 45 -11 20 0 0.73 0.0 0 M M M M M M M M
24 68 45 57 1 8 0 0.07 0.0 0 M M M M M M M M
25 59 46 53 -2 12 0 0.17 0.0 0 M M M M M M M M
26 67 44 56 1 9 0 0.04 0.0 0 M M M M M M M M
27 64 46 55 1 10 0 0.00 0.0 0 M M M M M M M M
28 66 43 55 1 10 0 0.00 0.0 0 M M M M M M M M
29 71 46 59 6 6 0 0.00 0.0 0 M M M M M M M M
30 71 47 59 6 6 0 0.00 0.0 0 M M M M M M M M
================================================================================
SM 2056 1479 184 9 2.76 0.0 M M M
================================================================================
AV 68.5 49.3 M FASTST M M M MAX(MPH)
MISC ----> M M M M
================================================================================
NOTES:
# LAST OF SEVERAL OCCURRENCES
COLUMN 17 PEAK WIND IN M.P.H.
PRELIMINARY LOCAL CLIMATOLOGICAL DATA (WS FORM: F-6) , PAGE 2
STATION: GAYLORD WFO
MONTH: SEPTEMBER
YEAR: 2021
LATITUDE: 45 4 N
LONGITUDE: 84 43 W
[TEMPERATURE DATA] [PRECIPITATION DATA] SYMBOLS USED IN COLUMN 16
AVERAGE MONTHLY: 58.9 TOTAL FOR MONTH: 2.76 1 = FOG OR MIST
DPTR FM NORMAL: 0.1 DPTR FM NORMAL: -0.89 2 = FOG REDUCING VISIBILITY
HIGHEST: 81 ON 17 GRTST 24HR 0.73 ON 23-23 TO 1/4 MILE OR LESS
LOWEST: 42 ON 23 3 = THUNDER
SNOW, ICE PELLETS, HAIL 4 = ICE PELLETS
TOTAL MONTH: 0.0 INCH 5 = HAIL
GRTST 24HR 0.0 6 = FREEZING RAIN OR DRIZZLE
GRTST DEPTH: 0 7 = DUSTSTORM OR SANDSTORM:
VSBY 1/2 MILE OR LESS
8 = SMOKE OR HAZE
[NO. OF DAYS WITH] [WEATHER - DAYS WITH] 9 = BLOWING SNOW
X = TORNADO
MAX 32 OR BELOW: 0 0.01 INCH OR MORE: 12
MAX 90 OR ABOVE: 0 0.10 INCH OR MORE: 7
MIN 32 OR BELOW: 0 0.50 INCH OR MORE: 2
MIN 0 OR BELOW: 0 1.00 INCH OR MORE: 0
[HDD (BASE 65) ]
TOTAL THIS MO. 184 CLEAR (SCALE 0-3) 0
DPTR FM NORMAL -36 PTCLDY (SCALE 4-7) 0
TOTAL FM JUL 1 251 CLOUDY (SCALE 8-10) 30
DPTR FM NORMAL -79
[CDD (BASE 65) ]
TOTAL THIS MO. 9
DPTR FM NORMAL -24 [PRESSURE DATA]
TOTAL FM JAN 1 402 HIGHEST SLP M ON M
DPTR FM NORMAL 81 LOWEST SLP M ON M
[REMARKS]
#FINAL-09-21#