000
CXUS55 KGJT 010910
CF6ASE
PRELIMINARY LOCAL CLIMATOLOGICAL DATA (WS FORM: F-6)
STATION: ASPEN CO
MONTH: APRIL
YEAR: 2023
LATITUDE: 39 13 N
LONGITUDE: 106 52 W
TEMPERATURE IN F: :PCPN: SNOW: WIND :SUNSHINE: SKY :PK WND
================================================================================
1 2 3 4 5 6A 6B 7 8 9 10 11 12 13 14 15 16 17 18
12Z AVG MX 2MIN
DY MAX MIN AVG DEP HDD CDD WTR SNW DPTH SPD SPD DIR MIN PSBL S-S WX SPD DR
================================================================================
1 50 15 33 -5 32 0 0.00 M M 5.9 21 160 M M 2 28 170
2 50 27 39 1 26 0 0.00 M M 6.1 20 300 M M 2 34 250
3 50 33 42 4 23 0 T M M 12.6 28 170 M M 4 43 170
4 34 16 25 -14 40 0 0.01 M M 9.2 21 250 M M 9 189 28 340
5 27 12 20 -19 45 0 0.01 M M 3.7 13 320 M M 9 18 20 330
6 39 5 22 -17 43 0 0.00 M M 5.8 12 330 M M 0 16 320
7 51 12 32 -7 33 0 0.00 M M 5.8 16 290 M M 1 25 300
8 50 30 40 0 25 0 0.00 M M 7.0 18 180 M M 5 26 170
9 52 26 39 -1 26 0 0.00 M M 6.3 15 330 M M 0 8 22 330
10 62 26 44 4 21 0 0.00 M M 6.3 12 190 M M 0 16 190
11 66 26 46 6 19 0 0.00 M M 6.0 15 170 M M 0 23 230
12 65 37 51 11 14 0 0.00 M M 8.6 26 190 M M 3 39 200
13 60 39 50 9 15 0 0.00 M M 9.9 24 230 M M 5 32 160
14 44 26 35 -6 30 0 0.11 M M 5.6 20 270 M M 9 128 28 330
15 40 16 28 -13 37 0 0.01 M M 7.2 17 360 M M 5 18 25 330
16 54 20 37 -4 28 0 0.00 M M 5.9 15 350 M M 0 24 360
17 60 27 44 2 21 0 0.00 M M 6.0 16 210 M M 0 32 240
18 59 31 45 3 20 0 0.00 M M 8.3 28 170 M M 4 41 170
19 40 22 31 -11 34 0 0.10 M M 5.9 18 340 M M 10 128 27 350
20 32 8 20 -22 45 0 0.02 M M 5.3 17 350 M M 7 18 29 360
21 33 11 22 -21 43 0 0.22 M M 5.0 10 150 M M 8 1 14 330
22 38 24 31 -12 34 0 0.02 M M 4.7 14 350 M M 10 1 20 320
23 51 25 38 -5 27 0 0.00 M M 5.8 14 320 M M 5 21 340
24 55 27 41 -2 24 0 0.21 M M 6.6 26 330 M M 6 1 36 330
25 42 23 33 -11 32 0 0.54 M M 5.4 17 330 M M 7 128 25 360
26 53 29 41 -3 24 0 0.01 M M 4.3 14 320 M M 6 128 19 340
27 56 31 44 0 21 0 0.08 M M 8.4 25 350 M M 6 13 42 330
28 51 29 40 -4 25 0 0.01 M M 6.9 18 270 M M 3 1 28 10
29 64 26 45 0 20 0 0.00 M M 7.4 18 330 M M 0 27 10
30 64 31 48 3 17 0 0.00 M M 7.6 22 350 M M 2 33 360
================================================================================
SM 1492 710 844 0 1.35 M 199.5 M 128
================================================================================
AV 49.7 23.7 6.6 FASTST M M 4 MAX(MPH)
MISC ----> # 28 170 43 170
================================================================================
NOTES:
# LAST OF SEVERAL OCCURRENCES
COLUMN 17 PEAK WIND IN M.P.H.
PRELIMINARY LOCAL CLIMATOLOGICAL DATA (WS FORM: F-6) , PAGE 2
STATION: ASPEN CO
MONTH: APRIL
YEAR: 2023
LATITUDE: 39 13 N
LONGITUDE: 106 52 W
[TEMPERATURE DATA] [PRECIPITATION DATA] SYMBOLS USED IN COLUMN 16
AVERAGE MONTHLY: 36.7 TOTAL FOR MONTH: 1.35 1 = FOG OR MIST
DPTR FM NORMAL: -4.6 DPTR FM NORMAL: -0.45 2 = FOG REDUCING VISIBILITY
HIGHEST: 66 ON 11 GRTST 24HR 0.68 ON 24-25 TO 1/4 MILE OR LESS
LOWEST: 5 ON 6 3 = THUNDER
SNOW, ICE PELLETS, HAIL 4 = ICE PELLETS
TOTAL MONTH: M 5 = HAIL
GRTST 24HR M ON M 6 = FREEZING RAIN OR DRIZZLE
GRTST DEPTH: M ON M 7 = DUSTSTORM OR SANDSTORM:
VSBY 1/2 MILE OR LESS
8 = SMOKE OR HAZE
[NO. OF DAYS WITH] [WEATHER - DAYS WITH] 9 = BLOWING SNOW
X = TORNADO
MAX 32 OR BELOW: 2 0.01 INCH OR MORE: 13
MAX 90 OR ABOVE: 0 0.10 INCH OR MORE: 5
MIN 32 OR BELOW: 27 0.50 INCH OR MORE: 1
MIN 0 OR BELOW: 0 1.00 INCH OR MORE: 0
[HDD (BASE 65) ]
TOTAL THIS MO. 844 CLEAR (SCALE 0-3) 13
DPTR FM NORMAL 134 PTCLDY (SCALE 4-7) 12
TOTAL FM JUL 1 8114 CLOUDY (SCALE 8-10) 5
DPTR FM NORMAL 612
[CDD (BASE 65) ]
TOTAL THIS MO. 0
DPTR FM NORMAL 0 [PRESSURE DATA]
TOTAL FM JAN 1 0 HIGHEST SLP M ON M
DPTR FM NORMAL 0 LOWEST SLP 29.10 ON 3
[REMARKS]
#FINAL-04-23#