000
CXUS56 KPQR 011633
CLMAST
CLIMATE REPORT
NATIONAL WEATHER SERVICE PORTLAND OREGON
833 AM PST FRI DEC 01 2023
...................................
...THE ASTORIA OR CLIMATE SUMMARY FOR THE MONTH OF NOVEMBER 2023...
CLIMATE NORMAL PERIOD 1991 TO 2020
CLIMATE RECORD PERIOD 1887 TO 2023
WEATHER OBSERVED NORMAL DEPART LAST YEAR`S
VALUE DATE(S) VALUE FROM VALUE DATE(S)
NORMAL
................................................................
TEMPERATURE (F)
HIGHEST 63 60 11/24
LOWEST 29 30 11/09
11/18
11/28
AVG. MAXIMUM 55.0 53.6 1.4 52.1
AVG. MINIMUM 39.2 40.2 -1.0 35.4
MEAN 47.1 46.9 0.2 43.7
DAYS MAX >= 90 0 0.0 0.0 0
DAYS MAX <= 32 0 0.1 -0.1 0
DAYS MIN <= 32 6 4.2 1.8 9
DAYS MIN <= 0 0 0.0 0.0 0
PRECIPITATION (INCHES)
RECORD
MAXIMUM 22.54 1937
MINIMUM 1.45 1976
TOTALS 10.90 11.05 -0.15 12.39
DAYS >= .01 18 21.1 -3.1 18
DAYS >= .10 14 16.6 -2.6 14
DAYS >= .50 9 7.9 1.1 9
DAYS >= 1.00 4 3.1 0.9 3
GREATEST
24 HR. TOTAL 2.11 11/01 TO 11/02
DEGREE DAYS
HEATING TOTAL 530 543 -13 631
SINCE 7/1 1095 1370 -275 MM
COOLING TOTAL 0 0 0 0
SINCE 1/1 70 22 48 MM
................................................................
WIND (MPH)
AVERAGE WIND SPEED 6.0
RESULTANT WIND SPEED/DIRECTION 2/110
HIGHEST WIND SPEED/DIRECTION 32/200 DATE 11/02
HIGHEST GUST SPEED/DIRECTION 48/210 DATE 11/02
SKY COVER
POSSIBLE SUNSHINE (PERCENT) MM
AVERAGE SKY COVER 0.37
NUMBER OF DAYS FAIR 14
NUMBER OF DAYS PC 7
NUMBER OF DAYS CLOUDY 6
AVERAGE RH (PERCENT) 80
WEATHER CONDITIONS. NUMBER OF DAYS WITH
THUNDERSTORM 1 MIXED PRECIP 0
HEAVY RAIN 7 RAIN 8
LIGHT RAIN 14 FREEZING RAIN 0
LT FREEZING RAIN 0 HAIL 0
HEAVY SNOW 0 SNOW 0
LIGHT SNOW 0 SLEET 0
FOG 17 FOG W/VIS <= 1/4 MILE 3
HAZE 6
- INDICATES NEGATIVE NUMBERS.
R INDICATES RECORD WAS SET OR TIED.
MM INDICATES DATA IS MISSING.
T INDICATES TRACE AMOUNT.
$$